This is the mail archive of the gcc-testresults@gcc.gnu.org mailing list for the GCC project.


Index Nav: [Date Index] [Subject Index] [Author Index] [Thread Index]
Message Nav: [Date Prev] [Date Next] [Thread Prev] [Thread Next]
Other format: [Raw text]

Results for 3.4.0 20040218 (prerelease) testsuite on alpha-unknown-linux-gnu


LAST_UPDATED: 
Native configuration is alpha-unknown-linux-gnu

		=== libffi tests ===


Running target unix

		=== libffi Summary ===

# of expected passes		212
# of unsupported tests		2
		=== libjava tests ===


Running target unix
FAIL: initexc execution - gij test
FAIL: initexc execution - gij test

		=== libjava Summary ===

# of expected passes		3258
# of unexpected failures	2
# of expected failures		10
# of untested testcases		10

		=== libstdc++-v3 check-abi Summary ===

# of added symbols:		 277
# of missing symbols:		 239
# of incompatible symbols:	 270

using: /home/doko/snap/gcc-snapshot-20040215/src/libstdc++-v3/config/abi/alpha-linux-gnu/baseline_symbols.txt

		=== libstdc++ tests ===


Running target unix
FAIL: 22_locale/num_get/get/char/5.cc execution test
FAIL: 22_locale/time_get/get_year/wchar_t/wrapped_locale.cc execution test
FAIL: 26_numerics/fabs_inline.cc (test for excess errors)
WARNING: 26_numerics/fabs_inline.cc compilation failed to produce executable

		=== libstdc++ Summary ===

# of expected passes		2552
# of unexpected failures	3
# of expected failures		3
		=== acats tests ===
FAIL:	c37213f
FAIL:	c37215f
FAIL:	c45624a
FAIL:	c45624b
FAIL:	c460010
FAIL:	c4a013a
FAIL:	cd2a83c
FAIL:	cd2a91c
FAIL:	cd30002
FAIL:	cxa5a03
FAIL:	cxg2002
FAIL:	cxg2017
FAIL:	cxg2020

		=== acats Summary ===
# of expected passes		1953
# of unexpected failures	13
# of unsupported tests		356

		=== g++ tests ===


Running target unix
WARNING: g++.old-deja/g++.mike/p10769a.C compilation failed to produce executable
WARNING: g++.old-deja/g++.other/enum5.C compilation failed to produce executable
XPASS: g++.old-deja/g++.other/init5.C execution test
WARNING: g++.old-deja/g++.pt/friend44.C compilation failed to produce executable

		=== g++ Summary ===

# of expected passes		9416
# of unexpected successes	1
# of expected failures		62
# of unsupported tests		69
/home/doko/snap/gcc-snapshot-20040215/build/gcc/testsuite/../g++ version 3.4.0 20040218 (prerelease)

		=== g77 tests ===


Running target unix

		=== g77 Summary ===

# of expected passes		1800
# of unsupported tests		6
/home/doko/snap/gcc-snapshot-20040215/build/gcc/testsuite/../g77 version 3.4.0 20040218 (prerelease)

		=== gcc tests ===


Running target unix
FAIL: gcc.dg/20040123-1.c scan-assembler abort
FAIL: gcc.dg/cleanup-11.c execution test
FAIL: gcc.dg/cleanup-9.c execution test

		=== gcc Summary ===

# of expected passes		24043
# of unexpected failures	3
# of expected failures		79
# of untested testcases		7
# of unsupported tests		295
/home/doko/snap/gcc-snapshot-20040215/build/gcc/xgcc version 3.4.0 20040218 (prerelease)

		=== objc tests ===


Running target unix

		=== objc Summary ===

# of expected passes		1341
# of unsupported tests		8
/home/doko/snap/gcc-snapshot-20040215/build/gcc/xgcc version 3.4.0 20040218 (prerelease)

		=== treelang tests ===


Running target unix

		=== treelang Summary ===

# of expected passes		1

Compiler version: 3.4.0 20040218 (prerelease) 
Platform: alpha-unknown-linux-gnu
configure flags: -v --enable-languages=c,c++,java,f77,objc,ada,treelang --prefix=/usr/lib/gcc-snapshot --enable-shared --with-system-zlib --enable-nls --enable-threads=posix --without-included-gettext --enable-__cxa_atexit --enable-clocale=gnu --enable-libstdcxx-debug --enable-java-gc=boehm --enable-java-awt=xlib,gtk --with-cpp-install-dir=bin --disable-werror alpha-linux
BOOT_CFLAGS=-O2 


Build Dependencies:
Desired=Unknown/Install/Remove/Purge/Hold
| Status=Not/Installed/Config-files/Unpacked/Failed-config/Half-installed
|/ Err?=(none)/Hold/Reinst-required/X=both-problems (Status,Err: uppercase=bad)
||/ Name           Version        Description
+++-==============-==============-============================================
ii  binutils       2.14.90.0.7-5  The GNU assembler, linker and binary utiliti
ii  libc6.1-dev    2.3.2.ds1-11   GNU C Library: Development Libraries and Hea


Patches that Debian applied in this version:

test-summary:
  add libstdc++-v3's abi baseline to the test summary

amd64-specs:
  Use 64bits mode assembly except with -m32


Index Nav: [Date Index] [Subject Index] [Author Index] [Thread Index]
Message Nav: [Date Prev] [Date Next] [Thread Prev] [Thread Next]