This is the mail archive of the gcc-testresults@gcc.gnu.org mailing list for the GCC project.


Index Nav: [Date Index] [Subject Index] [Author Index] [Thread Index]
Message Nav: [Date Prev] [Date Next] [Thread Prev] [Thread Next]
Other format: [Raw text]

Results for 3.3.3 (Debian) testsuite on s390-ibm-linux-gnu


LAST_UPDATED: 
Native configuration is s390-ibm-linux-gnu

		=== g++ tests ===


Running target unix
XPASS: g++.other/init5.C  Execution test

		=== g++ Summary ===

# of expected passes		8169
# of unexpected successes	1
# of expected failures		93
# of untested testcases		23
# of unsupported tests		29
/build/buildd/gcc-3.3-3.3.3ds5/build/gcc/testsuite/../g++ version 3.3.3 (Debian)

		=== g77 tests ===


Running target unix

		=== g77 Summary ===

# of expected passes		1720
# of unsupported tests		8
/build/buildd/gcc-3.3-3.3.3ds5/build/gcc/testsuite/../g77 version 3.3.3 (Debian)

		=== gcc tests ===


Running target unix
FAIL: gcc.dg/debug/debug-1.c scan-assembler xyzzy
FAIL: gcc.dg/debug/debug-1.c scan-assembler xyzzy
FAIL: gcc.dg/debug/debug-1.c scan-assembler xyzzy
FAIL: gcc.dg/debug/debug-1.c scan-assembler xyzzy
FAIL: gcc.dg/debug/debug-2.c scan-assembler xyzzy
FAIL: gcc.dg/debug/debug-2.c scan-assembler xyzzy
FAIL: gcc.dg/debug/debug-2.c scan-assembler xyzzy
FAIL: gcc.dg/debug/debug-2.c scan-assembler xyzzy
FAIL: gcc.dg/duff-2.c (test for excess errors)

		=== gcc Summary ===

# of expected passes		21491
# of unexpected failures	9
# of expected failures		70
# of unsupported tests		192
/build/buildd/gcc-3.3-3.3.3ds5/build/gcc/xgcc version 3.3.3 (Debian)

		=== objc tests ===


Running target unix

		=== objc Summary ===

# of expected passes		1166
/build/buildd/gcc-3.3-3.3.3ds5/build/gcc/xgcc version 3.3.3 (Debian)

		=== treelang tests ===


Running target unix

		=== treelang Summary ===

# of expected passes		1
		=== libjava tests ===


Running target unix

		=== libjava Summary ===

# of expected passes		2991
# of expected failures		16
# of untested testcases		12
		=== libstdc++-v3 tests ===


Running target unix
XPASS: 22_locale/collate_byname.cc execution test
XPASS: 22_locale/collate_members_char.cc execution test
XPASS: 22_locale/collate_members_wchar_t.cc execution test
XPASS: 22_locale/ctype_is_char.cc execution test
XPASS: 22_locale/ctype_is_wchar_t.cc execution test
XPASS: 22_locale/members.cc execution test
XPASS: 22_locale/messages_byname.cc execution test
XPASS: 22_locale/messages_members_char.cc execution test
XPASS: 22_locale/moneypunct_byname.cc execution test
XPASS: 22_locale/moneypunct_members_char.cc execution test
XPASS: 22_locale/moneypunct_members_wchar_t.cc execution test
XPASS: 22_locale/numpunct_byname.cc execution test
XPASS: 22_locale/numpunct_members_char.cc execution test
XPASS: 22_locale/numpunct_members_wchar_t.cc execution test

		=== libstdc++-v3 Summary ===

# of expected passes		453
# of unexpected successes	14
# of expected failures		14

Compiler version: 3.3.3 (Debian) 
Platform: s390-ibm-linux-gnu
configure flags: --host=s390-linux -v --enable-languages=c,c++,java,f77,pascal,objc,ada,treelang --prefix=/usr --mandir=/usr/share/man --infodir=/usr/share/info --with-gxx-include-dir=/usr/include/c++/3.3 --enable-shared --with-system-zlib --enable-nls --without-included-gettext --enable-__cxa_atexit --enable-clocale=gnu --enable-debug --enable-java-gc=boehm --enable-java-awt=xlib --enable-objc-gc
BOOT_CFLAGS=-g -O2 


Build Dependencies:
Desired=Unknown/Install/Remove/Purge/Hold
| Status=Not/Installed/Config-files/Unpacked/Failed-config/Half-installed
|/ Err?=(none)/Hold/Reinst-required/X=both-problems (Status,Err: uppercase=bad)
||/ Name           Version        Description
+++-==============-==============-============================================
ii  binutils       2.14.90.0.7-5  The GNU assembler, linker and binary utiliti
ii  libc6-dev      2.3.2.ds1-11   GNU C Library: Development Libraries and Hea


Patches that Debian applied in this version:

gcc-names:
  versioned gcc names

gcc-version:
  Add "(Debian)" to the gcc version string

libstdc++-pic:
  Build and install libstdc++_pic.a library.

libstdc++-doclink:
  link local libstdc++ documentation to local source-level documentation 

gccbug:
  Use sensible-editor instead of vi as fallback editor

libtool-rpath:
  2003-03-10  Andreas Schwab  <schwab at suse dot de>
  With the introduction of multi-os-directory the libdir specification in
  *.la files have /. appended to \$(libdir).  This confuses libtool when it
  tries to find out whether to add -rpath, because it only matches literally
  against sys_lib_dlsearch_path members.  Tested on i386-linux.

mips-branch-fix:
  Fix #207915 (PR11716).
  Make GCC think that the maximum length of a short branch is
  64K instead of 128K.  It's a big hammer, but it works.

test-summary:
  add libstdc++-v3's check summary to the test summary

gcj-names:
  versioned gcj info names

gcj-without-rpath:
  don't define runtime link path for java binaries and libraries

libffi-install:
  Allows libffi to be installed

libffi-no-debug:
  Do not build libffi with debug information, although configuring
  with --enable-debug

deb-protoize:
  build protoize/unprotoize by default

libobjc:
  Find gc.h header in /usr/include/gc for --enable-objc-gc enabled builds.

g77-names:
  versioned g77 names

treelang-names:
  Install treelang info pages under versioned name

ada-gcc-name:
  use gcc-3.3 instead of gcc and gnatXXX-3.15 instead of gnatXXX
  as the command names.

gpc-20030830-patch-update:
  update the gpc diffs to recent gcc sources

gpc-3.x:
  The gpc patch from the gpc tarball.

gpc-names:
  versioned gpc names

gpc-only-update1:

gpc-only-update2:

gpc-only-update3:

gpc-only-update5:
  nonlocal goto patch for gpc

gpc-only-update7:
  correction to stabs+ debug info

gpc-update-makefile:

s390-biarch:
  enable biarch for 31 bit compiler

s390-config-ml:
  disable all libraries except libstdc++ for biarch

s390-nonlocal-goto:
  nonlocal goto patch

s390-ifcvt:
  backport of ifcvt patch - see http://gcc.gnu.org/ml/gcc-patches/2003-04/msg01072.html

reporting:
  <compiler> --help gives hint to /usr/share/doc/debian/bug-reporting.txt

autoreconf:
  autoreconf several directories for proper mipsen libtool support

Counting all warnings,
there are 333 warnings in stage3 of this bootstrap.

Number of warnings per file:
    225 SYSCALLS.c
     49 parse.c
      6 ./ffe.texi
      5 gcc/treelang/parse.c
      4 gcc/p/statements.c
      4 gcc/p/lang-specs.h
      4 ./intdoc.texi
      3 gcc/tlink.c
      3 /usr/share/bison/bison.simple
      2 gcc/unwind-pe.h
      2 gcc/p/rts/endian.pas
      2 gcc/p/gpc.c
      2 gcc/objc/lang-specs.h
      2 gcc/libgcc2.h
      2 gcc/gcc.c
      2 gcc/f/sta.c
      2 gcc/crtstuff.c
      2 gcc/config/s390/s390.md
      2 gcc/config/s390/fixdfdi.h
      1 libiberty/choose-temp.c
      1 gt-ada-utils.h
      1 gt-ada-decl.h
      1 gcc/ra-colorize.c
      1 gcc/p/objects.c
      1 gcc/p/gpc-lex.c
      1 gcc/java/jvspec.c
      1 gcc/cp/init.c
      1 gcc/collect2.c
      1 ada/b_gnatb.c

Number of warning types:
    223 function declaration isn't a prototype
     55 traditional C rejects ISO C style function definitions
      9 string length `???' is greater than the length `???' ISO C89 compilers are required to support
      6 undefined flag: srcdir.
      4 comparison of unsigned expression < 0 is always false
      3 label `???' defined but not used
      3 assignment makes pointer from integer without a cast
      2 unlikely character ) in @var.
      2 unlikely character ( in @var.
      2 traditional C rejects string concatenation
      2 this is the location of the previous definition
      2 statement with no effect
      2 source missing a mode?
      2 passing arg ??? of `???' discards qualifiers from pointer target type
      2 implicit declaration of function `???'
      2 dereferencing type-punned pointer will break strict-aliasing rules
      2 conflicting types for built-in function `???'
      2 comparison between signed and unsigned
      2 `???' defined but not used
      1 unused variable `???'
      1 the use of `???' is dangerous, better use `???'
      1 initialization makes pointer from integer without a cast
      1 `__fixsfdi' redefined
      1 `__fixdfdi' redefined
      1 `???' might be used uninitialized in this function


Index Nav: [Date Index] [Subject Index] [Author Index] [Thread Index]
Message Nav: [Date Prev] [Date Next] [Thread Prev] [Thread Next]