This is the mail archive of the gcc-testresults@gcc.gnu.org mailing list for the GCC project.


Index Nav: [Date Index] [Subject Index] [Author Index] [Thread Index]
Message Nav: [Date Prev] [Date Next] [Thread Prev] [Thread Next]
Other format: [Raw text]

Results for 3.3.3 (Debian) testsuite on alpha-unknown-linux-gnu


LAST_UPDATED: 
Native configuration is alpha-unknown-linux-gnu

		=== libjava tests ===


Running target unix
WARNING: program timed out.
FAIL: SyncTest execution - bytecode->native test
WARNING: program timed out.
FAIL: SyncTest execution - gij test
FAIL: Thread_Join execution - gij test
FAIL: initexc execution - gij test
FAIL: initexc execution - gij test

		=== libjava Summary ===

# of expected passes		2981
# of unexpected failures	5
# of expected failures		16
# of untested testcases		17

		=== libstdc++-v3 check-abi Summary ===

# of added symbols:		 40
# of missing symbols:		 0
# of incompatible symbols:	 0

using: /build/buildd/gcc-3.3-3.3.3ds5/src/libstdc++-v3/config/abi/alpha-linux-gnu/baseline_symbols.txt

		=== libstdc++-v3 tests ===


Running target unix
XPASS: 22_locale/collate_byname.cc execution test
XPASS: 22_locale/collate_members_char.cc execution test
XPASS: 22_locale/collate_members_wchar_t.cc execution test
XPASS: 22_locale/ctype_is_char.cc execution test
XPASS: 22_locale/ctype_is_wchar_t.cc execution test
XPASS: 22_locale/members.cc execution test
XPASS: 22_locale/messages_byname.cc execution test
XPASS: 22_locale/messages_members_char.cc execution test
XPASS: 22_locale/moneypunct_byname.cc execution test
XPASS: 22_locale/moneypunct_members_char.cc execution test
XPASS: 22_locale/moneypunct_members_wchar_t.cc execution test
XPASS: 22_locale/numpunct_byname.cc execution test
XPASS: 22_locale/numpunct_members_char.cc execution test
XPASS: 22_locale/numpunct_members_wchar_t.cc execution test
FAIL: 26_numerics/fabs_inline.cc (test for excess errors)
WARNING: 26_numerics/fabs_inline.cc compilation failed to produce executable

		=== libstdc++-v3 Summary ===

# of expected passes		451
# of unexpected failures	1
# of unexpected successes	14
# of expected failures		14
		=== g++ tests ===


Running target unix
XPASS: g++.other/init5.C  Execution test

		=== g++ Summary ===

# of expected passes		8171
# of unexpected successes	1
# of expected failures		93
# of untested testcases		22
# of unsupported tests		29
/build/buildd/gcc-3.3-3.3.3ds5/build/gcc/testsuite/../g++ version 3.3.3 (Debian)

		=== g77 tests ===


Running target unix

		=== g77 Summary ===

# of expected passes		1720
# of unsupported tests		8
/build/buildd/gcc-3.3-3.3.3ds5/build/gcc/testsuite/../g77 version 3.3.3 (Debian)

		=== gcc tests ===


Running target unix
FAIL: gcc.c-torture/execute/20020227-1.c compilation,  -O0 
UNRESOLVED: gcc.c-torture/execute/20020227-1.c execution,  -O0 
FAIL: gcc.c-torture/execute/20020227-1.c compilation,  -O1 
UNRESOLVED: gcc.c-torture/execute/20020227-1.c execution,  -O1 
FAIL: gcc.c-torture/execute/20020227-1.c compilation,  -O2 
UNRESOLVED: gcc.c-torture/execute/20020227-1.c execution,  -O2 
FAIL: gcc.c-torture/execute/20020227-1.c compilation,  -O3 -fomit-frame-pointer 
UNRESOLVED: gcc.c-torture/execute/20020227-1.c execution,  -O3 -fomit-frame-pointer 
FAIL: gcc.c-torture/execute/20020227-1.c compilation,  -O3 -g 
UNRESOLVED: gcc.c-torture/execute/20020227-1.c execution,  -O3 -g 
FAIL: gcc.c-torture/execute/20020227-1.c compilation,  -Os 
UNRESOLVED: gcc.c-torture/execute/20020227-1.c execution,  -Os 
FAIL: gcc.c-torture/execute/simd-2.c compilation,  -O3 -fomit-frame-pointer 
UNRESOLVED: gcc.c-torture/execute/simd-2.c execution,  -O3 -fomit-frame-pointer 
FAIL: gcc.c-torture/execute/simd-2.c compilation,  -O3 -g 
UNRESOLVED: gcc.c-torture/execute/simd-2.c execution,  -O3 -g 
FAIL: gcc.dg/duff-2.c (test for excess errors)

		=== gcc Summary ===

# of expected passes		21067
# of unexpected failures	9
# of expected failures		72
# of unresolved testcases	8
# of unsupported tests		182
/build/buildd/gcc-3.3-3.3.3ds5/build/gcc/xgcc version 3.3.3 (Debian)

		=== objc tests ===


Running target unix

		=== objc Summary ===

# of expected passes		1166
/build/buildd/gcc-3.3-3.3.3ds5/build/gcc/xgcc version 3.3.3 (Debian)

		=== treelang tests ===


Running target unix

		=== treelang Summary ===

# of expected passes		1

Compiler version: 3.3.3 (Debian) 
Platform: alpha-unknown-linux-gnu
configure flags: --host=alpha-linux -v --enable-languages=c,c++,java,f77,objc,ada,treelang --prefix=/usr --mandir=/usr/share/man --infodir=/usr/share/info --with-gxx-include-dir=/usr/include/c++/3.3 --enable-shared --with-system-zlib --enable-nls --without-included-gettext --enable-__cxa_atexit --enable-clocale=gnu --enable-debug --enable-java-gc=boehm --enable-java-awt=xlib --enable-objc-gc
BOOT_CFLAGS=-g -O2 


Build Dependencies:
Desired=Unknown/Install/Remove/Purge/Hold
| Status=Not/Installed/Config-files/Unpacked/Failed-config/Half-installed
|/ Err?=(none)/Hold/Reinst-required/X=both-problems (Status,Err: uppercase=bad)
||/ Name           Version        Description
+++-==============-==============-============================================
ii  binutils       2.14.90.0.7-5  The GNU assembler, linker and binary utiliti
ii  libc6.1-dev    2.3.2.ds1-11   GNU C Library: Development Libraries and Hea


Patches that Debian applied in this version:

gcc-names:
  versioned gcc names

gcc-version:
  Add "(Debian)" to the gcc version string

libstdc++-pic:
  Build and install libstdc++_pic.a library.

libstdc++-doclink:
  link local libstdc++ documentation to local source-level documentation 

gccbug:
  Use sensible-editor instead of vi as fallback editor

libtool-rpath:
  2003-03-10  Andreas Schwab  <schwab at suse dot de>
  With the introduction of multi-os-directory the libdir specification in
  *.la files have /. appended to \$(libdir).  This confuses libtool when it
  tries to find out whether to add -rpath, because it only matches literally
  against sys_lib_dlsearch_path members.  Tested on i386-linux.

mips-branch-fix:
  Fix #207915 (PR11716).
  Make GCC think that the maximum length of a short branch is
  64K instead of 128K.  It's a big hammer, but it works.

test-summary:
  add libstdc++-v3's check summary to the test summary

gcj-names:
  versioned gcj info names

gcj-without-rpath:
  don't define runtime link path for java binaries and libraries

libffi-install:
  Allows libffi to be installed

libffi-no-debug:
  Do not build libffi with debug information, although configuring
  with --enable-debug

deb-protoize:
  build protoize/unprotoize by default

libobjc:
  Find gc.h header in /usr/include/gc for --enable-objc-gc enabled builds.

g77-names:
  versioned g77 names

treelang-names:
  Install treelang info pages under versioned name

ada-gcc-name:
  use gcc-3.3 instead of gcc and gnatXXX-3.15 instead of gnatXXX
  as the command names.

alpha-ieee:
  #212912
  on alpha-linux, make -mieee default and add -mieee-disable switch
  to turn default off

reporting:
  <compiler> --help gives hint to /usr/share/doc/debian/bug-reporting.txt

autoreconf:
  autoreconf several directories for proper mipsen libtool support

Counting all warnings,
there are 270 warnings in stage3 of this bootstrap.

Number of warnings per file:
    225 SYSCALLS.c
      6 ./ffe.texi
      5 gcc/treelang/parse.c
      4 gcc/config/alpha/alpha.c
      4 ./intdoc.texi
      3 gcc/tlink.c
      3 /usr/share/bison/bison.simple
      2 gcc/gcc.c
      2 gcc/f/sta.c
      2 gcc/crtstuff.c
      1 insn-conditions.c
      1 gt-ada-utils.h
      1 gt-ada-decl.h
      1 gcc/varasm.c
      1 gcc/unwind-pe.h
      1 gcc/regrename.c
      1 gcc/ra-colorize.c
      1 gcc/ra-build.c
      1 gcc/objc/lang-specs.h
      1 gcc/java/jvspec.c
      1 gcc/cp/init.c
      1 gcc/collect2.c
      1 gcc/ada/decl.c
      1 ada/b_gnatb.c

Number of warning types:
    223 function declaration isn't a prototype
      6 undefined flag: srcdir.
      5 string length `???' is greater than the length `???' ISO C89 compilers are required to support
      4 comparison of unsigned expression < 0 is always false
      3 traditional C rejects the `UL' suffix
      3 label `???' defined but not used
      3 assignment makes pointer from integer without a cast
      2 unused variable `???'
      2 unlikely character ) in @var.
      2 unlikely character ( in @var.
      2 passing arg ??? of `???' discards qualifiers from pointer target type
      2 implicit declaration of function `???'
      2 dereferencing type-punned pointer will break strict-aliasing rules
      2 conflicting types for built-in function `???'
      2 comparison between signed and unsigned
      2 `???' defined but not used
      1 unused parameter `???'
      1 initialization makes pointer from integer without a cast
      1 cast to pointer from integer of different size
      1 `long' switch expression not converted to `int' in ISO C
      1 `???' might be used uninitialized in this function


Index Nav: [Date Index] [Subject Index] [Author Index] [Thread Index]
Message Nav: [Date Prev] [Date Next] [Thread Prev] [Thread Next]