This is the mail archive of the gcc-testresults@gcc.gnu.org mailing list for the GCC project.


Index Nav: [Date Index] [Subject Index] [Author Index] [Thread Index]
Message Nav: [Date Prev] [Date Next] [Thread Prev] [Thread Next]
Other format: [Raw text]

Results for 3.3.3 testsuite on i686-pc-linux-gnu


This is a Red Hat 7.2 system, running on a dual 2.2 GHz Intel Xeon system.
kernel: 2.4.7-10 (from Red Hat)
glibc: 2.2.4-31 (from Red Hat)
binutils: 2.14 (FSF)
All languages were tested.
LAST_UPDATED: 
Native configuration is i686-pc-linux-gnu

		=== g77 tests ===


Running target unix

		=== g77 Summary ===

# of expected passes		1736
/var/tmp/gccbuild/3.3.3/gcc/testsuite/../g77 version 3.3.3

		=== gcc tests ===


Running target unix
FAIL: gcc.dg/duff-2.c (test for excess errors)

		=== gcc Summary ===

# of expected passes		21301
# of unexpected failures	1
# of expected failures		69
# of unsupported tests		100
/var/tmp/gccbuild/3.3.3/gcc/xgcc version 3.3.3

		=== g++ tests ===


Running target unix

		=== g++ Summary ===

# of expected passes		8220
# of expected failures		94
# of untested testcases		9
# of unsupported tests		15
/var/tmp/gccbuild/3.3.3/gcc/testsuite/../g++ version 3.3.3

		=== objc tests ===


Running target unix

		=== objc Summary ===

# of expected passes		1166
/var/tmp/gccbuild/3.3.3/gcc/xgcc version 3.3.3

		=== libjava tests ===


Running target unix
WARNING: program timed out.
FAIL: SyncTest execution - gij test
WARNING: program timed out.
FAIL: SyncTest execution - gij test
FAIL: Thread_Join execution - gij test

		=== libjava Summary ===

# of expected passes		2985
# of unexpected failures	3
# of expected failures		16
# of untested testcases		15

		=== libstdc++-v3 check-abi Summary ===

# of added symbols:		 0
# of missing symbols:		 0
# of incompatible symbols:	 0
		=== libstdc++-v3 tests ===


Running target unix
XPASS: 22_locale/ctype_is_char.cc execution test
XPASS: 22_locale/ctype_is_wchar_t.cc execution test
XPASS: 22_locale/members.cc execution test
XPASS: 22_locale/messages_byname.cc execution test
XPASS: 22_locale/messages_members_char.cc execution test
XPASS: 22_locale/money_get_members_char.cc execution test
XPASS: 22_locale/money_get_members_wchar_t.cc execution test
XPASS: 22_locale/money_put_members_char.cc execution test
XPASS: 22_locale/money_put_members_wchar_t.cc execution test
XPASS: 22_locale/moneypunct_byname.cc execution test
XPASS: 22_locale/moneypunct_members_char.cc execution test
XPASS: 22_locale/moneypunct_members_wchar_t.cc execution test
XPASS: 22_locale/num_get_members_char.cc execution test
XPASS: 22_locale/num_get_members_wchar_t.cc execution test
XPASS: 22_locale/num_put_members_char.cc execution test
XPASS: 22_locale/num_put_members_wchar_t.cc execution test
XPASS: 22_locale/numpunct_byname.cc execution test
XPASS: 22_locale/numpunct_members_char.cc execution test
XPASS: 22_locale/numpunct_members_wchar_t.cc execution test
XPASS: 22_locale/time_get_members_char.cc execution test
XPASS: 22_locale/time_get_members_wchar_t.cc execution test
XPASS: 22_locale/time_put_members_char.cc execution test
XPASS: 22_locale/time_put_members_wchar_t.cc execution test

		=== libstdc++-v3 Summary ===

# of expected passes		453
# of unexpected successes	23
# of expected failures		5

Compiler version: 3.3.3 
Platform: i686-pc-linux-gnu
configure flags: --host=i686-pc-linux-gnu --prefix=/usr/localdisk/gcc-cvs/3.3.3 --with-gnu-as --with-as=/usr/localdisk/binutils-2.14/bin/as --with-gnu-ld --with-ld=/usr/localdisk/binutils-2.14/bin/ld


Index Nav: [Date Index] [Subject Index] [Author Index] [Thread Index]
Message Nav: [Date Prev] [Date Next] [Thread Prev] [Thread Next]