This is the mail archive of the gcc-testresults@gcc.gnu.org mailing list for the GCC project.


Index Nav: [Date Index] [Subject Index] [Author Index] [Thread Index]
Message Nav: [Date Prev] [Date Next] [Thread Prev] [Thread Next]
Other format: [Raw text]

Results for 3.5-tree-ssa 20040216 (merged 20040211) testsuite on i686-pc-linux-gnu


[ this was with the RTL inliner removed ]

LAST_UPDATED: Mon Feb 16 15:05:52 UTC 2004

Native configuration is i686-pc-linux-gnu

                === gcc tests ===


Running target unix
FAIL: gcc.c-torture/compile/20010605-1.c (test for excess errors)
FAIL: gcc.c-torture/compile/20010605-1.c (test for excess errors)
FAIL: gcc.c-torture/execute/string-opt-5.c execution,  -O3 -fomit-frame-pointer 
FAIL: gcc.c-torture/execute/string-opt-5.c execution,  -O3 -g 
FAIL: gcc.c-torture/execute/va-arg-25.c execution,  -Os 
FAIL: gcc.dg/builtins-10.c (test for excess errors)
FAIL: gcc.dg/builtins-26.c (test for excess errors)
FAIL: gcc.dg/builtins-7.c (test for excess errors)
FAIL: gcc.dg/fwritable-strings-1.c  (test for errors, line )
FAIL: gcc.dg/i386-sse-6.c execution test
FAIL: gcc.dg/warn-1.c  (test for warnings, line 8)
FAIL: gcc.dg/torture/builtin-explog-1.c (test for excess errors)
FAIL: gcc.dg/torture/builtin-explog-1.c (test for excess errors)
FAIL: gcc.dg/torture/builtin-explog-1.c (test for excess errors)
FAIL: gcc.dg/torture/builtin-explog-1.c (test for excess errors)
FAIL: gcc.dg/torture/builtin-explog-1.c (test for excess errors)
FAIL: gcc.dg/torture/builtin-explog-1.c (test for excess errors)
FAIL: gcc.dg/tree-ssa/20030807-4.c scan-tree-dump-times if  2
FAIL: gcc.dg/tree-ssa/20030922-2.c scan-tree-dump-times if  2
FAIL: gcc.dg/tree-ssa/20031015-1.c scan-tree-dump-times VUSE  1
FAIL: 209: expected branch percentages not found: 25
FAIL: gcc.misc-tests/gcov-4b.c gcov: 0 failures in line counts, 1 in branch percentages, 0 in return percentages

                === gcc Summary ===

# of expected passes            25115
# of unexpected failures        22
# of expected failures          74
# of untested testcases         7
# of unsupported tests          181
/home/steven/devel/ssabuild/gcc/xgcc version 3.5-tree-ssa 20040216 (merged 20040211)

                === g++ tests ===


Running target unix
XPASS: g++.dg/parse/stack1.C (test for excess errors)
FAIL: 258: expected branch percentages not found: 25
FAIL: g++.dg/gcov/gcov-1.C gcov: 0 failures in line counts, 1 in branch percentages, 0 in return percentages
FAIL: 23:is 2:should be 1
FAIL: g++.dg/gcov/gcov-2.C gcov: 1 failures in line counts, 0 in branch percentages, 0 in return percentages
FAIL: g++.old-deja/g++.brendan/crash13.C  (test for errors, line 34)
FAIL: g++.old-deja/g++.law/friend5.C  (test for errors, line 19)
FAIL: g++.old-deja/g++.law/friend5.C  (test for errors, line 24)
WARNING: g++.old-deja/g++.mike/p10769a.C compilation failed to produce executable
WARNING: g++.old-deja/g++.other/enum5.C compilation failed to produce executable
WARNING: g++.old-deja/g++.pt/friend44.C compilation failed to produce executable

                === g++ Summary ===

# of expected passes            9543
# of unexpected failures        7
# of unexpected successes       1
# of expected failures          78
# of unsupported tests          30
/home/steven/devel/ssabuild/gcc/testsuite/../g++ version 3.5-tree-ssa 20040216 (merged 20040211)

                === libffi tests ===


Running target unix

                === libffi Summary ===

# of expected passes            212
# of unsupported tests          2
                === libjava tests ===


Running target unix
FAIL: linking simple
FAIL: String_overflow -O3 compilation from source
FAIL: err3 output - source compiled test
FAIL: err3 -O3 output - source compiled test

                === libjava Summary ===

# of expected passes            3301
# of unexpected failures        4
# of expected failures          15
# of untested testcases         18
                === libmudflap tests ===


Running target unix
FAIL: libmudflap.c++/pass41-frag.cxx (test for excess errors)
WARNING: libmudflap.c++/pass41-frag.cxx compilation failed to produce executable
FAIL: libmudflap.c++/pass41-frag.cxx (-static) (test for excess errors)
WARNING: libmudflap.c++/pass41-frag.cxx (-static) compilation failed to produce executable
FAIL: libmudflap.c++/pass41-frag.cxx (-O2) (test for excess errors)
WARNING: libmudflap.c++/pass41-frag.cxx (-O2) compilation failed to produce executable
FAIL: libmudflap.c++/pass41-frag.cxx (-O3) (test for excess errors)
WARNING: libmudflap.c++/pass41-frag.cxx (-O3) compilation failed to produce executable

                === libmudflap Summary ===

# of expected passes            1084
# of unexpected failures        4

                === libstdc++-v3 check-abi Summary ===

# of added symbols:              266
# of missing symbols:            280
# of incompatible symbols:       311
                === libstdc++ tests ===


Running target unix
FAIL: 22_locale/messages/members/char/1.cc execution test
FAIL: 22_locale/messages/members/char/2.cc execution test
FAIL: 22_locale/messages/members/char/wrapped_env.cc execution test
FAIL: 22_locale/messages/members/char/wrapped_locale.cc execution test
FAIL: 22_locale/messages_byname/named_equivalence.cc execution test
XPASS: 26_numerics/c99_classification_macros_c.cc (test for excess errors)

                === libstdc++ Summary ===

# of expected passes            2525
# of unexpected failures        5
# of unexpected successes       1
# of expected failures          2

Compiler version: 3.5-tree-ssa 20040216 (merged 20040211) 
Platform: i686-pc-linux-gnu
configure flags: --prefix=/opt/experimental/ --program-suffix=-ssa --disable-nls --disable-multilib --enable-languages=c,c++,java --with-libbanshee


Index Nav: [Date Index] [Subject Index] [Author Index] [Thread Index]
Message Nav: [Date Prev] [Date Next] [Thread Prev] [Thread Next]