This is the mail archive of the gcc-testresults@gcc.gnu.org mailing list for the GCC project.


Index Nav: [Date Index] [Subject Index] [Author Index] [Thread Index]
Message Nav: [Date Prev] [Date Next] [Thread Prev] [Thread Next]
Other format: [Raw text]

Results for 3.3.3 20040214 (prerelease) (Debian) testsuite on powerpc-unknown-linux-gnu


LAST_UPDATED: Sat Feb 14 08:16:42 UTC 2004

Native configuration is powerpc-unknown-linux-gnu

		=== g++ tests ===


Running target unix
XPASS: g++.dg/other/packed1.C execution test
XPASS: g++.other/init5.C  Execution test

		=== g++ Summary ===

# of expected passes		8144
# of unexpected successes	2
# of expected failures		93
# of untested testcases		23
# of unsupported tests		30
/build/buildd/gcc-3.3-3.3.3ds4/build/gcc/testsuite/../g++ version 3.3.3 20040214 (prerelease) (Debian)

		=== g77 tests ===


Running target unix

		=== g77 Summary ===

# of expected passes		1720
# of unsupported tests		8
/build/buildd/gcc-3.3-3.3.3ds4/build/gcc/testsuite/../g77 version 3.3.3 20040214 (prerelease) (Debian)

		=== gcc tests ===


Running target unix
FAIL: gcc.dg/20020103-1.c scan-assembler-not LC
FAIL: gcc.dg/altivec-5.c (test for excess errors)
FAIL: gcc.dg/duff-2.c (test for excess errors)

		=== gcc Summary ===

# of expected passes		21072
# of unexpected failures	3
# of expected failures		67
# of unsupported tests		173
/build/buildd/gcc-3.3-3.3.3ds4/build/gcc/xgcc version 3.3.3 20040214 (prerelease) (Debian)

		=== objc tests ===


Running target unix

		=== objc Summary ===

# of expected passes		1166
/build/buildd/gcc-3.3-3.3.3ds4/build/gcc/xgcc version 3.3.3 20040214 (prerelease) (Debian)

		=== libjava tests ===


Running target unix
FAIL: Array_3 -O execution - source compiled test
WARNING: program timed out.
FAIL: SyncTest execution - gij test
WARNING: program timed out.
FAIL: SyncTest execution - gij test

		=== libjava Summary ===

# of expected passes		2985
# of unexpected failures	3
# of expected failures		16
# of untested testcases		15
		=== libstdc++-v3 tests ===


Running target unix
XPASS: 22_locale/collate_byname.cc execution test
XPASS: 22_locale/collate_members_char.cc execution test
XPASS: 22_locale/collate_members_wchar_t.cc execution test
XPASS: 22_locale/ctype_is_char.cc execution test
XPASS: 22_locale/ctype_is_wchar_t.cc execution test
XPASS: 22_locale/members.cc execution test
XPASS: 22_locale/messages_byname.cc execution test
XPASS: 22_locale/messages_members_char.cc execution test
XPASS: 22_locale/moneypunct_byname.cc execution test
XPASS: 22_locale/moneypunct_members_char.cc execution test
XPASS: 22_locale/moneypunct_members_wchar_t.cc execution test
XPASS: 22_locale/numpunct_byname.cc execution test
XPASS: 22_locale/numpunct_members_char.cc execution test
XPASS: 22_locale/numpunct_members_wchar_t.cc execution test

		=== libstdc++-v3 Summary ===

# of expected passes		453
# of unexpected successes	14
# of expected failures		14

Compiler version: 3.3.3 20040214 (prerelease) (Debian) 
Platform: powerpc-unknown-linux-gnu
configure flags: --host=powerpc-linux -v --enable-languages=c,c++,java,f77,pascal,objc,ada --prefix=/usr --mandir=/usr/share/man --infodir=/usr/share/info --with-gxx-include-dir=/usr/include/c++/3.3 --enable-shared --with-system-zlib --enable-nls --without-included-gettext --enable-__cxa_atexit --enable-clocale=gnu --enable-java-gc=boehm --enable-java-awt=xlib --enable-objc-gc --disable-multilib
BOOT_CFLAGS=-g -O2 


Build Dependencies:
Desired=Unknown/Install/Remove/Purge/Hold
| Status=Not/Installed/Config-files/Unpacked/Failed-config/Half-installed
|/ Err?=(none)/Hold/Reinst-required/X=both-problems (Status,Err: uppercase=bad)
||/ Name           Version        Description
+++-==============-==============-============================================
ii  binutils       2.14.90.0.7-5  The GNU assembler, linker and binary utiliti
ii  libc6-dev      2.3.2.ds1-11   GNU C Library: Development Libraries and Hea


Patches that Debian applied in this version:

gcc-names:
  versioned gcc names

gcc-version:
  Add "(Debian)" to the gcc version string

libstdc++-pic:
  Build and install libstdc++_pic.a library.

libstdc++-doclink:
  link local libstdc++ documentation to local source-level documentation 

gccbug:
  Use sensible-editor instead of vi as fallback editor

libtool-rpath:
  2003-03-10  Andreas Schwab  <schwab at suse dot de>
  With the introduction of multi-os-directory the libdir specification in
  *.la files have /. appended to \$(libdir).  This confuses libtool when it
  tries to find out whether to add -rpath, because it only matches literally
  against sys_lib_dlsearch_path members.  Tested on i386-linux.

mips-branch-fix:
  Fix #207915 (PR11716).
  Make GCC think that the maximum length of a short branch is
  64K instead of 128K.  It's a big hammer, but it works.

test-summary:
  add libstdc++-v3's check summary to the test summary

gcj-names:
  versioned gcj info names

gcj-without-rpath:
  don't define runtime link path for java binaries and libraries

libffi-install:
  Allows libffi to be installed

libffi-no-debug:
  Do not build libffi with debug information, although configuring
  with --enable-debug

deb-protoize:
  build protoize/unprotoize by default

libobjc:
  Find gc.h header in /usr/include/gc for --enable-objc-gc enabled builds.

g77-names:
  versioned g77 names

ada-gcc-name:
  use gcc-3.3 instead of gcc and gnatXXX-3.15 instead of gnatXXX
  as the command names.

gpc-20030830-patch-update:
  update the gpc diffs to recent gcc sources

gpc-3.x:
  The gpc patch from the gpc tarball.

gpc-names:
  versioned gpc names

gpc-only-update1:

gpc-only-update2:

gpc-only-update3:

gpc-only-update5:
  nonlocal goto patch for gpc

gpc-only-update7:
  correction to stabs+ debug info

gpc-update-makefile:

powerpc-pthread-spec:
  link libraries with -pthread on powerpc

reporting:
  <compiler> --help gives hint to /usr/share/doc/debian/bug-reporting.txt

autoreconf:
  autoreconf several directories for proper mipsen libtool support

Counting all warnings,
there are 355 warnings in stage3 of this bootstrap.

Number of warnings per file:
    225 SYSCALLS.c
     49 parse.c
      8 gcc/p/gpc.c
      8 gcc/gcc.c
      6 ./ffe.texi
      5 op13952.c
      5 c-p7489.c
      4 insn-emit.c
      4 gcc/p/statements.c
      4 gcc/p/lang-specs.h
      4 gcc/config/rs6000/altivec.md
      4 ./intdoc.texi
      3 gcc/tlink.c
      3 gcc/reload1.c
      2 gengtype-yacc.c
      2 gcc/p/rts/endian.pas
      2 gcc/objc/lang-specs.h
      2 gcc/f/sta.c
      2 gcc/crtstuff.c
      1 libiberty/choose-temp.c
      1 gt-ada-utils.h
      1 gt-ada-decl.h
      1 gcc/varasm.c
      1 gcc/unwind-pe.h
      1 gcc/reload.c
      1 gcc/regmove.c
      1 gcc/p/objects.c
      1 gcc/p/gpc-lex.c
      1 gcc/java/jvspec.c
      1 gcc/cp/init.c
      1 gcc/collect2.c
      1 ada/b_gnatb.c

Number of warning types:
    223 function declaration isn't a prototype
     67 traditional C rejects ISO C style function definitions
     21 string length `???' is greater than the length `???' ISO C89 compilers are required to support
      6 undefined flag: srcdir.
      5 comparison between signed and unsigned
      4 unused parameter `???'
      4 operand 3 missing mode?
      4 comparison of unsigned expression < 0 is always false
      2 unlikely character ) in @var.
      2 unlikely character ( in @var.
      2 traditional C rejects string concatenation
      2 statement with no effect
      2 passing arg ??? of `???' discards qualifiers from pointer target type
      2 dereferencing type-punned pointer will break strict-aliasing rules
      2 conflicting types for built-in function `???'
      2 `???' might be used uninitialized in this function
      2 `???' defined but not used
      1 unused variable `???'
      1 the use of `???' is dangerous, better use `???'
      1 implicit declaration of function `???'


Index Nav: [Date Index] [Subject Index] [Author Index] [Thread Index]
Message Nav: [Date Prev] [Date Next] [Thread Prev] [Thread Next]