This is the mail archive of the gcc-testresults@gcc.gnu.org mailing list for the GCC project.


Index Nav: [Date Index] [Subject Index] [Author Index] [Thread Index]
Message Nav: [Date Prev] [Date Next] [Thread Prev] [Thread Next]
Other format: [Raw text]

Results for 3.4.0 20040214 (prerelease) testsuite on powerpc-unknown-linux-gnu


LAST_UPDATED: Sat Feb 14 14:27:56 UTC 2004

		=== acats tests ===
FAIL:	c34005a
FAIL:	c34005d
FAIL:	c34005g
FAIL:	c34005j
FAIL:	c37213f
FAIL:	c37215f
FAIL:	c64106b
FAIL:	ce2102c
FAIL:	cxb3010
FAIL:	cxb3014
FAIL:	cxb3015

		=== acats Summary ===
# of expected passes		1954
# of unexpected failures	11
# of unsupported tests		357
Native configuration is powerpc-unknown-linux-gnu

		=== g++ tests ===


Running target unix
XPASS: g++.dg/other/packed1.C execution test
WARNING: g++.old-deja/g++.mike/p10769a.C compilation failed to produce executable
WARNING: g++.old-deja/g++.other/enum5.C compilation failed to produce executable
XPASS: g++.old-deja/g++.other/init5.C execution test
WARNING: g++.old-deja/g++.pt/friend44.C compilation failed to produce executable

		=== g++ Summary ===

# of expected passes		9403
# of unexpected successes	2
# of expected failures		62
# of unsupported tests		69
/build/buildd/gcc-snapshot-20040214/build/gcc/testsuite/../g++ version 3.4.0 20040214 (prerelease)

		=== g77 tests ===


Running target unix

		=== g77 Summary ===

# of expected passes		1800
# of unsupported tests		6
/build/buildd/gcc-snapshot-20040214/build/gcc/testsuite/../g77 version 3.4.0 20040214 (prerelease)

		=== gcc tests ===


Running target unix
FAIL: gcc.c-torture/execute/20030125-1.c execution,  -O1 
FAIL: gcc.c-torture/execute/20030125-1.c execution,  -O2 
FAIL: gcc.c-torture/execute/20030125-1.c execution,  -O3 -fomit-frame-pointer 
FAIL: gcc.c-torture/execute/20030125-1.c execution,  -O3 -g 
FAIL: gcc.c-torture/execute/20030125-1.c execution,  -Os 
FAIL: gcc.c-torture/execute/va-arg-25.c execution,  -O0 
FAIL: gcc.c-torture/execute/va-arg-25.c execution,  -O1 
FAIL: gcc.c-torture/execute/va-arg-25.c execution,  -O2 
FAIL: gcc.c-torture/execute/va-arg-25.c execution,  -O3 -fomit-frame-pointer 
FAIL: gcc.c-torture/execute/va-arg-25.c execution,  -O3 -g 
FAIL: gcc.c-torture/execute/va-arg-25.c execution,  -Os 
FAIL: gcc.dg/compat/scalar-by-value-3 c_compat_x_tst.o-c_compat_y_tst.o execute 
FAIL: gcc.dg/compat/scalar-return-3 c_compat_x_tst.o-c_compat_y_tst.o execute 
FAIL: gcc.dg/20020103-1.c scan-assembler-not LC
FAIL: gcc.dg/altivec-5.c (test for excess errors)
FAIL: gcc.dg/builtins-18.c (test for excess errors)
FAIL: gcc.dg/builtins-20.c (test for excess errors)
FAIL: gcc.dg/complex-1.c execution test
FAIL: gcc.dg/ppc-sdata-1.c scan-assembler sdat@sdarel\\\\(13\\\\)
FAIL: gcc.dg/ppc-sdata-1.c scan-assembler sdat2@sda21\\\\(2\\\\)

		=== gcc Summary ===

# of expected passes		24069
# of unexpected failures	20
# of expected failures		69
# of untested testcases		7
# of unsupported tests		277
/build/buildd/gcc-snapshot-20040214/build/gcc/xgcc version 3.4.0 20040214 (prerelease)

		=== objc tests ===


Running target unix

		=== objc Summary ===

# of expected passes		1341
# of unsupported tests		8
/build/buildd/gcc-snapshot-20040214/build/gcc/xgcc version 3.4.0 20040214 (prerelease)

		=== treelang tests ===


Running target unix

		=== treelang Summary ===

# of expected passes		1
		=== libffi tests ===


Running target unix

		=== libffi Summary ===

# of expected passes		212
# of unsupported tests		2
		=== libjava tests ===


Running target unix

		=== libjava Summary ===

# of expected passes		3262
# of expected failures		10
# of untested testcases		8
		=== libstdc++ tests ===


Running target unix
XPASS: 26_numerics/c99_classification_macros_c.cc (test for excess errors)

		=== libstdc++ Summary ===

# of expected passes		2552
# of unexpected successes	1
# of expected failures		2

Compiler version: 3.4.0 20040214 (prerelease) 
Platform: powerpc-unknown-linux-gnu
configure flags: -v --enable-languages=c,c++,java,f77,objc,ada,treelang --prefix=/usr/lib/gcc-snapshot --enable-shared --with-system-zlib --enable-nls --enable-threads=posix --without-included-gettext --enable-__cxa_atexit --enable-clocale=gnu --enable-libstdcxx-debug --enable-java-gc=boehm --enable-java-awt=xlib,gtk --with-cpp-install-dir=bin --disable-multilib --disable-werror powerpc-linux
BOOT_CFLAGS=-O2 


Build Dependencies:
Desired=Unknown/Install/Remove/Purge/Hold
| Status=Not/Installed/Config-files/Unpacked/Failed-config/Half-installed
|/ Err?=(none)/Hold/Reinst-required/X=both-problems (Status,Err: uppercase=bad)
||/ Name           Version        Description
+++-==============-==============-============================================
ii  binutils       2.14.90.0.7-5  The GNU assembler, linker and binary utiliti
ii  libc6-dev      2.3.2.ds1-11   GNU C Library: Development Libraries and Hea


Patches that Debian applied in this version:

test-summary:
  add libstdc++-v3's abi baseline to the test summary

amd64-specs:
  Use 64bits mode assembly except with -m32


Index Nav: [Date Index] [Subject Index] [Author Index] [Thread Index]
Message Nav: [Date Prev] [Date Next] [Thread Prev] [Thread Next]