This is the mail archive of the gcc-testresults@gcc.gnu.org mailing list for the GCC project.


Index Nav: [Date Index] [Subject Index] [Author Index] [Thread Index]
Message Nav: [Date Prev] [Date Next] [Thread Prev] [Thread Next]
Other format: [Raw text]

Results for 3.3.3 20040209 (prerelease) testsuite on sparc-sun-solaris2.7


LAST_UPDATED: 
Native configuration is sparc-sun-solaris2.7

		=== g++ tests ===


Running target unix/-m64

		=== g++ Summary for unix/-m64 ===

# of expected passes		8147
# of expected failures		98
# of untested testcases		21
# of unsupported tests		28

Running target unix/-fPIC

		=== g++ Summary for unix/-fPIC ===

# of expected passes		8148
# of expected failures		97
# of untested testcases		21
# of unsupported tests		28

Running target unix/-fpic

		=== g++ Summary for unix/-fpic ===

# of expected passes		8148
# of expected failures		97
# of untested testcases		21
# of unsupported tests		28

Running target unix

		=== g++ Summary for unix ===

# of expected passes		8148
# of expected failures		97
# of untested testcases		21
# of unsupported tests		28

		=== g++ Summary ===

# of expected passes		32591
# of expected failures		389
# of untested testcases		84
# of unsupported tests		112
/teal/tmpdisk/ghazi/gcc-testing/33/build/gcc/testsuite/../g++ version 3.3.3 20040209 (prerelease)

		=== g77 tests ===


Running target unix/-m64

		=== g77 Summary for unix/-m64 ===

# of expected passes		1720
# of unsupported tests		8

Running target unix/-fPIC

		=== g77 Summary for unix/-fPIC ===

# of expected passes		1720
# of unsupported tests		8

Running target unix/-fpic

		=== g77 Summary for unix/-fpic ===

# of expected passes		1720
# of unsupported tests		8

Running target unix

		=== g77 Summary for unix ===

# of expected passes		1720
# of unsupported tests		8

		=== g77 Summary ===

# of expected passes		6880
# of unsupported tests		32
/teal/tmpdisk/ghazi/gcc-testing/33/build/gcc/testsuite/../g77 version 3.3.3 20040209 (prerelease)

		=== gcc tests ===


Running target unix/-m64
WARNING: gcc.dg/20021014-1.c compilation failed to produce executable
FAIL: gcc.dg/duff-2.c (test for excess errors)
FAIL: gcc.dg/sparc-ret.c (test for excess errors)
ERROR: gcc.dg/sparc-ret.c: error executing dg-final: couldn't open "sparc-ret.s": no such file or directory
UNRESOLVED: gcc.dg/sparc-ret.c: error executing dg-final: couldn't open "sparc-ret.s": no such file or directory

		=== gcc Summary for unix/-m64 ===

# of expected passes		21472
# of unexpected failures	2
# of expected failures		77
# of unresolved testcases	1
# of unsupported tests		183

Running target unix/-fPIC
FAIL: gcc.dg/20020312-2.c (test for excess errors)
WARNING: gcc.dg/20020312-2.c compilation failed to produce executable
WARNING: gcc.dg/20021014-1.c compilation failed to produce executable
FAIL: gcc.dg/duff-2.c (test for excess errors)

		=== gcc Summary for unix/-fPIC ===

# of expected passes		21483
# of unexpected failures	2
# of expected failures		67
# of unsupported tests		183

Running target unix/-fpic
FAIL: gcc.dg/20020312-2.c (test for excess errors)
WARNING: gcc.dg/20020312-2.c compilation failed to produce executable
WARNING: gcc.dg/20021014-1.c compilation failed to produce executable
FAIL: gcc.dg/duff-2.c (test for excess errors)

		=== gcc Summary for unix/-fpic ===

# of expected passes		21483
# of unexpected failures	2
# of expected failures		67
# of unsupported tests		183

Running target unix
WARNING: gcc.dg/20021014-1.c compilation failed to produce executable
FAIL: gcc.dg/duff-2.c (test for excess errors)

		=== gcc Summary for unix ===

# of expected passes		21485
# of unexpected failures	1
# of expected failures		67
# of unsupported tests		183

		=== gcc Summary ===

# of expected passes		85923
# of unexpected failures	7
# of expected failures		278
# of unresolved testcases	1
# of unsupported tests		732
/teal/tmpdisk/ghazi/gcc-testing/33/build/gcc/xgcc version 3.3.3 20040209 (prerelease)

		=== objc tests ===


Running target unix/-m64

		=== objc Summary for unix/-m64 ===

# of expected passes		1166

Running target unix/-fPIC

		=== objc Summary for unix/-fPIC ===

# of expected passes		1166

Running target unix/-fpic

		=== objc Summary for unix/-fpic ===

# of expected passes		1166

Running target unix

		=== objc Summary for unix ===

# of expected passes		1166

		=== objc Summary ===

# of expected passes		4664
/teal/tmpdisk/ghazi/gcc-testing/33/build/gcc/xgcc version 3.3.3 20040209 (prerelease)

		=== libjava tests ===


Running target unix/-m64
FAIL: linking cxxtest
FAIL: Array_3 execution - gij test
FAIL: Array_3 execution - gij test
FAIL: FileHandleGcTest execution - source compiled test
FAIL: FileHandleGcTest execution - gij test
FAIL: FileHandleGcTest execution - bytecode->native test
FAIL: FileHandleGcTest -O execution - source compiled test
FAIL: FileHandleGcTest execution - gij test
FAIL: FileHandleGcTest -O execution - bytecode->native test
WARNING: program timed out.
FAIL: SyncTest execution - gij test
WARNING: program timed out.
FAIL: SyncTest execution - bytecode->native test
WARNING: program timed out.
FAIL: SyncTest execution - gij test
WARNING: program timed out.
FAIL: SyncTest -O execution - bytecode->native test
FAIL: Thread_Wait_Interrupt execution - gij test
FAIL: Thread_Wait_Interrupt execution - gij test

		=== libjava Summary for unix/-m64 ===

# of expected passes		2961
# of unexpected failures	15
# of expected failures		17
# of untested testcases		26

Running target unix/-fPIC
FAIL: linking cxxtest
FAIL: Array_3 execution - gij test
FAIL: Array_3 execution - gij test
FAIL: FileHandleGcTest execution - source compiled test
FAIL: FileHandleGcTest execution - bytecode->native test
FAIL: FileHandleGcTest -O execution - source compiled test
FAIL: FileHandleGcTest -O execution - bytecode->native test
FAIL: SyncTest execution - gij test
WARNING: program timed out.
FAIL: SyncTest execution - bytecode->native test
FAIL: SyncTest execution - gij test
WARNING: program timed out.
FAIL: SyncTest -O execution - bytecode->native test
FAIL: TLtest execution - gij test
FAIL: TLtest execution - gij test
FAIL: Thread_Join execution - gij test
FAIL: Thread_Join execution - gij test
FAIL: Thread_Monitor execution - gij test
FAIL: Thread_Monitor execution - gij test
FAIL: Throw_2 execution - source compiled test
FAIL: Throw_2 execution - gij test
FAIL: Throw_2 execution - bytecode->native test
FAIL: Throw_2 -O execution - source compiled test
FAIL: Throw_2 execution - gij test
FAIL: Throw_2 -O execution - bytecode->native test

		=== libjava Summary for unix/-fPIC ===

# of expected passes		2945
# of unexpected failures	23
# of expected failures		17
# of untested testcases		34

Running target unix/-fpic
FAIL: linking cxxtest
FAIL: Array_3 execution - gij test
FAIL: Array_3 execution - gij test
FAIL: FileHandleGcTest execution - source compiled test
FAIL: FileHandleGcTest execution - bytecode->native test
FAIL: FileHandleGcTest -O execution - source compiled test
FAIL: FileHandleGcTest -O execution - bytecode->native test
FAIL: SyncTest execution - gij test
WARNING: program timed out.
FAIL: SyncTest execution - bytecode->native test
FAIL: SyncTest execution - gij test
WARNING: program timed out.
FAIL: SyncTest -O execution - bytecode->native test
FAIL: TLtest execution - gij test
FAIL: TLtest execution - gij test
FAIL: Thread_Join execution - gij test
FAIL: Thread_Join execution - gij test
FAIL: Thread_Monitor execution - gij test
FAIL: Thread_Monitor execution - gij test
FAIL: Throw_2 execution - source compiled test
FAIL: Throw_2 execution - gij test
FAIL: Throw_2 execution - bytecode->native test
FAIL: Throw_2 -O execution - source compiled test
FAIL: Throw_2 execution - gij test
FAIL: Throw_2 -O execution - bytecode->native test

		=== libjava Summary for unix/-fpic ===

# of expected passes		2945
# of unexpected failures	23
# of expected failures		17
# of untested testcases		34

Running target unix
FAIL: linking cxxtest
FAIL: Array_3 execution - gij test
FAIL: Array_3 execution - gij test
FAIL: FileHandleGcTest execution - source compiled test
FAIL: FileHandleGcTest execution - bytecode->native test
FAIL: FileHandleGcTest -O execution - source compiled test
FAIL: FileHandleGcTest -O execution - bytecode->native test
FAIL: SyncTest execution - gij test
WARNING: program timed out.
FAIL: SyncTest execution - bytecode->native test
FAIL: SyncTest execution - gij test
WARNING: program timed out.
FAIL: SyncTest -O execution - bytecode->native test
FAIL: TLtest execution - gij test
FAIL: TLtest execution - gij test
FAIL: Thread_Join execution - gij test
FAIL: Thread_Join execution - gij test
FAIL: Thread_Monitor execution - gij test
FAIL: Thread_Monitor execution - gij test
FAIL: Thread_Wait_2 execution - gij test
FAIL: Thread_Wait_Interrupt execution - gij test
FAIL: Throw_2 execution - source compiled test
FAIL: Throw_2 execution - gij test
FAIL: Throw_2 execution - bytecode->native test
FAIL: Throw_2 -O execution - source compiled test
FAIL: Throw_2 execution - gij test
FAIL: Throw_2 -O execution - bytecode->native test

		=== libjava Summary for unix ===

# of expected passes		2941
# of unexpected failures	25
# of expected failures		17
# of untested testcases		36

		=== libjava Summary ===

# of expected passes		11792
# of unexpected failures	86
# of expected failures		68
# of untested testcases		130
		=== libstdc++-v3 tests ===


Running target unix/-m64

		=== libstdc++-v3 Summary for unix/-m64 ===

# of expected passes		429
# of expected failures		18

Running target unix/-fPIC

		=== libstdc++-v3 Summary for unix/-fPIC ===

# of expected passes		429
# of expected failures		18

Running target unix/-fpic

		=== libstdc++-v3 Summary for unix/-fpic ===

# of expected passes		429
# of expected failures		18

Running target unix

		=== libstdc++-v3 Summary for unix ===

# of expected passes		429
# of expected failures		18

		=== libstdc++-v3 Summary ===

# of expected passes		1716
# of expected failures		72

Compiler version: 3.3.3 20040209 (prerelease) 
Platform: sparc-sun-solaris2.7
configure flags: --host=sparc-sun-solaris2.7 --verbose


Index Nav: [Date Index] [Subject Index] [Author Index] [Thread Index]
Message Nav: [Date Prev] [Date Next] [Thread Prev] [Thread Next]