This is the mail archive of the
gcc-testresults@gcc.gnu.org
mailing list for the GCC project.
Results for 3.5.0 20040129 (experimental) testsuite on hppa-unknown-linux-gnu
- From: dave at gsyprf11 dot external dot hp dot com (John David Anglin)
- To: dave at gsyprf11 dot external dot hp dot com, gcc-testresults at gcc dot gnu dot org
- Date: Thu, 29 Jan 2004 18:19:10 -0800 (PST)
- Subject: Results for 3.5.0 20040129 (experimental) testsuite on hppa-unknown-linux-gnu
LAST_UPDATED: Thu Jan 29 18:49:54 UTC 2004
=== acats tests ===
FAIL: c64106a
FAIL: ce2102a
=== acats Summary ===
# of expected passes 1963
# of unexpected failures 2
# of unsupported tests 357
Native configuration is hppa-unknown-linux-gnu
=== g++ tests ===
Running target unix
FAIL: g++.dg/abi/covariant2.C (test for excess errors)
FAIL: g++.dg/abi/covariant3.C (test for excess errors)
WARNING: g++.dg/abi/covariant3.C compilation failed to produce executable
FAIL: g++.dg/inherit/covariant11.C (test for excess errors)
FAIL: g++.dg/inherit/covariant3.C (test for excess errors)
WARNING: g++.dg/inherit/covariant3.C compilation failed to produce executable
FAIL: g++.dg/inherit/covariant4.C (test for excess errors)
WARNING: g++.dg/inherit/covariant4.C compilation failed to produce executable
FAIL: g++.dg/inherit/covariant6.C (test for excess errors)
FAIL: g++.dg/inherit/covariant8.C (test for excess errors)
FAIL: g++.dg/inherit/covariant9.C (test for excess errors)
XPASS: g++.dg/other/packed1.C execution test
WARNING: g++.old-deja/g++.mike/p10769a.C compilation failed to produce executable
WARNING: g++.old-deja/g++.other/enum5.C compilation failed to produce executable
XPASS: g++.old-deja/g++.other/init5.C execution test
WARNING: g++.old-deja/g++.pt/friend44.C compilation failed to produce executable
FAIL: g++.old-deja/g++.robertl/eb17.C (test for excess errors)
WARNING: g++.old-deja/g++.robertl/eb17.C compilation failed to produce executable
=== g++ Summary ===
# of expected passes 9378
# of unexpected failures 9
# of unexpected successes 2
# of expected failures 65
# of unsupported tests 70
/home/dave/gcc-3.5/objdir/gcc/testsuite/../g++ version 3.5.0 20040129 (experimental)
=== g77 tests ===
Running target unix
=== g77 Summary ===
# of expected passes 1788
# of unsupported tests 6
/home/dave/gcc-3.5/objdir/gcc/testsuite/../g77 version 3.5.0 20040129 (experimental)
=== gcc tests ===
Running target unix
FAIL: gcc.c-torture/compile/20000504-1.c (test for excess errors)
FAIL: gcc.c-torture/compile/20030220-1.c (test for excess errors)
FAIL: gcc.c-torture/compile/20030220-1.c (test for excess errors)
FAIL: gcc.c-torture/compile/20030220-1.c (test for excess errors)
FAIL: gcc.c-torture/compile/20030220-1.c (test for excess errors)
FAIL: gcc.c-torture/compile/20030405-1.c (test for excess errors)
FAIL: gcc.c-torture/compile/20030405-1.c (test for excess errors)
FAIL: gcc.c-torture/compile/20030405-1.c (test for excess errors)
FAIL: gcc.c-torture/compile/20030405-1.c (test for excess errors)
FAIL: gcc.dg/20031202-1.c execution test
FAIL: gcc.dg/const-elim-1.c scan-assembler-not L\\\$?C[^A-Z]
=== gcc Summary ===
# of expected passes 24659
# of unexpected failures 11
# of expected failures 61
# of untested testcases 7
# of unsupported tests 308
/home/dave/gcc-3.5/objdir/gcc/xgcc version 3.5.0 20040129 (experimental)
=== objc tests ===
Running target unix
=== objc Summary ===
# of expected passes 1341
# of unsupported tests 8
/home/dave/gcc-3.5/objdir/gcc/xgcc version 3.5.0 20040129 (experimental)
=== libstdc++-v3 check-abi Summary ===
# of added symbols: 259
# of missing symbols: 277
# of incompatible symbols: 308
=== libstdc++ tests ===
Running target unix
FAIL: 17_intro/header_cstdarg.cc (test for excess errors)
WARNING: 17_intro/header_cstdarg.cc compilation failed to produce executable
FAIL: 17_intro/headers.cc (test for excess errors)
WARNING: 17_intro/headers.cc compilation failed to produce executable
FAIL: 17_intro/headers_c++.cc (test for excess errors)
WARNING: 17_intro/headers_c++.cc compilation failed to produce executable
FAIL: 17_intro/headers_c.cc (test for excess errors)
WARNING: 17_intro/headers_c.cc compilation failed to produce executable
FAIL: 22_locale/codecvt/in/wchar_t/9.cc execution test
FAIL: 22_locale/messages/members/char/1.cc execution test
FAIL: 22_locale/messages/members/char/2.cc execution test
FAIL: 22_locale/messages/members/char/wrapped_env.cc execution test
FAIL: 22_locale/messages/members/char/wrapped_locale.cc execution test
FAIL: 22_locale/messages_byname/named_equivalence.cc execution test
FAIL: 27_io/objects/char/1.cc (test for excess errors)
WARNING: 27_io/objects/char/1.cc compilation failed to produce executable
FAIL: 27_io/objects/wchar_t/1.cc (test for excess errors)
WARNING: 27_io/objects/wchar_t/1.cc compilation failed to produce executable
FAIL: ext/enc_filebuf/char/13189.cc (test for excess errors)
WARNING: ext/enc_filebuf/char/13189.cc compilation failed to produce executable
FAIL: ext/enc_filebuf/wchar_t/13189.cc (test for excess errors)
WARNING: ext/enc_filebuf/wchar_t/13189.cc compilation failed to produce executable
FAIL: thread/pthread7-rope.cc execution test
=== libstdc++ Summary ===
# of expected passes 2499
# of unexpected failures 15
# of expected failures 12
Compiler version: 3.5.0 20040129 (experimental)
Platform: hppa-unknown-linux-gnu
configure flags: --with-gnu-as --with-as=/home/dave/opt/gnu/bin/as --with-gnu-ld --with-ld=/home/dave/opt/gnu/bin/ld --enable-shared --disable-nls --prefix=/home/dave/opt/gnu/gcc/gcc-3.5 --with-local-prefix=/home/dave/opt/gnu --enable-threads=posix --enable-__cxa_atexit --host=hppa-linux