This is the mail archive of the
gcc-testresults@gcc.gnu.org
mailing list for the GCC project.
Results for 3.4.0 20040125 (prerelease) testsuite on i586-redhat-linux-gnu
- From: Eric Botcazou <eric at localhost dot localdomain>
- To: gcc-testresults at gcc dot gnu dot org
- Date: Mon, 26 Jan 2004 21:45:13 +0100
- Subject: Results for 3.4.0 20040125 (prerelease) testsuite on i586-redhat-linux-gnu
LAST_UPDATED: Sun Jan 25 17:18:40 UTC 2004
Native configuration is i586-redhat-linux-gnu
=== g77 tests ===
Running target unix
=== g77 Summary ===
# of expected passes 1788
# of unsupported tests 6
/home/eric/cvs/gcc-3_4-branch/obj/gcc/testsuite/../g77 version 3.4.0 20040125 (prerelease)
=== gcc tests ===
Running target unix
FAIL: gcc.c-torture/execute/va-arg-25.c execution, -Os
FAIL: gcc.dg/i386-sse-6.c execution test
=== gcc Summary ===
# of expected passes 24279
# of unexpected failures 2
# of expected failures 70
# of untested testcases 7
# of unsupported tests 178
/home/eric/cvs/gcc-3_4-branch/obj/gcc/xgcc version 3.4.0 20040125 (prerelease)
=== g++ tests ===
Running target unix
WARNING: g++.old-deja/g++.mike/p10769a.C compilation failed to produce executable
WARNING: g++.old-deja/g++.other/enum5.C compilation failed to produce executable
WARNING: g++.old-deja/g++.pt/friend44.C compilation failed to produce executable
=== g++ Summary ===
# of expected passes 9413
# of expected failures 60
# of unsupported tests 30
/home/eric/cvs/gcc-3_4-branch/obj/gcc/testsuite/../g++ version 3.4.0 20040125 (prerelease)
=== objc tests ===
Running target unix
=== objc Summary ===
# of expected passes 1341
# of unsupported tests 8
/home/eric/cvs/gcc-3_4-branch/obj/gcc/xgcc version 3.4.0 20040125 (prerelease)
=== libffi tests ===
Running target unix
=== libffi Summary ===
# of expected passes 212
# of unsupported tests 2
=== libjava tests ===
Running target unix
FAIL: linking simple
FAIL: SyncGlobal -O3 execution - bytecode->native test
FAIL: Thread_Interrupt -O3 output - source compiled test
=== libjava Summary ===
# of expected passes 3257
# of unexpected failures 3
# of expected failures 11
# of untested testcases 9
=== libstdc++-v3 check-abi Summary ===
# of added symbols: 250
# of missing symbols: 255
# of incompatible symbols: 286
=== libstdc++ tests ===
Running target unix
FAIL: 22_locale/codecvt/encoding/wchar_t/wrapped_locale.cc execution test
FAIL: 22_locale/codecvt/in/wchar_t/9.cc execution test
FAIL: 22_locale/codecvt/max_length/wchar_t/wrapped_locale.cc execution test
FAIL: 22_locale/ctype/widen/wchar_t/2.cc execution test
FAIL: 22_locale/locale/cons/12438.cc execution test
FAIL: 22_locale/messages/members/char/1.cc execution test
FAIL: 22_locale/messages/members/char/2.cc execution test
FAIL: 22_locale/messages/members/char/wrapped_env.cc execution test
FAIL: 22_locale/messages/members/char/wrapped_locale.cc execution test
FAIL: 22_locale/messages_byname/named_equivalence.cc execution test
XPASS: 26_numerics/c99_classification_macros_c.cc (test for excess errors)
FAIL: 27_io/basic_filebuf/imbue/wchar_t/12868.cc execution test
FAIL: 27_io/basic_filebuf/overflow/wchar_t/11305-1.cc execution test
FAIL: 27_io/basic_filebuf/overflow/wchar_t/11305-2.cc execution test
FAIL: 27_io/basic_filebuf/overflow/wchar_t/11305-3.cc execution test
FAIL: 27_io/basic_filebuf/overflow/wchar_t/11305-4.cc execution test
FAIL: 27_io/basic_filebuf/seekoff/wchar_t/1.cc execution test
FAIL: 27_io/basic_filebuf/seekoff/wchar_t/2.cc execution test
FAIL: 27_io/basic_filebuf/seekpos/wchar_t/9874.cc execution test
FAIL: 27_io/basic_filebuf/underflow/wchar_t/1.cc execution test
FAIL: 27_io/basic_filebuf/underflow/wchar_t/2.cc execution test
FAIL: 27_io/basic_filebuf/underflow/wchar_t/3.cc execution test
FAIL: 27_io/basic_filebuf/underflow/wchar_t/9520.cc execution test
=== libstdc++ Summary ===
# of expected passes 2490
# of unexpected failures 22
# of unexpected successes 1
# of expected failures 11
Compiler version: 3.4.0 20040125 (prerelease)
Platform: i586-redhat-linux-gnu
configure flags: --host=i586-redhat-linux-gnu --prefix=/usr/local --enable-languages=c,c++,objc,f77,java --enable-checking=misc,tree,rtlflag