This is the mail archive of the
gcc-testresults@gcc.gnu.org
mailing list for the GCC project.
Results for 3.5-tree-ssa 20040115 (merged 20040102) testsuite on i586-suse-linux-gnu
- From: rschiele at uni-mannheim dot de (Robert Schiele)
- To: gcc-testresults at gcc dot gnu dot org
- Date: Thu, 15 Jan 2004 06:23:41 +0100
- Subject: Results for 3.5-tree-ssa 20040115 (merged 20040102) testsuite on i586-suse-linux-gnu
LAST_UPDATED: Thu Jan 15 00:18:42 UTC 2004
Native configuration is i586-suse-linux-gnu
=== gcc tests ===
Running target unix
XPASS: gcc.c-torture/execute/string-opt-18.c execution, -O0
XPASS: gcc.c-torture/execute/string-opt-18.c execution, -O1
XPASS: gcc.c-torture/execute/string-opt-18.c execution, -O2
XPASS: gcc.c-torture/execute/string-opt-18.c execution, -O3 -fomit-frame-pointer
XPASS: gcc.c-torture/execute/string-opt-18.c execution, -O3 -g
XPASS: gcc.c-torture/execute/string-opt-18.c execution, -Os
FAIL: gcc.c-torture/execute/string-opt-7.c execution, -O1
FAIL: gcc.c-torture/execute/string-opt-7.c execution, -O2
FAIL: gcc.c-torture/execute/string-opt-7.c execution, -O3 -fomit-frame-pointer
FAIL: gcc.c-torture/execute/string-opt-7.c execution, -O3 -g
FAIL: gcc.c-torture/execute/string-opt-7.c execution, -Os
FAIL: gcc.c-torture/execute/va-arg-25.c execution, -O0
FAIL: gcc.c-torture/execute/va-arg-25.c execution, -O1
FAIL: gcc.c-torture/execute/va-arg-25.c execution, -O2
FAIL: gcc.c-torture/execute/va-arg-25.c execution, -O3 -fomit-frame-pointer
FAIL: gcc.c-torture/execute/va-arg-25.c execution, -O3 -g
FAIL: gcc.c-torture/execute/va-arg-25.c execution, -Os
FAIL: gcc.dg/20030331-2.c (test for excess errors)
FAIL: gcc.dg/20031202-1.c execution test
FAIL: gcc.dg/20031222-1.c (test for errors, line 17)
FAIL: gcc.dg/20031222-1.c (test for excess errors)
FAIL: gcc.dg/builtins-10.c (test for excess errors)
FAIL: gcc.dg/builtins-26.c (test for excess errors)
FAIL: gcc.dg/builtins-7.c (test for excess errors)
FAIL: gcc.dg/dwarf-die5.c scan-assembler 3.*DW_AT_inline
FAIL: gcc.dg/dwarf-die7.c scan-assembler 1.*DW_AT_inline
FAIL: gcc.dg/noreturn-7.c (test for warnings, line 42)
FAIL: gcc.dg/noreturn-7.c (test for excess errors)
XPASS: gcc.dg/uninit-4.c uninitialized variable warning (test for bogus messages, line 26)
XPASS: gcc.dg/uninit-5.c uninitialized variable warning (test for bogus messages, line 13)
XPASS: gcc.dg/uninit-5.c uninitialized variable warning (test for bogus messages, line 27)
XPASS: gcc.dg/uninit-8.c uninitialized variable warning (test for bogus messages, line 14)
FAIL: gcc.dg/uninit-D.c (test for excess errors)
FAIL: gcc.dg/warn-1.c (test for warnings, line 8)
FAIL: gcc.dg/torture/builtin-explog-1.c (test for excess errors)
FAIL: gcc.dg/torture/builtin-explog-1.c (test for excess errors)
FAIL: gcc.dg/torture/builtin-explog-1.c (test for excess errors)
FAIL: gcc.dg/torture/builtin-explog-1.c (test for excess errors)
FAIL: gcc.dg/torture/builtin-explog-1.c (test for excess errors)
FAIL: gcc.dg/torture/builtin-explog-1.c (test for excess errors)
FAIL: gcc.dg/tree-ssa/20030731-1.c scan-tree-dump-times target.*!= 0 0
FAIL: gcc.dg/tree-ssa/20030807-3.c scan-tree-dump-times if 2
FAIL: gcc.dg/tree-ssa/20030807-4.c scan-tree-dump-times if 2
FAIL: gcc.dg/tree-ssa/20030814-6.c scan-tree-dump-times common.code 1
FAIL: gcc.dg/tree-ssa/20030922-1.c scan-tree-dump-times if 0
FAIL: gcc.dg/tree-ssa/20030922-2.c scan-tree-dump-times if 2
FAIL: gcc.dg/tree-ssa/20031015-1.c scan-tree-dump-times VUSE 1
FAIL: gcc.dg/tree-ssa/20031106-1.c scan-tree-dump-times testarray 1
FAIL: gcc.dg/tree-ssa/20031106-2.c scan-tree-dump-times teststruct 1
FAIL: gcc.dg/tree-ssa/20031106-3.c scan-tree-dump-times link_error 0
FAIL: gcc.dg/tree-ssa/20031106-4.c scan-tree-dump-times link_error 0
FAIL: gcc.dg/tree-ssa/20031106-5.c scan-tree-dump-times link_error 0
FAIL: gcc.dg/tree-ssa/20031106-6.c scan-tree-dump-times temp_struct 0
FAIL: gcc.dg/tree-ssa/20031216-1.c scan-tree-dump-times link_error 0
FAIL: gcc.dg/tree-ssa/asm-1.c (test for excess errors)
FAIL: gcc.dg/tree-ssa/sra-2.c scan-tree-dump-times link_error 0
FAIL: gcc.dg/tree-ssa/sra-3.c scan-tree-dump-times link_error 0
FAIL: gcc.dg/tree-ssa/ssa-ccp-11.c scan-tree-dump-times if 0
FAIL: gcc.dg/tree-ssa/ssa-ccp-3.c scan-tree-dump-times link_error 0
FAIL: gcc.dg/tree-ssa/ssa-ccp-4.c scan-tree-dump-times link_error 0
FAIL: gcc.dg/tree-ssa/ssa-ccp-5.c scan-tree-dump-times link_error 0
FAIL: gcc.dg/tree-ssa/ssa-ccp-6.c scan-tree-dump-times link_error 0
FAIL: gcc.dg/tree-ssa/ssa-ccp-8.c scan-tree-dump-times link_error 0
FAIL: 209: expected branch percentages not found: 25
FAIL: gcc.misc-tests/gcov-4b.c gcov: 0 failures in line counts, 1 in branch percentages, 0 in return percentages
=== gcc Summary ===
# of expected passes 24648
# of unexpected failures 55
# of unexpected successes 10
# of expected failures 68
# of untested testcases 7
# of unsupported tests 166
/local/build/gcc/xgcc version 3.5-tree-ssa 20040115 (merged 20040102)
=== gfortran tests ===
Running target unix
=== gfortran Summary ===
# of expected passes 2520
/local/build/gcc/testsuite/../gfortran version 3.5-tree-ssa 20040115 (merged 20040102)
=== g++ tests ===
Running target unix
XPASS: g++.dg/ext/lvalue1.C not an lvalue (test for errors, line 7)
XPASS: g++.dg/parse/stack1.C (test for excess errors)
XPASS: g++.dg/warn/Wunused-2.C (test for warnings, line 5)
FAIL: 258: expected branch percentages not found: 25
FAIL: g++.dg/gcov/gcov-1.C gcov: 0 failures in line counts, 1 in branch percentages, 0 in return percentages
FAIL: 23:is 2:should be 1
FAIL: g++.dg/gcov/gcov-2.C gcov: 1 failures in line counts, 0 in branch percentages, 0 in return percentages
WARNING: g++.old-deja/g++.mike/p10769a.C compilation failed to produce executable
WARNING: g++.old-deja/g++.other/enum5.C compilation failed to produce executable
XPASS: g++.old-deja/g++.other/init5.C execution test
WARNING: g++.old-deja/g++.pt/friend44.C compilation failed to produce executable
=== g++ Summary ===
# of expected passes 9336
# of unexpected failures 4
# of unexpected successes 4
# of expected failures 56
# of unsupported tests 30
/local/build/gcc/testsuite/../g++ version 3.5-tree-ssa 20040115 (merged 20040102)
=== objc tests ===
Running target unix
=== objc Summary ===
# of expected passes 1339
# of unsupported tests 7
/local/build/gcc/xgcc version 3.5-tree-ssa 20040115 (merged 20040102)
=== libmudflap tests ===
Running target unix
=== libmudflap Summary ===
# of expected passes 1052
=== libstdc++-v3 check-abi Summary ===
# of added symbols: 237
# of missing symbols: 243
# of incompatible symbols: 274
=== libstdc++ tests ===
Running target unix
FAIL: 22_locale/locale/cons/12352.cc execution test
FAIL: 23_containers/deque/invalidation/4.cc execution test
FAIL: 23_containers/list/invalidation/3.cc execution test
FAIL: 23_containers/list/invalidation/4.cc execution test
XPASS: 26_numerics/c99_classification_macros_c.cc (test for excess errors)
=== libstdc++ Summary ===
# of expected passes 2466
# of unexpected failures 4
# of unexpected successes 1
# of expected failures 11
Compiler version: 3.5-tree-ssa 20040115 (merged 20040102)
Platform: i586-suse-linux-gnu
configure flags: --enable-threads=posix --prefix=/local/inst/gccssa --enable-languages=c,c++,f95,objc --disable-checking --disable-libgcj --with-gxx-include-dir=/local/inst/gccssa/include/g++ --with-system-zlib --enable-shared --enable-__cxa_atexit i586-suse-linux --with-libbanshee