This is the mail archive of the
gcc-testresults@gcc.gnu.org
mailing list for the GCC project.
Results for 3.4.0 20040114 (experimental) testsuite on i686-pc-linux-gnu
- From: Steven Bosscher <stevenb at suse dot de>
- To: gcc-testresults at gcc dot gnu dot org
- Date: Wed, 14 Jan 2004 11:54:10 +0100
- Subject: Results for 3.4.0 20040114 (experimental) testsuite on i686-pc-linux-gnu
- Organization: SUSE Labs
LAST_UPDATED: Wed Jan 14 08:41:14 UTC 2004
Native configuration is i686-pc-linux-gnu
=== g77 tests ===
Running target unix
=== g77 Summary ===
# of expected passes 1800
/home/steven/devel/trunkbuild/gcc/testsuite/../g77 version 3.4.0 20040114 (experimental)
=== gcc tests ===
Running target unix
FAIL: gcc.c-torture/execute/va-arg-25.c execution, -O0
FAIL: gcc.c-torture/execute/va-arg-25.c execution, -O1
FAIL: gcc.c-torture/execute/va-arg-25.c execution, -O2
FAIL: gcc.c-torture/execute/va-arg-25.c execution, -O3 -fomit-frame-pointer
FAIL: gcc.c-torture/execute/va-arg-25.c execution, -O3 -g
FAIL: gcc.c-torture/execute/va-arg-25.c execution, -Os
FAIL: gcc.dg/i386-sse-6.c execution test
=== gcc Summary ===
# of expected passes 24259
# of unexpected failures 7
# of expected failures 70
# of untested testcases 7
# of unsupported tests 169
/home/steven/devel/trunkbuild/gcc/xgcc version 3.4.0 20040114 (experimental)
=== g++ tests ===
Running target unix
FAIL: g++.old-deja/g++.eh/cleanup2.C (test for excess errors)
WARNING: g++.old-deja/g++.eh/cleanup2.C compilation failed to produce executable
WARNING: g++.old-deja/g++.mike/p10769a.C compilation failed to produce executable
WARNING: g++.old-deja/g++.other/enum5.C compilation failed to produce executable
WARNING: g++.old-deja/g++.pt/friend44.C compilation failed to produce executable
=== g++ Summary ===
# of expected passes 9370
# of unexpected failures 1
# of expected failures 60
# of unsupported tests 30
/home/steven/devel/trunkbuild/gcc/testsuite/../g++ version 3.4.0 20040114 (experimental)
=== objc tests ===
Running target unix
=== objc Summary ===
# of expected passes 1339
# of unsupported tests 7
/home/steven/devel/trunkbuild/gcc/xgcc version 3.4.0 20040114 (experimental)
=== libstdc++-v3 check-abi Summary ===
# of added symbols: 244
# of missing symbols: 251
# of incompatible symbols: 282
=== libstdc++ tests ===
Running target unix
FAIL: 22_locale/locale/cons/12352.cc execution test
FAIL: 22_locale/messages/members/char/1.cc execution test
FAIL: 22_locale/messages/members/char/2.cc execution test
FAIL: 22_locale/messages/members/char/wrapped_env.cc execution test
FAIL: 22_locale/messages/members/char/wrapped_locale.cc execution test
FAIL: 22_locale/messages_byname/named_equivalence.cc execution test
FAIL: 23_containers/bitset/invalidation/1.cc (test for excess errors)
WARNING: 23_containers/bitset/invalidation/1.cc compilation failed to produce executable
FAIL: 23_containers/deque/invalidation/1.cc (test for excess errors)
WARNING: 23_containers/deque/invalidation/1.cc compilation failed to produce executable
FAIL: 23_containers/deque/invalidation/2.cc (test for excess errors)
WARNING: 23_containers/deque/invalidation/2.cc compilation failed to produce executable
FAIL: 23_containers/deque/invalidation/3.cc (test for excess errors)
WARNING: 23_containers/deque/invalidation/3.cc compilation failed to produce executable
FAIL: 23_containers/deque/invalidation/4.cc (test for excess errors)
WARNING: 23_containers/deque/invalidation/4.cc compilation failed to produce executable
FAIL: 23_containers/list/invalidation/1.cc (test for excess errors)
WARNING: 23_containers/list/invalidation/1.cc compilation failed to produce executable
FAIL: 23_containers/list/invalidation/2.cc (test for excess errors)
WARNING: 23_containers/list/invalidation/2.cc compilation failed to produce executable
FAIL: 23_containers/list/invalidation/3.cc (test for excess errors)
WARNING: 23_containers/list/invalidation/3.cc compilation failed to produce executable
FAIL: 23_containers/list/invalidation/4.cc (test for excess errors)
WARNING: 23_containers/list/invalidation/4.cc compilation failed to produce executable
FAIL: 23_containers/map/invalidation/1.cc (test for excess errors)
WARNING: 23_containers/map/invalidation/1.cc compilation failed to produce executable
FAIL: 23_containers/map/invalidation/2.cc (test for excess errors)
WARNING: 23_containers/map/invalidation/2.cc compilation failed to produce executable
FAIL: 23_containers/multimap/invalidation/1.cc (test for excess errors)
WARNING: 23_containers/multimap/invalidation/1.cc compilation failed to produce executable
FAIL: 23_containers/multimap/invalidation/2.cc (test for excess errors)
WARNING: 23_containers/multimap/invalidation/2.cc compilation failed to produce executable
FAIL: 23_containers/multiset/invalidation/1.cc (test for excess errors)
WARNING: 23_containers/multiset/invalidation/1.cc compilation failed to produce executable
FAIL: 23_containers/multiset/invalidation/2.cc (test for excess errors)
WARNING: 23_containers/multiset/invalidation/2.cc compilation failed to produce executable
FAIL: 23_containers/set/invalidation/1.cc (test for excess errors)
WARNING: 23_containers/set/invalidation/1.cc compilation failed to produce executable
FAIL: 23_containers/set/invalidation/2.cc (test for excess errors)
WARNING: 23_containers/set/invalidation/2.cc compilation failed to produce executable
FAIL: 23_containers/vector/invalidation/1.cc (test for excess errors)
WARNING: 23_containers/vector/invalidation/1.cc compilation failed to produce executable
FAIL: 23_containers/vector/invalidation/2.cc (test for excess errors)
WARNING: 23_containers/vector/invalidation/2.cc compilation failed to produce executable
FAIL: 23_containers/vector/invalidation/3.cc (test for excess errors)
WARNING: 23_containers/vector/invalidation/3.cc compilation failed to produce executable
FAIL: 23_containers/vector/invalidation/4.cc (test for excess errors)
WARNING: 23_containers/vector/invalidation/4.cc compilation failed to produce executable
XPASS: 26_numerics/c99_classification_macros_c.cc (test for excess errors)
=== libstdc++ Summary ===
# of expected passes 2458
# of unexpected failures 27
# of unexpected successes 1
# of expected failures 11
Compiler version: 3.4.0 20040114 (experimental)
Platform: i686-pc-linux-gnu
configure flags: --enable-languages=c,c++,objc,f77 --disable-nls --disable-multilib --disable-checking --prefix=/opt/experimental/ --program-suffix=-3.4