This is the mail archive of the
gcc-testresults@gcc.gnu.org
mailing list for the GCC project.
Results for 3.4.0 20040112 (experimental) gcc testsuite on m68k-unknown-netbsdelf1.6.2.
- From: Bernardo Innocenti <bernie at develer dot com>
- To: gcc-testresults at gcc dot gnu dot org
- Date: Tue, 13 Jan 2004 21:40:40 +0100
- Subject: Results for 3.4.0 20040112 (experimental) gcc testsuite on m68k-unknown-netbsdelf1.6.2.
- Organization: Develer S.r.l.
LAST_UPDATED:
Native configuration is m68k-unknown-netbsdelf1.6.2.
=== gcc tests ===
Running target unix
WARNING: program timed out.
FAIL: gcc.c-torture/compile/20001226-1.c (test for excess errors)
WARNING: program timed out.
FAIL: gcc.c-torture/compile/20001226-1.c (test for excess errors)
FAIL: gcc.c-torture/compile/20001226-1.c (test for excess errors)
FAIL: gcc.c-torture/compile/20001226-1.c (test for excess errors)
FAIL: gcc.c-torture/compile/20001226-1.c (test for excess errors)
FAIL: gcc.c-torture/compile/20001226-1.c (test for excess errors)
FAIL: gcc.c-torture/execute/builtins/string-3.c execution, -O1
FAIL: gcc.c-torture/execute/builtins/string-3.c execution, -O2
FAIL: gcc.c-torture/execute/builtins/string-3.c execution, -O3 -fomit-frame-pointer
FAIL: gcc.c-torture/execute/builtins/string-3.c execution, -O3 -g
FAIL: gcc.c-torture/execute/builtins/string-3.c execution, -Os
FAIL: gcc.c-torture/execute/20000822-1.c execution, -O0
FAIL: gcc.c-torture/execute/20000822-1.c execution, -O1
FAIL: gcc.c-torture/execute/20000822-1.c execution, -O2
FAIL: gcc.c-torture/execute/20000822-1.c execution, -O3 -fomit-frame-pointer
FAIL: gcc.c-torture/execute/20000822-1.c execution, -O3 -g
FAIL: gcc.c-torture/execute/20000822-1.c execution, -Os
FAIL: gcc.c-torture/execute/20001108-1.c execution, -O3 -fomit-frame-pointer
FAIL: gcc.c-torture/execute/20001108-1.c execution, -O3 -g
FAIL: gcc.c-torture/execute/20001203-2.c execution, -O3 -fomit-frame-pointer
FAIL: gcc.c-torture/execute/20001203-2.c execution, -O3 -g
FAIL: gcc.c-torture/execute/20020226-1.c execution, -O0
FAIL: gcc.c-torture/execute/20020226-1.c execution, -O1
FAIL: gcc.c-torture/execute/20020226-1.c execution, -O2
FAIL: gcc.c-torture/execute/20020226-1.c execution, -O3 -fomit-frame-pointer
FAIL: gcc.c-torture/execute/20020226-1.c execution, -O3 -g
FAIL: gcc.c-torture/execute/20020226-1.c execution, -Os
FAIL: gcc.c-torture/execute/20020418-1.c execution, -O1
FAIL: gcc.c-torture/execute/20020418-1.c execution, -O2
FAIL: gcc.c-torture/execute/20020418-1.c execution, -Os
FAIL: gcc.c-torture/execute/20020508-1.c execution, -O0
FAIL: gcc.c-torture/execute/20020508-1.c execution, -O1
FAIL: gcc.c-torture/execute/20020508-1.c execution, -O2
FAIL: gcc.c-torture/execute/20020508-1.c execution, -O3 -fomit-frame-pointer
FAIL: gcc.c-torture/execute/20020508-1.c execution, -O3 -g
FAIL: gcc.c-torture/execute/20020508-1.c execution, -Os
FAIL: gcc.c-torture/execute/20020508-2.c execution, -O0
FAIL: gcc.c-torture/execute/20020508-2.c execution, -O1
FAIL: gcc.c-torture/execute/20020508-2.c execution, -O2
FAIL: gcc.c-torture/execute/20020508-2.c execution, -O3 -fomit-frame-pointer
FAIL: gcc.c-torture/execute/20020508-2.c execution, -O3 -g
FAIL: gcc.c-torture/execute/20020508-2.c execution, -Os
FAIL: gcc.c-torture/execute/20020508-3.c execution, -O0
FAIL: gcc.c-torture/execute/20020508-3.c execution, -O1
FAIL: gcc.c-torture/execute/20020508-3.c execution, -O2
FAIL: gcc.c-torture/execute/20020508-3.c execution, -O3 -fomit-frame-pointer
FAIL: gcc.c-torture/execute/20020508-3.c execution, -O3 -g
FAIL: gcc.c-torture/execute/20020508-3.c execution, -Os
FAIL: gcc.c-torture/execute/20020720-1.c compilation, -O1
UNRESOLVED: gcc.c-torture/execute/20020720-1.c execution, -O1
FAIL: gcc.c-torture/execute/920829-1.c execution, -O0
FAIL: gcc.c-torture/execute/920829-1.c execution, -O1
FAIL: gcc.c-torture/execute/920829-1.c execution, -O2
FAIL: gcc.c-torture/execute/920829-1.c execution, -O3 -fomit-frame-pointer
FAIL: gcc.c-torture/execute/920829-1.c execution, -O3 -g
FAIL: gcc.c-torture/execute/920829-1.c execution, -Os
FAIL: gcc.c-torture/execute/921215-1.c execution, -O0
FAIL: gcc.c-torture/execute/921215-1.c execution, -O1
FAIL: gcc.c-torture/execute/921215-1.c execution, -O2
FAIL: gcc.c-torture/execute/921215-1.c execution, -O3 -fomit-frame-pointer
FAIL: gcc.c-torture/execute/921215-1.c execution, -O3 -g
FAIL: gcc.c-torture/execute/921215-1.c execution, -Os
FAIL: gcc.c-torture/execute/930921-1.c execution, -O3 -fomit-frame-pointer -funroll-loops
FAIL: gcc.c-torture/execute/930921-1.c execution, -O3 -fomit-frame-pointer -funroll-all-loops -finline-functions
FAIL: gcc.c-torture/execute/930930-2.c execution, -O1
FAIL: gcc.c-torture/execute/930930-2.c execution, -O2
FAIL: gcc.c-torture/execute/930930-2.c execution, -O3 -fomit-frame-pointer
FAIL: gcc.c-torture/execute/930930-2.c execution, -O3 -g
FAIL: gcc.c-torture/execute/930930-2.c execution, -Os
FAIL: gcc.c-torture/execute/931002-1.c execution, -O0
FAIL: gcc.c-torture/execute/931002-1.c execution, -O1
FAIL: gcc.c-torture/execute/931002-1.c execution, -O2
FAIL: gcc.c-torture/execute/931002-1.c execution, -O3 -fomit-frame-pointer
FAIL: gcc.c-torture/execute/931002-1.c execution, -O3 -g
FAIL: gcc.c-torture/execute/931002-1.c execution, -Os
FAIL: gcc.c-torture/execute/950511-1.c execution, -O3 -fomit-frame-pointer
FAIL: gcc.c-torture/execute/950511-1.c execution, -O3 -g
FAIL: gcc.c-torture/execute/960416-1.c execution, -O3 -fomit-frame-pointer
FAIL: gcc.c-torture/execute/960416-1.c execution, -O3 -g
FAIL: gcc.c-torture/execute/961213-1.c execution, -O3 -fomit-frame-pointer -funroll-all-loops -finline-functions
FAIL: gcc.c-torture/execute/ashldi-1.c execution, -O0
FAIL: gcc.c-torture/execute/ashldi-1.c execution, -O1
FAIL: gcc.c-torture/execute/ashldi-1.c execution, -O2
FAIL: gcc.c-torture/execute/ashldi-1.c execution, -O3 -fomit-frame-pointer
FAIL: gcc.c-torture/execute/ashldi-1.c execution, -O3 -fomit-frame-pointer -funroll-loops
FAIL: gcc.c-torture/execute/ashldi-1.c execution, -O3 -fomit-frame-pointer -funroll-all-loops -finline-functions
FAIL: gcc.c-torture/execute/ashldi-1.c execution, -O3 -g
FAIL: gcc.c-torture/execute/ashldi-1.c execution, -Os
FAIL: gcc.c-torture/execute/ashrdi-1.c execution, -O0
FAIL: gcc.c-torture/execute/ashrdi-1.c execution, -O1
FAIL: gcc.c-torture/execute/ashrdi-1.c execution, -O2
FAIL: gcc.c-torture/execute/ashrdi-1.c execution, -O3 -fomit-frame-pointer
FAIL: gcc.c-torture/execute/ashrdi-1.c execution, -O3 -fomit-frame-pointer -funroll-loops
FAIL: gcc.c-torture/execute/ashrdi-1.c execution, -O3 -fomit-frame-pointer -funroll-all-loops -finline-functions
FAIL: gcc.c-torture/execute/ashrdi-1.c execution, -O3 -g
FAIL: gcc.c-torture/execute/ashrdi-1.c execution, -Os
FAIL: gcc.c-torture/execute/lshrdi-1.c execution, -O0
FAIL: gcc.c-torture/execute/lshrdi-1.c execution, -O1
FAIL: gcc.c-torture/execute/lshrdi-1.c execution, -O2
FAIL: gcc.c-torture/execute/lshrdi-1.c execution, -O3 -fomit-frame-pointer
FAIL: gcc.c-torture/execute/lshrdi-1.c execution, -O3 -fomit-frame-pointer -funroll-loops
FAIL: gcc.c-torture/execute/lshrdi-1.c execution, -O3 -fomit-frame-pointer -funroll-all-loops -finline-functions
FAIL: gcc.c-torture/execute/lshrdi-1.c execution, -O3 -g
FAIL: gcc.c-torture/execute/lshrdi-1.c execution, -Os
FAIL: gcc.c-torture/execute/nestfunc-1.c execution, -O0
FAIL: gcc.c-torture/execute/nestfunc-1.c execution, -O1
FAIL: gcc.c-torture/execute/nestfunc-1.c execution, -O2
FAIL: gcc.c-torture/execute/nestfunc-1.c execution, -O3 -fomit-frame-pointer
FAIL: gcc.c-torture/execute/nestfunc-1.c execution, -O3 -g
FAIL: gcc.c-torture/execute/nestfunc-1.c execution, -Os
FAIL: gcc.c-torture/execute/nestfunc-2.c execution, -O0
FAIL: gcc.c-torture/execute/nestfunc-2.c execution, -O1
FAIL: gcc.c-torture/execute/nestfunc-2.c execution, -O2
FAIL: gcc.c-torture/execute/nestfunc-2.c execution, -O3 -fomit-frame-pointer
FAIL: gcc.c-torture/execute/nestfunc-2.c execution, -O3 -fomit-frame-pointer -funroll-loops
FAIL: gcc.c-torture/execute/nestfunc-2.c execution, -O3 -fomit-frame-pointer -funroll-all-loops -finline-functions
FAIL: gcc.c-torture/execute/nestfunc-2.c execution, -O3 -g
FAIL: gcc.c-torture/execute/nestfunc-2.c execution, -Os
FAIL: gcc.c-torture/execute/nestfunc-3.c execution, -O0
FAIL: gcc.c-torture/execute/nestfunc-3.c execution, -O1
FAIL: gcc.c-torture/execute/nestfunc-3.c execution, -O2
FAIL: gcc.c-torture/execute/nestfunc-3.c execution, -O3 -fomit-frame-pointer
FAIL: gcc.c-torture/execute/nestfunc-3.c execution, -O3 -fomit-frame-pointer -funroll-loops
FAIL: gcc.c-torture/execute/nestfunc-3.c execution, -O3 -fomit-frame-pointer -funroll-all-loops -finline-functions
FAIL: gcc.c-torture/execute/nestfunc-3.c execution, -O3 -g
FAIL: gcc.c-torture/execute/nestfunc-3.c execution, -Os
FAIL: gcc.c-torture/execute/nestfunc-5.c execution, -O0
FAIL: gcc.c-torture/execute/nestfunc-5.c execution, -O1
FAIL: gcc.c-torture/execute/nestfunc-5.c execution, -O2
FAIL: gcc.c-torture/execute/nestfunc-5.c execution, -O3 -fomit-frame-pointer
FAIL: gcc.c-torture/execute/nestfunc-5.c execution, -O3 -g
FAIL: gcc.c-torture/execute/nestfunc-5.c execution, -Os
FAIL: gcc.c-torture/execute/nestfunc-6.c execution, -O0
FAIL: gcc.c-torture/execute/nestfunc-6.c execution, -O1
FAIL: gcc.c-torture/execute/nestfunc-6.c execution, -O2
FAIL: gcc.c-torture/execute/nestfunc-6.c execution, -O3 -fomit-frame-pointer
FAIL: gcc.c-torture/execute/nestfunc-6.c execution, -O3 -g
FAIL: gcc.c-torture/execute/nestfunc-6.c execution, -Os
FAIL: gcc.c-torture/execute/ieee/930529-1.c execution, -O2
FAIL: gcc.c-torture/execute/ieee/930529-1.c execution, -O3 -fomit-frame-pointer
FAIL: gcc.c-torture/execute/ieee/930529-1.c execution, -O3 -g
FAIL: gcc.c-torture/execute/ieee/930529-1.c execution, -Os
FAIL: gcc.dg/compat/struct-align-2 c_compat_x_tst.o-c_compat_y_tst.o execute
WARNING: program timed out.
FAIL: gcc.dg/compat/struct-by-value-10 c_compat_x_tst.o compile
UNRESOLVED: gcc.dg/compat/struct-by-value-10 c_compat_x_tst.o-c_compat_y_tst.o link
UNRESOLVED: gcc.dg/compat/struct-by-value-10 c_compat_x_tst.o-c_compat_y_tst.o execute
FAIL: gcc.dg/cpp/assert4.c (test for excess errors)
WARNING: program timed out.
FAIL: gcc.dg/20020425-1.c (test for excess errors)
FAIL: gcc.dg/bf-spl1.c execution test
FAIL: gcc.dg/builtins-20.c (test for excess errors)
WARNING: program timed out.
FAIL: gcc.dg/c99-intconst-1.c (test for excess errors)
XPASS: gcc.dg/sibcall-3.c execution test
XPASS: gcc.dg/sibcall-4.c execution test
FAIL: gcc.dg/trampoline-1.c execution test
FAIL: gcc.dg/visibility-1.c (test for excess errors)
FAIL: gcc.dg/visibility-1.c scan-assembler \\.hidden.*foo
FAIL: gcc.dg/visibility-2.c (test for excess errors)
FAIL: gcc.dg/visibility-2.c scan-assembler \\.hidden.*foo
FAIL: gcc.dg/visibility-3.c (test for excess errors)
FAIL: gcc.dg/visibility-3.c scan-assembler \\.hidden.*xyzzy
FAIL: gcc.dg/visibility-4.c (test for excess errors)
FAIL: gcc.dg/visibility-4.c scan-assembler \\.hidden.*xyzzy
FAIL: gcc.dg/visibility-5.c (test for excess errors)
FAIL: gcc.dg/visibility-5.c scan-assembler \\.hidden.*foo
FAIL: gcc.dg/visibility-6.c (test for excess errors)
FAIL: gcc.dg/visibility-6.c scan-assembler \\.hidden.*xyzzy
FAIL: gcc.dg/visibility-7.c (test for excess errors)
FAIL: gcc.dg/visibility-7.c scan-assembler \\.hidden.*xyzzy
FAIL: gcc.dg/weak/typeof-2.c scan-assembler baz3.*baz3.*baz3.*baz3.*baz3.*baz3
=== gcc Summary ===
# of expected passes 23704
# of unexpected failures 164
# of unexpected successes 2
# of expected failures 68
# of unresolved testcases 3
# of untested testcases 7
# of unsupported tests 297
/home/bernie/src/m68k-netbsdelf-HEAD-build/gcc/xgcc version 3.4.0 20040112 (experimental)
Compiler version: 3.4.0 20040112 (experimental) gcc
Platform: m68k-unknown-netbsdelf1.6.2.
configure flags: --prefix=/home/bernie/src/m68k-netbsdelf-HEAD-install --enable-languages=c --with-gnu-ld --enable-threads=single --disable-nls,;t t