This is the mail archive of the
gcc-testresults@gcc.gnu.org
mailing list for the GCC project.
Results for 3.4.0 20031227 (experimental) testsuite on powerpc-unknown-linux-gnu
- From: Andreas Tobler <toa at pop dot agri dot ch>
- To: gcc-results <gcc-testresults at gcc dot gnu dot org>
- Date: Sat, 27 Dec 2003 18:45:40 +0100
- Subject: Results for 3.4.0 20031227 (experimental) testsuite on powerpc-unknown-linux-gnu
LAST_UPDATED: Sat Dec 27 07:12:22 UTC 2003
Native configuration is powerpc-unknown-linux-gnu
=== gcc tests ===
Running target unix
WARNING: program timed out.
FAIL: gcc.c-torture/compile/20001226-1.c (test for excess errors)
FAIL: gcc.c-torture/execute/20030125-1.c execution, -O1
FAIL: gcc.c-torture/execute/20030125-1.c execution, -O2
FAIL: gcc.c-torture/execute/20030125-1.c execution, -O3 -fomit-frame-pointer
FAIL: gcc.c-torture/execute/20030125-1.c execution, -O3 -g
FAIL: gcc.c-torture/execute/20030125-1.c execution, -Os
FAIL: gcc.c-torture/execute/va-arg-25.c execution, -O0
FAIL: gcc.c-torture/execute/va-arg-25.c execution, -O1
FAIL: gcc.c-torture/execute/va-arg-25.c execution, -O2
FAIL: gcc.c-torture/execute/va-arg-25.c execution, -O3 -fomit-frame-pointer
FAIL: gcc.c-torture/execute/va-arg-25.c execution, -O3 -g
FAIL: gcc.c-torture/execute/va-arg-25.c execution, -Os
FAIL: gcc.dg/compat/scalar-by-value-3 c_compat_x_tst.o-c_compat_y_tst.o execute
FAIL: gcc.dg/compat/scalar-return-3 c_compat_x_tst.o-c_compat_y_tst.o execute
FAIL: gcc.dg/20020103-1.c scan-assembler-not LC
FAIL: gcc.dg/altivec-5.c (test for excess errors)
FAIL: gcc.dg/builtins-18.c (test for excess errors)
FAIL: gcc.dg/builtins-20.c (test for excess errors)
FAIL: gcc.dg/complex-1.c execution test
FAIL: gcc.dg/ppc-sdata-1.c scan-assembler sdat@sdarel\\(13\\)
FAIL: gcc.dg/ppc-sdata-1.c scan-assembler sdat2@sda21\\(2\\)
FAIL: gcc.dg/format/gcc_diag-1.c bad argument types (test for warnings, line 193)
FAIL: gcc.dg/format/gcc_diag-1.c (test for excess errors)
FAIL: gcc.dg/format/gcc_diag-1.c bad argument types (test for warnings, line 193)
FAIL: gcc.dg/format/gcc_diag-1.c (test for excess errors)
=== gcc Summary ===
# of expected passes 24551
# of unexpected failures 25
# of expected failures 72
# of untested testcases 7
# of unsupported tests 262
/mnt/slice1/gcc-trunk/objdir/gcc/xgcc version 3.4.0 20031227 (experimental)
=== g++ tests ===
Running target unix
XPASS: g++.dg/ext/lvalue1.C not an lvalue (test for errors, line 7)
XPASS: g++.dg/other/packed1.C execution test
WARNING: program timed out.
FAIL: g++.dg/parse/stack1.C (test for excess errors)
XPASS: g++.dg/warn/Wunused-2.C (test for warnings, line 5)
WARNING: g++.old-deja/g++.mike/p10769a.C compilation failed to produce executable
WARNING: g++.old-deja/g++.other/enum5.C compilation failed to produce executable
WARNING: g++.old-deja/g++.pt/friend44.C compilation failed to produce executable
=== g++ Summary ===
# of expected passes 9231
# of unexpected failures 1
# of unexpected successes 3
# of expected failures 56
# of unsupported tests 69
/mnt/slice1/gcc-trunk/objdir/gcc/testsuite/../g++ version 3.4.0 20031227 (experimental)
=== libffi tests ===
Running target unix
=== libffi Summary ===
# of expected passes 212
# of unsupported tests 2
=== libjava tests ===
Running target unix
FAIL: linking simple
FAIL: /mnt/slice1/gcc-trunk/gcc/libjava/testsuite/libjava.jar/simple.jar execution - gij test
FAIL: calls run
FAIL: gnu.testlet.BinaryCompatibility.BinaryCompatibilityTest: IL bin_01: (number 1)
FAIL: gnu.testlet.BinaryCompatibility.BinaryCompatibilityTest: IL bin_01: (number 1)
FAIL: gnu.testlet.BinaryCompatibility.BinaryCompatibilityTest: IL bin_01: (number 1)
FAIL: gnu.testlet.BinaryCompatibility.BinaryCompatibilityTest: IL bin_01: (number 1)
FAIL: gnu.testlet.BinaryCompatibility.BinaryCompatibilityTest: IL bin_02: (number 1)
FAIL: gnu.testlet.BinaryCompatibility.BinaryCompatibilityTest: IL bin_02: (number 1)
FAIL: gnu.testlet.BinaryCompatibility.BinaryCompatibilityTest: IL bin_02: (number 1)
FAIL: gnu.testlet.BinaryCompatibility.BinaryCompatibilityTest: IL bin_02: (number 1)
FAIL: gnu.testlet.BinaryCompatibility.BinaryCompatibilityTest: IL bin_03: (number 1)
FAIL: gnu.testlet.BinaryCompatibility.BinaryCompatibilityTest: IL bin_03: (number 1)
FAIL: gnu.testlet.BinaryCompatibility.BinaryCompatibilityTest: IL bin_03: (number 1)
FAIL: gnu.testlet.BinaryCompatibility.BinaryCompatibilityTest: IL bin_03: (number 1)
FAIL: gnu.testlet.BinaryCompatibility.BinaryCompatibilityTest: IL bin_04: (number 1)
FAIL: gnu.testlet.BinaryCompatibility.BinaryCompatibilityTest: IL bin_04: (number 1)
FAIL: gnu.testlet.BinaryCompatibility.BinaryCompatibilityTest: IL bin_04: (number 1)
FAIL: gnu.testlet.BinaryCompatibility.BinaryCompatibilityTest: IL bin_04: (number 1)
FAIL: gnu.testlet.BinaryCompatibility.BinaryCompatibilityTest: IL bin_05: (number 1)
FAIL: gnu.testlet.BinaryCompatibility.BinaryCompatibilityTest: IL bin_05: (number 1)
FAIL: gnu.testlet.BinaryCompatibility.BinaryCompatibilityTest: IL bin_05: (number 1)
FAIL: gnu.testlet.BinaryCompatibility.BinaryCompatibilityTest: IL bin_05: (number 1)
FAIL: gnu.testlet.BinaryCompatibility.BinaryCompatibilityTest: IL bin_06: (number 1)
FAIL: gnu.testlet.BinaryCompatibility.BinaryCompatibilityTest: IL bin_06: (number 1)
FAIL: gnu.testlet.BinaryCompatibility.BinaryCompatibilityTest: IL bin_06: (number 1)
FAIL: gnu.testlet.BinaryCompatibility.BinaryCompatibilityTest: IL bin_06: (number 1)
FAIL: gnu.testlet.BinaryCompatibility.BinaryCompatibilityTest: IL bin_07: (number 1)
FAIL: gnu.testlet.BinaryCompatibility.BinaryCompatibilityTest: IL bin_07: (number 1)
FAIL: gnu.testlet.BinaryCompatibility.BinaryCompatibilityTest: IL bin_07: (number 1)
FAIL: gnu.testlet.BinaryCompatibility.BinaryCompatibilityTest: IL bin_07: (number 1)
FAIL: gnu.testlet.BinaryCompatibility.BinaryCompatibilityTest: IL bin_08: (number 1)
FAIL: gnu.testlet.BinaryCompatibility.BinaryCompatibilityTest: IL bin_08: (number 1)
FAIL: gnu.testlet.BinaryCompatibility.BinaryCompatibilityTest: IL bin_08: (number 1)
FAIL: gnu.testlet.BinaryCompatibility.BinaryCompatibilityTest: IL bin_08: (number 1)
FAIL: gnu.testlet.BinaryCompatibility.BinaryCompatibilityTest: IL bin_09: (number 1)
FAIL: gnu.testlet.BinaryCompatibility.BinaryCompatibilityTest: IL bin_09: (number 1)
FAIL: gnu.testlet.BinaryCompatibility.BinaryCompatibilityTest: IL bin_09: (number 1)
FAIL: gnu.testlet.BinaryCompatibility.BinaryCompatibilityTest: IL bin_09: (number 1)
FAIL: gnu.testlet.BinaryCompatibility.BinaryCompatibilityTest: IL bin_10: (number 1)
FAIL: gnu.testlet.BinaryCompatibility.BinaryCompatibilityTest: IL bin_10: (number 1)
FAIL: gnu.testlet.BinaryCompatibility.BinaryCompatibilityTest: IL bin_10: (number 1)
FAIL: gnu.testlet.BinaryCompatibility.BinaryCompatibilityTest: IL bin_10: (number 1)
FAIL: gnu.testlet.BinaryCompatibility.BinaryCompatibilityTest: IL bin_11: (number 1)
FAIL: gnu.testlet.BinaryCompatibility.BinaryCompatibilityTest: IL bin_11: (number 1)
FAIL: gnu.testlet.BinaryCompatibility.BinaryCompatibilityTest: IL bin_11: (number 1)
FAIL: gnu.testlet.BinaryCompatibility.BinaryCompatibilityTest: IL bin_11: (number 1)
FAIL: gnu.testlet.BinaryCompatibility.BinaryCompatibilityTest: IL bin_12: (number 1)
FAIL: gnu.testlet.BinaryCompatibility.BinaryCompatibilityTest: IL bin_12: (number 1)
FAIL: gnu.testlet.BinaryCompatibility.BinaryCompatibilityTest: IL bin_12: (number 1)
FAIL: gnu.testlet.BinaryCompatibility.BinaryCompatibilityTest: IL bin_12: (number 1)
FAIL: gnu.testlet.BinaryCompatibility.BinaryCompatibilityTest: IL bin_13: (number 1)
FAIL: gnu.testlet.BinaryCompatibility.BinaryCompatibilityTest: IL bin_13: (number 1)
FAIL: gnu.testlet.BinaryCompatibility.BinaryCompatibilityTest: IL bin_13: (number 1)
FAIL: gnu.testlet.BinaryCompatibility.BinaryCompatibilityTest: IL bin_13: (number 1)
FAIL: gnu.testlet.BinaryCompatibility.BinaryCompatibilityTest: IL bin_14: (number 1)
FAIL: gnu.testlet.BinaryCompatibility.BinaryCompatibilityTest: IL bin_14: (number 1)
FAIL: gnu.testlet.BinaryCompatibility.BinaryCompatibilityTest: IL bin_14: (number 1)
FAIL: gnu.testlet.BinaryCompatibility.BinaryCompatibilityTest: IL bin_14: (number 1)
FAIL: gnu.testlet.BinaryCompatibility.BinaryCompatibilityTest: IL bin_15: (number 1)
FAIL: gnu.testlet.BinaryCompatibility.BinaryCompatibilityTest: IL bin_15: (number 1)
FAIL: gnu.testlet.BinaryCompatibility.BinaryCompatibilityTest: IL bin_15: (number 1)
FAIL: gnu.testlet.BinaryCompatibility.BinaryCompatibilityTest: IL bin_15: (number 1)
FAIL: gnu.testlet.BinaryCompatibility.BinaryCompatibilityTest: IL bin_16: (number 1)
FAIL: gnu.testlet.BinaryCompatibility.BinaryCompatibilityTest: IL bin_16: (number 1)
FAIL: gnu.testlet.BinaryCompatibility.BinaryCompatibilityTest: IL bin_16: (number 1)
FAIL: gnu.testlet.BinaryCompatibility.BinaryCompatibilityTest: IL bin_16: (number 1)
FAIL: gnu.testlet.BinaryCompatibility.BinaryCompatibilityTest: IL bin_17: (number 1)
FAIL: gnu.testlet.BinaryCompatibility.BinaryCompatibilityTest: IL bin_17: (number 1)
FAIL: gnu.testlet.BinaryCompatibility.BinaryCompatibilityTest: IL bin_17: (number 1)
FAIL: gnu.testlet.BinaryCompatibility.BinaryCompatibilityTest: IL bin_17: (number 1)
FAIL: gnu.testlet.BinaryCompatibility.BinaryCompatibilityTest: IL bin_18: (number 1)
FAIL: gnu.testlet.BinaryCompatibility.BinaryCompatibilityTest: IL bin_18: (number 1)
FAIL: gnu.testlet.BinaryCompatibility.BinaryCompatibilityTest: IL bin_18: (number 1)
FAIL: gnu.testlet.BinaryCompatibility.BinaryCompatibilityTest: IL bin_18: (number 1)
FAIL: gnu.testlet.java.awt.geom.CubicCurve2D.solveCubic: uncaught exception at "1.0x^3 - 1.0 = 0" number 1: java.lang.Error: not implemented
FAIL: gnu.testlet.java.awt.geom.QuadCurve2D.solveQuadratic: 4.0x^2 = 0 (number 1)
FAIL: gnu.testlet.java.awt.geom.QuadCurve2D.solveQuadratic: 0.1x^2 + 20.0x + 1000.0 = 0 (number 1)
FAIL: gnu.testlet.java.awt.geom.QuadCurve2D.solveQuadratic: 4.0x^2 - 20.0x + 25.0 = 0 (number 1)
FAIL: gnu.testlet.java.awt.geom.RoundRectangle2D.intersects (number 10)
FAIL: gnu.testlet.java.awt.geom.RoundRectangle2D.intersects (number 11)
FAIL: gnu.testlet.java.awt.geom.RoundRectangle2D.intersects (number 12)
FAIL: gnu.testlet.java.awt.geom.RoundRectangle2D.intersects (number 16)
FAIL: gnu.testlet.java.awt.geom.RoundRectangle2D.intersects (number 20)
FAIL: gnu.testlet.java.awt.geom.RoundRectangle2D.intersects (number 23)
FAIL: gnu.testlet.java.awt.geom.RoundRectangle2D.intersects (number 27)
FAIL: gnu.testlet.java.awt.geom.RoundRectangle2D.intersects (number 30)
FAIL: gnu.testlet.java.awt.geom.RoundRectangle2D.intersects (number 34)
FAIL: gnu.testlet.java.awt.geom.RoundRectangle2D.intersects (number 38)
FAIL: gnu.testlet.java.awt.geom.RoundRectangle2D.intersects (number 39)
FAIL: gnu.testlet.java.awt.geom.RoundRectangle2D.intersects (number 40)
FAIL: gnu.testlet.java.awt.image.PixelGrabber.SimpleGrabber: uncaught exception at number 1: java.awt.AWTError: Cannot load AWT toolkit:
FAIL: gnu.testlet.java.io.ObjectInputOutput.Compat2: Compatibility test for type mismatch when calling get methods (number 2)
FAIL: gnu.testlet.java.io.ObjectInputOutput.Compat2: Compatibility test for type mismatch when calling get methods (number 3)
FAIL: gnu.testlet.java.io.ObjectInputOutput.InputTest: gnu.testlet.java.io.ObjectInputOutput.Test\$GetPutField (number 1)
FAIL: gnu.testlet.java.io.ObjectInputOutput.OutputTest: Serializable: test(str=null, x=0) (number 2)
FAIL: gnu.testlet.java.io.OutputStreamWriter.jdk11: OutputStreamWriter(writer, encoding) (number 1)
FAIL: gnu.testlet.java.io.OutputStreamWriter.jdk11: OutputStreamWriter(writer, encoding) // alias (number 1)
FAIL: gnu.testlet.java.io.PrintWriter.jdk11: checkError() after close() (number 1)
FAIL: gnu.testlet.java.lang.Math.MathTest: Error : test_pow failed - 9 (number 1)
XPASS: gnu.testlet.java.lang.String.getBytes13: String.getBytes("UTF-16") (number 1)
XPASS: gnu.testlet.java.lang.String.getBytes14: String.getBytes("UTF-16BE") (number 1)
XPASS: gnu.testlet.java.lang.String.getBytes14: String.getBytes("UTF-16LE") (number 1)
FAIL: gnu.testlet.java.lang.Thread.contextClassLoader: null is a valid contextClassLoader (number 1)
FAIL: gnu.testlet.java.lang.Thread.contextClassLoader: New thread inherits null classloader (number 1)
FAIL: gnu.testlet.java.lang.Thread.contextClassLoader: run with null classloader (number 1)
FAIL: gnu.testlet.java.lang.Thread.daemon: Can change daemon state on an exitted Thread (number 1)
FAIL: gnu.testlet.java.lang.Thread.daemon: Daemon status changed when set on an exitted Thread (number 1)
FAIL: gnu.testlet.java.lang.Thread.stop: Unexpected exception during test() (number 1)
FAIL: Link for gnu.testlet.java.lang.reflect.ReflectAccess
FAIL: gnu.testlet.java.net.DatagramPacket.DatagramPacketOffset: DatagramPacket Offset Test java.io.IOException: File name too long (number 1)
FAIL: gnu.testlet.java.net.URL.newURL: http://www.kaffe.org + foo/bar = http://www.kaffe.org/foo/bar (number 1)
FAIL: gnu.testlet.java.text.DecimalFormat.formatExp: pattern ##0.####E0 (number 2)
FAIL: gnu.testlet.java.text.DecimalFormat.formatExp: pattern ##.###E0 (number 2)
FAIL: gnu.testlet.java.text.RuleBasedCollator.jdk11: constructor rule parsing (number 4)
FAIL: gnu.testlet.java.text.RuleBasedCollator.jdk11: constructor rule parsing (number 5)
FAIL: gnu.testlet.java.text.RuleBasedCollator.jdk11: constructor rule parsing (number 21)
FAIL: gnu.testlet.java.text.RuleBasedCollator.jdk11: constructor rule parsing (number 22)
FAIL: gnu.testlet.java.text.RuleBasedCollator.jdk11: constructor rule parsing (number 23)
FAIL: gnu.testlet.java.text.RuleBasedCollator.jdk11: constructor rule parsing (number 24)
FAIL: gnu.testlet.java.text.RuleBasedCollator.jdk11: constructor rule parsing (number 25)
FAIL: gnu.testlet.java.text.RuleBasedCollator.jdk11: constructor rule parsing (number 26)
FAIL: gnu.testlet.java.text.RuleBasedCollator.jdk11: constructor rule parsing (number 27)
FAIL: gnu.testlet.java.text.RuleBasedCollator.jdk11: constructor rule parsing (number 28)
FAIL: gnu.testlet.java.text.RuleBasedCollator.jdk11: constructor rule parsing (number 29)
FAIL: gnu.testlet.java.text.RuleBasedCollator.jdk11: constructor rule parsing (number 30)
FAIL: gnu.testlet.java.text.RuleBasedCollator.jdk11: constructor rule parsing (number 31)
FAIL: gnu.testlet.java.text.RuleBasedCollator.jdk11: single character ordering (number 19)
FAIL: gnu.testlet.java.text.RuleBasedCollator.jdk11: single character ordering (number 73)
FAIL: gnu.testlet.java.text.RuleBasedCollator.jdk11: contraction ordering (number 5)
FAIL: gnu.testlet.java.text.RuleBasedCollator.jdk11: expansion ordering: ParseException (offset is 26) (number 1)
FAIL: gnu.testlet.java.util.Calendar.ampm (number 1)
FAIL: gnu.testlet.java.util.Calendar.ampm (number 2)
FAIL: gnu.testlet.java.util.Calendar.ampm (number 3)
FAIL: gnu.testlet.java.util.Calendar.ampm (number 4)
FAIL: gnu.testlet.java.util.Calendar.ampm (number 9)
FAIL: gnu.testlet.java.util.Calendar.ampm (number 10)
FAIL: gnu.testlet.java.util.Calendar.ampm (number 11)
FAIL: gnu.testlet.java.util.Calendar.ampm (number 12)
=== libjava Summary ===
# of expected passes 14546
# of unexpected failures 136
# of unexpected successes 3
# of expected failures 114
# of untested testcases 10
=== libstdc++ tests ===
Running target unix
XPASS: 26_numerics/c99_classification_macros_c.cc (test for excess errors)
=== libstdc++ Summary ===
# of expected passes 2466
# of unexpected successes 1
# of expected failures 11
Compiler version: 3.4.0 20031227 (experimental)
Platform: powerpc-unknown-linux-gnu
configure flags: --prefix=/var/tmp --enable-languages=c,c++,java --enable-debug --disable-checking --disable-multilib