This is the mail archive of the
gcc-testresults@gcc.gnu.org
mailing list for the GCC project.
Results for 3.4.0 20031224 (experimental) testsuite on sparc-sun-solaris2.7
- From: "Kaveh R. Ghazi" <ghazi at caip dot rutgers dot edu>
- To: gcc-testresults at gcc dot gnu dot org
- Date: Wed, 24 Dec 2003 18:57:31 -0500 (EST)
- Subject: Results for 3.4.0 20031224 (experimental) testsuite on sparc-sun-solaris2.7
LAST_UPDATED:
Native configuration is sparc-sun-solaris2.7
=== g++ tests ===
Running target unix
ERROR: (DejaGnu) proc "check_profiling_available" does not exist.
=== g++ Summary ===
/teal/tmpdisk/ghazi/gcc-testing/34/build/gcc/testsuite/../g++ version 3.4.0 20031224 (experimental)
=== g77 tests ===
Running target unix
ERROR: (DejaGnu) proc "check_profiling_available" does not exist.
=== g77 Summary ===
/teal/tmpdisk/ghazi/gcc-testing/34/build/gcc/testsuite/../g77 version 3.4.0 20031224 (experimental)
=== gcc tests ===
Running target unix
FAIL: gcc.c-torture/execute/20030307-1.c execution, -O2
FAIL: gcc.c-torture/execute/20030307-1.c execution, -Os
UNRESOLVED: gcc.c-torture/execute/simd-4.c execution, -O0
UNRESOLVED: gcc.c-torture/execute/va-arg-25.c execution, -O0
UNRESOLVED: gcc.c-torture/execute/va-arg-25.c execution, -O1
UNRESOLVED: gcc.c-torture/execute/va-arg-25.c execution, -O2
UNRESOLVED: gcc.c-torture/execute/va-arg-25.c execution, -O3 -fomit-frame-pointer
UNRESOLVED: gcc.c-torture/execute/va-arg-25.c execution, -O3 -g
UNRESOLVED: gcc.c-torture/execute/va-arg-25.c execution, -Os
UNRESOLVED: gcc.dg/compat/vector-1 c_compat_x_tst.o-c_compat_y_tst.o link
UNRESOLVED: gcc.dg/compat/vector-1 c_compat_x_tst.o-c_compat_y_tst.o execute
UNRESOLVED: gcc.dg/compat/vector-2 c_compat_x_tst.o-c_compat_y_tst.o link
UNRESOLVED: gcc.dg/compat/vector-2 c_compat_x_tst.o-c_compat_y_tst.o execute
WARNING: gcc.dg/20021014-1.c compilation failed to produce executable
FAIL: gcc.dg/20031202-1.c execution test
XPASS: gcc.dg/uninit-4.c uninitialized variable warning (test for bogus messages, line 26)
UNRESOLVED: gcc.dg/visibility-1.c
UNRESOLVED: gcc.dg/visibility-2.c
UNRESOLVED: gcc.dg/visibility-3.c
UNRESOLVED: gcc.dg/visibility-4.c
UNRESOLVED: gcc.dg/visibility-5.c
UNRESOLVED: gcc.dg/visibility-6.c
UNRESOLVED: gcc.dg/visibility-7.c
=== gcc Summary ===
# of expected passes 24432
# of unexpected failures 3
# of unexpected successes 1
# of expected failures 81
# of unresolved testcases 18
# of untested testcases 7
# of unsupported tests 287
/teal/tmpdisk/ghazi/gcc-testing/34/build/gcc/xgcc version 3.4.0 20031224 (experimental)
=== objc tests ===
Running target unix
=== objc Summary ===
# of expected passes 1339
# of unsupported tests 7
/teal/tmpdisk/ghazi/gcc-testing/34/build/gcc/xgcc version 3.4.0 20031224 (experimental)
=== libffi tests ===
Running target unix
FAIL: libffi.call/cls_12byte.c execution test
FAIL: libffi.call/cls_16byte.c execution test
FAIL: libffi.call/cls_18byte.c execution test
FAIL: libffi.call/cls_19byte.c execution test
FAIL: libffi.call/cls_1_1byte.c execution test
FAIL: libffi.call/cls_20byte.c execution test
FAIL: libffi.call/cls_20byte1.c execution test
FAIL: libffi.call/cls_24byte.c execution test
FAIL: libffi.call/cls_2byte.c execution test
FAIL: libffi.call/cls_3_1byte.c execution test
FAIL: libffi.call/cls_3byte1.c execution test
FAIL: libffi.call/cls_3byte2.c execution test
FAIL: libffi.call/cls_4_1byte.c execution test
FAIL: libffi.call/cls_4byte.c execution test
FAIL: libffi.call/cls_5byte.c execution test
FAIL: libffi.call/cls_64byte.c execution test
FAIL: libffi.call/cls_6byte.c execution test
FAIL: libffi.call/cls_7byte.c execution test
FAIL: libffi.call/cls_8byte.c execution test
FAIL: libffi.call/cls_9byte1.c execution test
FAIL: libffi.call/cls_9byte2.c execution test
FAIL: libffi.call/cls_align_double.c execution test
FAIL: libffi.call/cls_align_float.c execution test
FAIL: libffi.call/cls_align_longdouble.c execution test
FAIL: libffi.call/cls_align_pointer.c execution test
FAIL: libffi.call/cls_align_sint16.c execution test
FAIL: libffi.call/cls_align_sint32.c execution test
FAIL: libffi.call/cls_align_sint64.c execution test
FAIL: libffi.call/cls_align_uint16.c execution test
FAIL: libffi.call/cls_align_uint32.c execution test
FAIL: libffi.call/cls_align_uint64.c execution test
FAIL: libffi.call/nested_struct.c execution test
FAIL: libffi.call/nested_struct1.c execution test
FAIL: libffi.call/nested_struct2.c execution test
FAIL: libffi.call/nested_struct3.c execution test
FAIL: libffi.call/problem1.c execution test
FAIL: libffi.call/struct3.c execution test
=== libffi Summary ===
# of expected passes 139
# of unexpected failures 37
# of unsupported tests 2
=== libjava tests ===
Running target unix
FAIL: linking simple
FAIL: /teal/caip5/ghazi/tmpdisk/gcc-testing/34/egcc-CVS20031223/libjava/testsuite/libjava.jar/simple.jar execution - gij test
FAIL: linking cxxtest
FAIL: Array_3 execution - gij test
FAIL: Array_3 execution - gij test
FAIL: SyncTest execution - gij test
FAIL: SyncTest execution - gij test
FAIL: TLtest execution - gij test
FAIL: TLtest execution - gij test
FAIL: Thread_Join execution - gij test
FAIL: Thread_Join execution - gij test
FAIL: Thread_Wait_2 execution - gij test
FAIL: Thread_Wait_2 execution - gij test
=== libjava Summary ===
# of expected passes 3236
# of unexpected failures 13
# of expected failures 12
# of untested testcases 19
=== libstdc++ tests ===
Running target unix
=== libstdc++ Summary ===
# of expected passes 2466
# of expected failures 12
Compiler version: 3.4.0 20031224 (experimental)
Platform: sparc-sun-solaris2.7
configure flags: --verbose