This is the mail archive of the
gcc-testresults@gcc.gnu.org
mailing list for the GCC project.
Results for 3.4.0 20031224 (experimental) testsuite on mips-sgi-irix6.5
- From: "Kaveh R. Ghazi" <ghazi at caip dot rutgers dot edu>
- To: gcc-testresults at gcc dot gnu dot org
- Date: Wed, 24 Dec 2003 18:54:44 -0500 (EST)
- Subject: Results for 3.4.0 20031224 (experimental) testsuite on mips-sgi-irix6.5
LAST_UPDATED:
Native configuration is mips-sgi-irix6.5
=== g++ tests ===
Running target unix
ERROR: (DejaGnu) proc "check_profiling_available" does not exist.
=== g++ Summary ===
/caip/u58/ghazi/gcc-testing/build/gcc/testsuite/../g++ version 3.4.0 20031224 (experimental)
=== g77 tests ===
Running target unix
ERROR: (DejaGnu) proc "check_profiling_available" does not exist.
=== g77 Summary ===
/caip/u58/ghazi/gcc-testing/build/gcc/testsuite/../g77 version 3.4.0 20031224 (experimental)
=== gcc tests ===
Running target unix
WARNING: gcc.dg/20021014-1.c compilation failed to produce executable
FAIL: gcc.dg/20031202-1.c execution test
FAIL: gcc.dg/builtins-18.c (test for excess errors)
FAIL: gcc.dg/builtins-20.c (test for excess errors)
FAIL: gcc.dg/const-elim-2.c scan-assembler-times hi there 1
WARNING: gcc.dg/nest.c compilation failed to produce executable
XPASS: gcc.dg/sibcall-3.c execution test
XPASS: gcc.dg/sibcall-4.c execution test
FAIL: gcc.dg/unused-5.c scan-assembler string_to_look_for
UNRESOLVED: gcc.dg/visibility-1.c
UNRESOLVED: gcc.dg/visibility-2.c
UNRESOLVED: gcc.dg/visibility-3.c
UNRESOLVED: gcc.dg/visibility-4.c
UNRESOLVED: gcc.dg/visibility-5.c
UNRESOLVED: gcc.dg/visibility-6.c
UNRESOLVED: gcc.dg/visibility-7.c
FAIL: gcc.dg/special/wkali-2.c (test for excess errors)
FAIL: gcc.dg/special/wkali-2.c execution test
=== gcc Summary ===
# of expected passes 24110
# of unexpected failures 7
# of unexpected successes 2
# of expected failures 77
# of unresolved testcases 7
# of untested testcases 7
# of unsupported tests 275
/caip/u58/ghazi/gcc-testing/build/gcc/xgcc version 3.4.0 20031224 (experimental)
=== objc tests ===
Running target unix
FAIL: objc.dg/encode-2.m execution test
FAIL: objc.dg/encode-3.m execution test
FAIL: objc.dg/encode-4.m execution test
=== objc Summary ===
# of expected passes 1336
# of unexpected failures 3
# of unsupported tests 7
/caip/u58/ghazi/gcc-testing/build/gcc/xgcc version 3.4.0 20031224 (experimental)
=== libstdc++ tests ===
Running target unix
FAIL: 22_locale/ctype/cons/char/1.cc execution test
FAIL: 27_io/basic_filebuf/sgetn/char/1-in.cc execution test
FAIL: 27_io/basic_filebuf/sgetn/char/1-io.cc execution test
FAIL: 27_io/basic_filebuf/sgetn/char/2-in.cc execution test
FAIL: 27_io/basic_filebuf/sgetn/char/2-io.cc execution test
FAIL: 27_io/basic_istream/readsome/char/6746-2.cc execution test
=== libstdc++ Summary ===
# of expected passes 1840
# of unexpected failures 6
# of expected failures 1
# of unsupported tests 7
Compiler version: 3.4.0 20031224 (experimental)
Platform: mips-sgi-irix6.5
configure flags: --verbose --enable-languages=c,objc,c++,f77,java --with-included-gettext