This is the mail archive of the
gcc-testresults@gcc.gnu.org
mailing list for the GCC project.
Results for 3.4.0 20031224 (experimental) testsuite on i686-unknown-openbsd3.1
- From: Andrew Thomas Pinski <pinskia at physics dot uc dot edu>
- To: gcc-testresults at gcc dot gnu dot org
- Date: Wed, 24 Dec 2003 03:24:13 -0500 (EST)
- Subject: Results for 3.4.0 20031224 (experimental) testsuite on i686-unknown-openbsd3.1
LAST_UPDATED: Wed Dec 24 05:02:18 UTC 2003
Native configuration is i686-unknown-openbsd3.1
=== g++ tests ===
Running target unix
ERROR: (DejaGnu) proc "check_profiling_available" does not exist.
=== g++ Summary ===
/export/gates/pinskia/src/gnu/gcc/src/objdir.openbsd/gcc/testsuite/../g++ version 3.4.0 20031224 (experimental)
=== g77 tests ===
Running target unix
ERROR: (DejaGnu) proc "check_profiling_available" does not exist.
=== g77 Summary ===
/export/gates/pinskia/src/gnu/gcc/src/objdir.openbsd/gcc/testsuite/../g77 version 3.4.0 20031224 (experimental)
=== gcc tests ===
Running target unix
FAIL: gcc.c-torture/compile/20001226-1.c (test for excess errors)
FAIL: gcc.c-torture/execute/conversion.c execution, -O0
FAIL: gcc.c-torture/execute/conversion.c execution, -O1
FAIL: gcc.c-torture/execute/conversion.c execution, -O2
FAIL: gcc.c-torture/execute/conversion.c execution, -Os
FAIL: gcc.c-torture/execute/va-arg-25.c execution, -O0
FAIL: gcc.c-torture/execute/va-arg-25.c execution, -O1
FAIL: gcc.c-torture/execute/va-arg-25.c execution, -O2
FAIL: gcc.c-torture/execute/va-arg-25.c execution, -O3 -fomit-frame-pointer
FAIL: gcc.c-torture/execute/va-arg-25.c execution, -O3 -g
FAIL: gcc.c-torture/execute/va-arg-25.c execution, -Os
FAIL: gcc.c-torture/execute/ieee/rbug.c execution, -O0
FAIL: gcc.c-torture/execute/ieee/rbug.c execution, -O1
FAIL: gcc.c-torture/execute/ieee/rbug.c execution, -O2
FAIL: gcc.c-torture/execute/ieee/rbug.c execution, -Os
FAIL: gcc.dg/20021014-1.c (test for excess errors)
WARNING: gcc.dg/20021014-1.c compilation failed to produce executable
FAIL: gcc.dg/builtins-18.c (test for excess errors)
FAIL: gcc.dg/builtins-20.c (test for excess errors)
FAIL: gcc.dg/nest.c (test for excess errors)
WARNING: gcc.dg/nest.c compilation failed to produce executable
FAIL: gcc.dg/wchar_t-1.c (test for excess errors)
FAIL: gcc.dg/wint_t-1.c (test for excess errors)
FAIL: gcc.dg/special/weak-1.c execution test
=== gcc Summary ===
# of expected passes 23829
# of unexpected failures 22
# of expected failures 72
# of untested testcases 7
# of unsupported tests 183
/export/gates/pinskia/src/gnu/gcc/src/objdir.openbsd/gcc/xgcc version 3.4.0 20031224 (experimental)
=== objc tests ===
Running target unix
=== objc Summary ===
# of expected passes 1339
# of unsupported tests 7
/export/gates/pinskia/src/gnu/gcc/src/objdir.openbsd/gcc/xgcc version 3.4.0 20031224 (experimental)
=== libstdc++ tests ===
Running target unix
FAIL: ext/stdio_filebuf/char/10063-2.cc execution test
=== libstdc++ Summary ===
# of expected passes 1845
# of unexpected failures 1
# of expected failures 1
# of unsupported tests 7
Compiler version: 3.4.0 20031224 (experimental)
Platform: i686-unknown-openbsd3.1
configure flags: --target=i686-unknown-openbsd3.1 --host=i686-unknown-openbsd3.1 --build=i686-unknown-openbsd3.1 --disable-nls --verbose --enable-cpp --prefix=/home/gates/pinskia/openbsd --enable-shared