This is the mail archive of the
gcc-testresults@gcc.gnu.org
mailing list for the GCC project.
Results for 3.3.3 20031210 (prerelease) testsuite on powerpc-unknown-linux-gnu
- From: Olaf Hering <olh at suse dot de>
- To: gcc-testresults at gcc dot gnu dot org
- Date: Thu, 11 Dec 2003 06:49:38 +0000
- Subject: Results for 3.3.3 20031210 (prerelease) testsuite on powerpc-unknown-linux-gnu
LAST_UPDATED: Thu Dec 11 00:02:56 UTC 2003
Native configuration is powerpc-unknown-linux-gnu
=== g++ tests ===
Running target unix
XPASS: g++.dg/other/packed1.C execution test
FAIL: g++.other/decl5.C caused compiler crash
XPASS: g++.other/init5.C Execution test
=== g++ Summary ===
# of expected passes 8089
# of unexpected failures 1
# of unexpected successes 2
# of expected failures 88
# of untested testcases 23
# of unsupported tests 29
/abuild/gcc_cvs_build/obj/obj-gcc33/gcc/testsuite/../g++ version 3.3.3 20031210 (prerelease)
=== g77 tests ===
Running target unix
=== g77 Summary ===
# of expected passes 1686
# of unsupported tests 8
/abuild/gcc_cvs_build/obj/obj-gcc33/gcc/testsuite/../g77 version 3.3.3 20031210 (prerelease)
=== gcc tests ===
Running target unix
ERROR: (DejaGnu) proc "scan-file xwin1.i {(^|
=== gcc Summary ===
# of expected passes 15423
# of expected failures 21
# of unsupported tests 2
/abuild/gcc_cvs_build/obj/obj-gcc33/gcc/xgcc version 3.3.3 20031210 (prerelease)
=== objc tests ===
Running target unix
=== objc Summary ===
# of expected passes 1155
/abuild/gcc_cvs_build/obj/obj-gcc33/gcc/xgcc version 3.3.3 20031210 (prerelease)
=== libjava tests ===
Running target unix
FAIL: Array_3 -O execution - source compiled test
WARNING: program timed out.
FAIL: SyncTest execution - gij test
WARNING: program timed out.
FAIL: SyncTest execution - gij test
=== libjava Summary ===
# of expected passes 2985
# of unexpected failures 3
# of expected failures 16
# of untested testcases 15
=== libstdc++-v3 tests ===
Running target unix
XPASS: 22_locale/collate_byname.cc execution test
XPASS: 22_locale/collate_members_char.cc execution test
XPASS: 22_locale/collate_members_wchar_t.cc execution test
XPASS: 22_locale/ctype_is_char.cc execution test
XPASS: 22_locale/ctype_is_wchar_t.cc execution test
XPASS: 22_locale/members.cc execution test
XPASS: 22_locale/messages_byname.cc execution test
XPASS: 22_locale/messages_members_char.cc execution test
XPASS: 22_locale/money_get_members_char.cc execution test
XPASS: 22_locale/money_get_members_wchar_t.cc execution test
XPASS: 22_locale/money_put_members_char.cc execution test
XPASS: 22_locale/money_put_members_wchar_t.cc execution test
XPASS: 22_locale/moneypunct_byname.cc execution test
XPASS: 22_locale/moneypunct_members_char.cc execution test
XPASS: 22_locale/moneypunct_members_wchar_t.cc execution test
XPASS: 22_locale/num_get_members_char.cc execution test
XPASS: 22_locale/num_get_members_wchar_t.cc execution test
XPASS: 22_locale/num_put_members_char.cc execution test
XPASS: 22_locale/num_put_members_wchar_t.cc execution test
XPASS: 22_locale/numpunct_byname.cc execution test
XPASS: 22_locale/numpunct_members_char.cc execution test
XPASS: 22_locale/numpunct_members_wchar_t.cc execution test
XPASS: 22_locale/time_get_members_char.cc execution test
XPASS: 22_locale/time_get_members_wchar_t.cc execution test
XPASS: 22_locale/time_put_members_char.cc execution test
XPASS: 22_locale/time_put_members_wchar_t.cc execution test
=== libstdc++-v3 Summary ===
# of expected passes 453
# of unexpected successes 26
# of expected failures 2
Compiler version: 3.3.3 20031210 (prerelease)
Platform: powerpc-unknown-linux-gnu
configure flags: --host=powerpc-unknown-linux-gnu --enable-checking --enable-libgcj --enable-shared --enable-__cxa_atexit --enable-threads --enable-languages=c,c++,f77,java,objc,ada --prefix=/abuild/gcc_cvs_build/obj/install-gcc33 --with-system-zlib
GNU ld version 2.14.90 20030704 (SuSE Linux)
FAIL: g++.other/decl5.C caused compiler crash
output is:
/home/foo/src/gcc-3_3-branch/gcc/testsuite/g++.old-deja/g++.other/decl5.C:11: error: extra qualification \`A::' on member \`fn' ignored
/home/foo/src/gcc-3_3-branch/gcc/testsuite/g++.old-deja/g++.other/decl5.C:12: error: extra qualification \`A::' on member \`m' ignored
/home/foo/src/gcc-3_3-branch/gcc/testsuite/g++.old-deja/g++.other/decl5.C:15: error: no type named \`expand' in \`struct A'
/home/foo/src/gcc-3_3-branch/gcc/testsuite/g++.old-deja/g++.other/decl5.C:21: error: no type named \`z' in \`struct A'
/home/foo/src/gcc-3_3-branch/gcc/testsuite/g++.old-deja/g++.other/decl5.C:26: error: no type named \`fink' in \`struct A'
/home/foo/src/gcc-3_3-branch/gcc/testsuite/g++.old-deja/g++.other/decl5.C:29: error: declaration of \`struct A::Z' in \`struct B' which does not enclose \`struct A'
/home/foo/src/gcc-3_3-branch/gcc/testsuite/g++.old-deja/g++.other/decl5.C:29: internal compiler error: Segmentation fault
Please submit a full bug report,
with preprocessed source if appropriate.
See <URL:http://gcc.gnu.org/bugs.html> for instructions.