This is the mail archive of the
gcc-testresults@gcc.gnu.org
mailing list for the GCC project.
Results for 3.3.2 testsuite on i386-pc-solaris2.9
- From: Gilbert Wong <gyt2wong at student dot cs dot uwaterloo dot ca>
- To: gcc-testresults at gcc dot gnu dot org
- Date: Fri, 28 Nov 2003 11:57:28 -0500 (EST)
- Subject: Results for 3.3.2 testsuite on i386-pc-solaris2.9
##################################################
#
# Solaris 9 (SunOS 5.9) on i686 (i386-pc)
#
# Binutils 2.14
# GNU make 3.80
# --with-gnu-as
# --with-gnu-ld
#
##################################################
LAST_UPDATED:
Native configuration is i386-pc-solaris2.9
=== g++ tests ===
Running target unix
XPASS: g++.dg/special/conpr-2.C execution test
XPASS: g++.dg/special/initp1.C execution test
=== g++ Summary ===
# of expected passes 8149
# of unexpected successes 2
# of expected failures 95
# of untested testcases 15
# of unsupported tests 13
/export/home/src/gcc-build/gcc/testsuite/../g++ version 3.3.2
=== g77 tests ===
Running target unix
=== g77 Summary ===
# of expected passes 1686
# of unsupported tests 8
/export/home/src/gcc-build/gcc/testsuite/../g77 version 3.3.2
=== gcc tests ===
Running target unix
FAIL: gcc.dg/20020523-1.c execution test
FAIL: gcc.dg/20020523-2.c execution test
WARNING: gcc.dg/20021014-1.c compilation failed to produce executable
FAIL: gcc.dg/duff-2.c (test for excess errors)
=== gcc Summary ===
# of expected passes 21660
# of unexpected failures 3
# of expected failures 69
# of unsupported tests 87
/export/home/src/gcc-build/gcc/xgcc version 3.3.2
=== objc tests ===
Running target unix
=== objc Summary ===
# of expected passes 1153
/export/home/src/gcc-build/gcc/xgcc version 3.3.2
=== libjava tests ===
Running target unix
FAIL: PR1343 compilation from bytecode
FAIL: PR1343 -O compilation from bytecode
FAIL: PR238 compilation from bytecode
FAIL: PR238 -O compilation from bytecode
FAIL: PR295 compilation from bytecode
FAIL: PR295 -O compilation from bytecode
FAIL: SuperConstr compilation from bytecode
FAIL: SuperConstr -O compilation from bytecode
FAIL: XercesBug compilation from bytecode
FAIL: XercesBug -O compilation from bytecode
FAIL: inner_1 compilation from bytecode
FAIL: inner_1 -O compilation from bytecode
FAIL: inner_data compilation from bytecode
FAIL: inner_data -O compilation from bytecode
FAIL: inner_inherit compilation from bytecode
FAIL: inner_inherit -O compilation from bytecode
FAIL: inner_priv compilation from bytecode
FAIL: inner_priv -O compilation from bytecode
FAIL: inner_pub compilation from bytecode
FAIL: inner_pub -O compilation from bytecode
FAIL: not_a_redef compilation from bytecode
FAIL: not_a_redef -O compilation from bytecode
FAIL: pr172 compilation from bytecode
FAIL: pr172 -O compilation from bytecode
FAIL: pr174 compilation from bytecode
FAIL: pr174 -O compilation from bytecode
FAIL: pr176 compilation from bytecode
FAIL: pr176 -O compilation from bytecode
FAIL: static_2 compilation from bytecode
FAIL: static_2 -O compilation from bytecode
FAIL: static_3 compilation from bytecode
FAIL: static_3 -O compilation from bytecode
FAIL: static_inner compilation from bytecode
FAIL: static_inner -O compilation from bytecode
FAIL: FileHandleGcTest execution - source compiled test
FAIL: FileHandleGcTest execution - gij test
FAIL: FileHandleGcTest execution - bytecode->native test
FAIL: FileHandleGcTest -O execution - source compiled test
FAIL: FileHandleGcTest execution - gij test
FAIL: FileHandleGcTest -O execution - bytecode->native test
FAIL: SyncGlobal -O execution - bytecode->native test
FAIL: Throw_2 execution - source compiled test
FAIL: Throw_2 execution - gij test
FAIL: Throw_2 execution - bytecode->native test
FAIL: Throw_2 -O execution - source compiled test
FAIL: Throw_2 execution - gij test
FAIL: Throw_2 -O execution - bytecode->native test
=== libjava Summary ===
# of expected passes 2931
# of unexpected failures 47
# of expected failures 16
# of untested testcases 25
=== libstdc++-v3 tests ===
Running target unix
FAIL: 27_io/istream_extractor_arith/12.cc execution test
=== libstdc++-v3 Summary ===
# of expected passes 429
# of unexpected failures 1
# of expected failures 17
Compiler version: 3.3.2
Platform: i386-pc-solaris2.9
configure flags: --host=i386-pc-solaris2.9 --with-as=/usr/local/bin/as
--with-ld=/usr/local/bin/ld
--
Gilbert Wong
University of Waterloo
School of Computer Science
B.Math Honours Computer Science/Info. Sys. Option Undergrad. Student
gyt2wong@student.cs.uwaterloo.ca