This is the mail archive of the
gcc-testresults@gcc.gnu.org
mailing list for the GCC project.
Results for 3.3.2-hammer testsuite on x86_64-suse-linux-gnu
- From: aj at suse dot de (Andreas Jaeger)
- To: gcc-testresults at gcc dot gnu dot org
- Date: Thu, 27 Nov 2003 19:37:23 UT
- Subject: Results for 3.3.2-hammer testsuite on x86_64-suse-linux-gnu
Bootstrap and regtesting on x86_64-suse-linux-gnu.
CVS sources: branch: hammer-3_3-branch.
LAST_UPDATED: Thu Nov 27 18:42:42 UTC 2003
Native configuration is x86_64-suse-linux-gnu
=== g++ tests ===
Running target unix/-m32
FAIL: g++.dg/overload/template1.C (test for excess errors)
FAIL: 14:is 2:should be 1
FAIL: g++.dg/gcov/gcov-3.C gcov: 1 failures in line counts, 0 in branch percentages, 0 in return percentages
XPASS: g++.other/init5.C Execution test
=== g++ Summary for unix/-m32 ===
# of expected passes 8107
# of unexpected failures 3
# of unexpected successes 1
# of expected failures 94
# of untested testcases 22
# of unsupported tests 28
Running target unix
FAIL: g++.dg/overload/template1.C (test for excess errors)
FAIL: 14:is 2:should be 1
FAIL: g++.dg/gcov/gcov-3.C gcov: 1 failures in line counts, 0 in branch percentages, 0 in return percentages
XPASS: g++.other/init5.C Execution test
=== g++ Summary for unix ===
# of expected passes 8107
# of unexpected failures 3
# of unexpected successes 1
# of expected failures 94
# of untested testcases 22
# of unsupported tests 28
=== g++ Summary ===
# of expected passes 16214
# of unexpected failures 6
# of unexpected successes 2
# of expected failures 188
# of untested testcases 44
# of unsupported tests 56
/abuild/aj/builds/gcc/misc/gcc/testsuite/../g++ version 3.3.2-hammer
=== g77 tests ===
Running target unix/-m32
=== g77 Summary for unix/-m32 ===
# of expected passes 1686
# of unsupported tests 8
Running target unix
=== g77 Summary for unix ===
# of expected passes 1686
# of unsupported tests 8
=== g77 Summary ===
# of expected passes 3372
# of unsupported tests 16
/abuild/aj/builds/gcc/misc/gcc/testsuite/../g77 version 3.3.2-hammer
=== gcc tests ===
Running target unix/-m32
FAIL: gcc.c-torture/compile/20000326-1.c, -O3 -fomit-frame-pointer
XPASS: gcc.c-torture/execute/20020227-1.c execution, -O0
XPASS: gcc.c-torture/execute/20020227-1.c execution, -O1
XPASS: gcc.c-torture/execute/20020227-1.c execution, -O2
XPASS: gcc.c-torture/execute/20020227-1.c execution, -O3 -fomit-frame-pointer
XPASS: gcc.c-torture/execute/20020227-1.c execution, -O3 -g
XPASS: gcc.c-torture/execute/20020227-1.c execution, -Os
XPASS: gcc.c-torture/execute/20020720-1.c compilation, -O1
XPASS: gcc.c-torture/execute/20020720-1.c compilation, -O2
XPASS: gcc.c-torture/execute/20020720-1.c compilation, -O3 -fomit-frame-pointer
XPASS: gcc.c-torture/execute/20020720-1.c compilation, -O3 -g
XPASS: gcc.c-torture/execute/20020720-1.c compilation, -Os
FAIL: gcc.c-torture/execute/loop-2e.c execution, -Os
FAIL: gcc.c-torture/execute/ieee/20010114-2.c execution, -O1
FAIL: gcc.c-torture/execute/ieee/20010114-2.c execution, -O2
FAIL: gcc.c-torture/execute/ieee/20010114-2.c execution, -Os
FAIL: gcc.c-torture/execute/ieee/980619-1.c execution, -O1
FAIL: gcc.c-torture/execute/ieee/980619-1.c execution, -O2
FAIL: gcc.c-torture/execute/ieee/980619-1.c execution, -O3 -fomit-frame-pointer
FAIL: gcc.c-torture/execute/ieee/980619-1.c execution, -O3 -fomit-frame-pointer -funroll-loops
FAIL: gcc.c-torture/execute/ieee/980619-1.c execution, -O3 -fomit-frame-pointer -funroll-all-loops -finline-functions
FAIL: gcc.c-torture/execute/ieee/980619-1.c execution, -O3 -g
FAIL: gcc.c-torture/execute/ieee/980619-1.c execution, -Os
FAIL: gcc.dg/cpp/include3.c (test for excess errors)
FAIL: gcc.dg/duff-2.c (test for excess errors)
FAIL: gcc.dg/gnu89-init-2.c scan-assembler-not __compound_literal
FAIL: gcc.dg/noreturn-1.c detect falling off end of noreturn (test for warnings, line 10)
FAIL: gcc.dg/noreturn-1.c this function should not get any warnings (test for bogus messages, line 18)
FAIL: gcc.dg/return-type-1.c warning for falling off end of non-void function (test for warnings, line 8)
FAIL: gcc.dg/return-type-1.c (test for excess errors)
FAIL: gcc.dg/warn-1.c (test for warnings, line 8)
FAIL: gcc.dg/warn-1.c (test for warnings, line 15)
FAIL: linkage.c
=== gcc Summary for unix/-m32 ===
# of expected passes 21018
# of unexpected failures 22
# of unexpected successes 11
# of expected failures 68
# of unsupported tests 164
Running target unix
XPASS: gcc.c-torture/execute/20020227-1.c execution, -O0
XPASS: gcc.c-torture/execute/20020227-1.c execution, -O1
XPASS: gcc.c-torture/execute/20020227-1.c execution, -O2
XPASS: gcc.c-torture/execute/20020227-1.c execution, -O3 -fomit-frame-pointer
XPASS: gcc.c-torture/execute/20020227-1.c execution, -O3 -g
XPASS: gcc.c-torture/execute/20020227-1.c execution, -Os
UNRESOLVED: gcc.c-torture/execute/20020720-1.c execution, -O1
UNRESOLVED: gcc.c-torture/execute/20020720-1.c execution, -O2
UNRESOLVED: gcc.c-torture/execute/20020720-1.c execution, -O3 -fomit-frame-pointer
UNRESOLVED: gcc.c-torture/execute/20020720-1.c execution, -O3 -g
UNRESOLVED: gcc.c-torture/execute/20020720-1.c execution, -Os
FAIL: gcc.dg/cpp/include3.c (test for excess errors)
FAIL: gcc.dg/20020103-1.c scan-assembler-not LC
FAIL: gcc.dg/duff-2.c (test for excess errors)
FAIL: gcc.dg/gnu89-init-2.c scan-assembler-not __compound_literal
FAIL: gcc.dg/i386-mmx-3.c (test for excess errors)
FAIL: gcc.dg/i386-ssetype-1.c (test for excess errors)
ERROR: gcc.dg/i386-ssetype-1.c: error executing dg-final: couldn't open "i386-ssetype-1.s": no such file or directory
UNRESOLVED: gcc.dg/i386-ssetype-1.c: error executing dg-final: couldn't open "i386-ssetype-1.s": no such file or directory
FAIL: gcc.dg/i386-ssetype-2.c (test for excess errors)
ERROR: gcc.dg/i386-ssetype-2.c: error executing dg-final: couldn't open "i386-ssetype-2.s": no such file or directory
UNRESOLVED: gcc.dg/i386-ssetype-2.c: error executing dg-final: couldn't open "i386-ssetype-2.s": no such file or directory
FAIL: gcc.dg/i386-ssetype-3.c (test for excess errors)
ERROR: gcc.dg/i386-ssetype-3.c: error executing dg-final: couldn't open "i386-ssetype-3.s": no such file or directory
UNRESOLVED: gcc.dg/i386-ssetype-3.c: error executing dg-final: couldn't open "i386-ssetype-3.s": no such file or directory
FAIL: gcc.dg/i386-ssetype-4.c (test for excess errors)
ERROR: gcc.dg/i386-ssetype-4.c: error executing dg-final: couldn't open "i386-ssetype-4.s": no such file or directory
UNRESOLVED: gcc.dg/i386-ssetype-4.c: error executing dg-final: couldn't open "i386-ssetype-4.s": no such file or directory
FAIL: gcc.dg/i386-ssetype-5.c (test for excess errors)
ERROR: gcc.dg/i386-ssetype-5.c: error executing dg-final: couldn't open "i386-ssetype-5.s": no such file or directory
UNRESOLVED: gcc.dg/i386-ssetype-5.c: error executing dg-final: couldn't open "i386-ssetype-5.s": no such file or directory
FAIL: gcc.dg/noreturn-1.c detect falling off end of noreturn (test for warnings, line 10)
FAIL: gcc.dg/noreturn-1.c this function should not get any warnings (test for bogus messages, line 18)
FAIL: gcc.dg/return-type-1.c warning for falling off end of non-void function (test for warnings, line 8)
FAIL: gcc.dg/return-type-1.c (test for excess errors)
FAIL: gcc.dg/warn-1.c (test for warnings, line 8)
FAIL: gcc.dg/warn-1.c (test for warnings, line 15)
=== gcc Summary for unix ===
# of expected passes 20992
# of unexpected failures 16
# of unexpected successes 6
# of expected failures 73
# of unresolved testcases 10
# of unsupported tests 164
=== gcc Summary ===
# of expected passes 42010
# of unexpected failures 38
# of unexpected successes 17
# of expected failures 141
# of unresolved testcases 10
# of unsupported tests 328
/abuild/aj/builds/gcc/misc/gcc/xgcc version 3.3.2-hammer
=== objc tests ===
Running target unix/-m32
=== objc Summary for unix/-m32 ===
# of expected passes 1153
Running target unix
=== objc Summary for unix ===
# of expected passes 1153
=== objc Summary ===
# of expected passes 2306
/abuild/aj/builds/gcc/misc/gcc/xgcc version 3.3.2-hammer
=== treelang tests ===
Running target unix/-m32
=== treelang Summary for unix/-m32 ===
# of expected passes 1
Running target unix
=== treelang Summary for unix ===
=== treelang Summary ===
# of expected passes 1
=== libjava tests ===
Running target unix/-m32
WARNING: program timed out.
FAIL: SyncTest execution - gij test
WARNING: program timed out.
FAIL: SyncTest execution - gij test
FAIL: Throw_2 execution - source compiled test
FAIL: Throw_2 execution - gij test
FAIL: Throw_2 execution - bytecode->native test
FAIL: Throw_2 -O execution - source compiled test
FAIL: Throw_2 execution - gij test
FAIL: Throw_2 -O execution - bytecode->native test
=== libjava Summary for unix/-m32 ===
# of expected passes 2975
# of unexpected failures 8
# of expected failures 16
# of untested testcases 20
Running target unix
FAIL: SyncTest execution - gij test
FAIL: SyncTest execution - gij test
=== libjava Summary for unix ===
# of expected passes 2987
# of unexpected failures 2
# of expected failures 16
# of untested testcases 14
=== libjava Summary ===
# of expected passes 5962
# of unexpected failures 10
# of expected failures 32
# of untested testcases 34
=== libstdc++-v3 tests ===
Running target unix/-m32
FAIL: 22_locale/codecvt_members_unicode_char.cc execution test
XPASS: 22_locale/collate_byname.cc execution test
XPASS: 22_locale/collate_members_char.cc execution test
XPASS: 22_locale/collate_members_wchar_t.cc execution test
XPASS: 22_locale/ctype_is_char.cc execution test
XPASS: 22_locale/ctype_is_wchar_t.cc execution test
XPASS: 22_locale/members.cc execution test
XPASS: 22_locale/money_get_members_char.cc execution test
XPASS: 22_locale/money_put_members_char.cc execution test
XPASS: 22_locale/moneypunct_byname.cc execution test
XPASS: 22_locale/moneypunct_members_char.cc execution test
XPASS: 22_locale/moneypunct_members_wchar_t.cc execution test
XPASS: 22_locale/num_get_members_char.cc execution test
XPASS: 22_locale/num_get_members_wchar_t.cc execution test
XPASS: 22_locale/num_put_members_char.cc execution test
XPASS: 22_locale/num_put_members_wchar_t.cc execution test
XPASS: 22_locale/numpunct_byname.cc execution test
XPASS: 22_locale/numpunct_members_char.cc execution test
XPASS: 22_locale/numpunct_members_wchar_t.cc execution test
XPASS: 22_locale/time_get_members_char.cc execution test
XPASS: 22_locale/time_get_members_wchar_t.cc execution test
=== libstdc++-v3 Summary for unix/-m32 ===
# of expected passes 432
# of unexpected failures 1
# of unexpected successes 20
# of expected failures 8
Running target unix
XPASS: 22_locale/collate_byname.cc execution test
XPASS: 22_locale/collate_members_char.cc execution test
XPASS: 22_locale/collate_members_wchar_t.cc execution test
XPASS: 22_locale/ctype_is_char.cc execution test
XPASS: 22_locale/ctype_is_wchar_t.cc execution test
XPASS: 22_locale/members.cc execution test
XPASS: 22_locale/money_get_members_char.cc execution test
XPASS: 22_locale/money_get_members_wchar_t.cc execution test
XPASS: 22_locale/money_put_members_char.cc execution test
XPASS: 22_locale/money_put_members_wchar_t.cc execution test
XPASS: 22_locale/moneypunct_byname.cc execution test
XPASS: 22_locale/moneypunct_members_char.cc execution test
XPASS: 22_locale/moneypunct_members_wchar_t.cc execution test
XPASS: 22_locale/num_get_members_char.cc execution test
XPASS: 22_locale/num_get_members_wchar_t.cc execution test
XPASS: 22_locale/num_put_members_char.cc execution test
XPASS: 22_locale/num_put_members_wchar_t.cc execution test
XPASS: 22_locale/numpunct_byname.cc execution test
XPASS: 22_locale/numpunct_members_char.cc execution test
XPASS: 22_locale/numpunct_members_wchar_t.cc execution test
XPASS: 22_locale/time_get_members_char.cc execution test
XPASS: 22_locale/time_get_members_wchar_t.cc execution test
=== libstdc++-v3 Summary for unix ===
# of expected passes 433
# of unexpected successes 22
# of expected failures 6
=== libstdc++-v3 Summary ===
# of expected passes 865
# of unexpected failures 1
# of unexpected successes 42
# of expected failures 14
Compiler version: 3.3.2-hammer
Platform: x86_64-suse-linux-gnu
configure flags: --host=x86_64-suse-linux-gnu --prefix=/opt/gcc/hammer-3_3-branch --disable-nls --enable-threads=posix --enable-clocale=gnu --enable-__cxa_atexit --enable-shared --enable-languages=c,c++,ada,treelang,java,f77,objc --with-system-zlib