This is the mail archive of the
gcc-testresults@gcc.gnu.org
mailing list for the GCC project.
Results for 3.420031122(experimental) testsuite on hppa1.1-unknown-linux-gnu
- From: Andreas Tobler <toa at pop dot agri dot ch>
- To: gcc-results <gcc-testresults at gcc dot gnu dot org>
- Date: Sun, 23 Nov 2003 13:38:16 +0100
- Subject: Results for 3.420031122(experimental) testsuite on hppa1.1-unknown-linux-gnu
LAST_UPDATED: Sat Nov 22 13:00:53 UTC 2003
Native configuration is hppa1.1-unknown-linux-gnu
=== g++ tests ===
Running target unix
XPASS: g++.dg/ext/lvalue1.C not an lvalue (test for errors, line 7)
FAIL: g++.dg/lookup/using9.C (test for errors, line 7)
FAIL: g++.dg/lookup/using9.C (test for errors, line 8)
FAIL: g++.dg/lookup/using9.C (test for errors, line 12)
FAIL: g++.dg/lookup/using9.C (test for errors, line 13)
FAIL: g++.dg/lookup/using9.C (test for errors, line 14)
FAIL: g++.dg/lookup/using9.C (test for errors, line 22)
FAIL: g++.dg/lookup/using9.C (test for errors, line 23)
FAIL: g++.dg/lookup/using9.C (test for excess errors)
XPASS: g++.dg/other/packed1.C execution test
FAIL: g++.dg/template/ptrmem7.C (test for errors, line 38)
FAIL: g++.dg/template/ptrmem7.C (test for errors, line 39)
FAIL: g++.dg/template/ptrmem7.C (test for errors, line 43)
FAIL: g++.dg/template/ptrmem7.C (test for excess errors)
XPASS: g++.dg/warn/Wunused-2.C (test for warnings, line 5)
FAIL: g++.old-deja/g++.law/profile1.C execution test
WARNING: g++.old-deja/g++.mike/p10769a.C compilation failed to produce executable
WARNING: g++.old-deja/g++.other/enum5.C compilation failed to produce executable
WARNING: g++.old-deja/g++.pt/friend44.C compilation failed to produce executable
=== g++ Summary ===
# of expected passes 9073
# of unexpected failures 13
# of unexpected successes 3
# of expected failures 59
# of unsupported tests 62
/home/andreas/gcc-dev/gcc-cvs/objdir/gcc/testsuite/../g++ version 3.4 20031122 (experimental)
=== gcc tests ===
Running target unix
WARNING: program timed out.
FAIL: gcc.c-torture/compile/20001226-1.c (test for excess errors)
WARNING: program timed out.
FAIL: gcc.c-torture/compile/20001226-1.c (test for excess errors)
FAIL: gcc.c-torture/execute/20030307-1.c execution, -O2
FAIL: gcc.c-torture/execute/20030307-1.c execution, -Os
UNRESOLVED: gcc.c-torture/execute/wchar_t-1.c execution, -O0
UNRESOLVED: gcc.c-torture/execute/wchar_t-1.c execution, -O1
UNRESOLVED: gcc.c-torture/execute/wchar_t-1.c execution, -O2
UNRESOLVED: gcc.c-torture/execute/wchar_t-1.c execution, -O3 -fomit-frame-pointer
UNRESOLVED: gcc.c-torture/execute/wchar_t-1.c execution, -O3 -g
UNRESOLVED: gcc.c-torture/execute/wchar_t-1.c execution, -Os
FAIL: gcc.dg/cpp/assert4.c (test for excess errors)
FAIL: gcc.dg/debug/debug-1.c scan-assembler xyzzy
FAIL: gcc.dg/debug/debug-1.c scan-assembler xyzzy
FAIL: gcc.dg/debug/debug-1.c scan-assembler xyzzy
FAIL: gcc.dg/debug/debug-1.c scan-assembler xyzzy
FAIL: gcc.dg/debug/debug-1.c scan-assembler xyzzy
FAIL: gcc.dg/debug/debug-1.c scan-assembler xyzzy
FAIL: gcc.dg/debug/debug-1.c scan-assembler xyzzy
FAIL: gcc.dg/debug/debug-1.c scan-assembler xyzzy
FAIL: gcc.dg/debug/debug-2.c scan-assembler xyzzy
FAIL: gcc.dg/debug/debug-2.c scan-assembler xyzzy
FAIL: gcc.dg/debug/debug-2.c scan-assembler xyzzy
FAIL: gcc.dg/debug/debug-2.c scan-assembler xyzzy
FAIL: gcc.dg/debug/debug-2.c scan-assembler xyzzy
FAIL: gcc.dg/debug/debug-2.c scan-assembler xyzzy
FAIL: gcc.dg/debug/debug-2.c scan-assembler xyzzy
FAIL: gcc.dg/debug/debug-2.c scan-assembler xyzzy
FAIL: gcc.dg/20021014-1.c execution test
FAIL: gcc.dg/20031111-1.c (test for errors, line 8)
FAIL: gcc.dg/20031111-1.c (test for errors, line 12)
FAIL: gcc.dg/const-elim-1.c scan-assembler-not L\\\$?C[^A-Z]
FAIL: gcc.dg/nest.c execution test
FAIL: gcc.dg/nested-func-1.c break switch 1 (test for errors, line 10)
=== gcc Summary ===
# of expected passes 24241
# of unexpected failures 27
# of expected failures 77
# of unresolved testcases 6
# of untested testcases 7
# of unsupported tests 283
/home/andreas/gcc-dev/gcc-cvs/objdir/gcc/xgcc version 3.4 20031122 (experimental)
=== libffi tests ===
Running target unix
FAIL: libffi.call/cls_5byte.c output pattern test, is 127 120 1 12 128 9: 139 248 10
FAIL: libffi.call/cls_6byte.c output pattern test, is 127 120 1 128 12 128 9 127: 139 248 10 255
=== libffi Summary ===
# of expected passes 167
# of unexpected failures 2
# of unsupported tests 2
=== libjava tests ===
Running target unix
FAIL: linking simple
FAIL: /home/andreas/gcc-dev/gcc-cvs/gcc/libjava/testsuite/libjava.jar/simple.jar execution - gij test
WARNING: program timed out.
FAIL: SyncTest execution - source compiled test
WARNING: program timed out.
FAIL: SyncTest execution - gij test
WARNING: program timed out.
FAIL: SyncTest execution - bytecode->native test
WARNING: program timed out.
FAIL: SyncTest -O3 execution - source compiled test
WARNING: program timed out.
FAIL: SyncTest execution - gij test
FAIL: SyncTest -O3 execution - bytecode->native test
FAIL: Throw_2 execution - source compiled test
FAIL: Throw_2 execution - gij test
FAIL: Throw_2 execution - bytecode->native test
FAIL: Throw_2 -O3 execution - source compiled test
FAIL: Throw_2 execution - gij test
FAIL: Throw_2 -O3 execution - bytecode->native test
FAIL: negzero execution - gij test
FAIL: negzero execution - gij test
=== libjava Summary ===
# of expected passes 3212
# of unexpected failures 16
# of expected failures 11
# of untested testcases 23
=== libstdc++-v3 check-abi Summary ===
# of added symbols: 261
# of missing symbols: 270
# of incompatible symbols: 277
=== libstdc++ tests ===
Running target unix
FAIL: 22_locale/money_get/get/char/5.cc execution test
FAIL: 22_locale/money_get/get/wchar_t/5.cc execution test
FAIL: 22_locale/num_get/get/char/4.cc execution test
FAIL: 22_locale/num_get/get/wchar_t/4.cc execution test
XPASS: 26_numerics/c99_classification_macros_c.cc (test for excess errors)
FAIL: 26_numerics/complex_inserters_extractors.cc execution test
FAIL: 27_io/basic_filebuf/sgetn/char/1-in.cc execution test
FAIL: 27_io/basic_filebuf/sgetn/char/1-io.cc execution test
FAIL: 27_io/basic_filebuf/sgetn/char/2-in.cc execution test
FAIL: 27_io/basic_filebuf/sgetn/char/2-io.cc execution test
FAIL: 27_io/basic_istream/extractors_arithmetic/char/01.cc execution test
FAIL: 27_io/basic_istream/readsome/char/6746-2.cc execution test
WARNING: program timed out.
FAIL: thread/pthread5.cc execution test
=== libstdc++ Summary ===
# of expected passes 2343
# of unexpected failures 12
# of unexpected successes 1
# of expected failures 11
Compiler version: 3.420031122(experimental)
Platform: hppa1.1-unknown-linux-gnu
configure flags: --prefix=/var/tmp --enable-languages=c,c++,java --enable-libgcj --disable-multilib --disable-checking --enable-debug