This is the mail archive of the
gcc-testresults@gcc.gnu.org
mailing list for the GCC project.
Results for 3.1.1 20020629 (prerelease) gcc testsuite on vax-dec-ultrix4.3
- From: John David Anglin <dave at hiauly dot hia dot nrc dot ca>
- To: dave at hiauly dot hia dot nrc dot ca, gcc-testresults at gcc dot gnu dot org
- Date: Tue, 23 Jul 2002 12:03:16 -0400
- Subject: Results for 3.1.1 20020629 (prerelease) gcc testsuite on vax-dec-ultrix4.3
LAST_UPDATED: Sat Jun 29 15:34:54 EDT 2002
Native configuration is vax-dec-ultrix4.3
=== gcc tests ===
Running target unix
WARNING: program timed out.
FAIL: gcc.c-torture/compile/20001226-1.c, -O0
WARNING: program timed out.
FAIL: gcc.c-torture/compile/20001226-1.c, -O1
WARNING: program timed out.
FAIL: gcc.c-torture/compile/20001226-1.c, -O2
WARNING: program timed out.
FAIL: gcc.c-torture/compile/20001226-1.c, -O3 -fomit-frame-pointer
WARNING: program timed out.
FAIL: gcc.c-torture/compile/20001226-1.c, -O3 -g
WARNING: program timed out.
FAIL: gcc.c-torture/compile/20001226-1.c, -Os
FAIL: gcc.c-torture/compile/920624-1.c, -O3 -fomit-frame-pointer -funroll-loops
FAIL: gcc.c-torture/compile/920624-1.c, -O3 -fomit-frame-pointer -funroll-all-loops -finline-functions
FAIL: gcc.c-torture/execute/920909-1.c compilation, -O3 -fomit-frame-pointer
UNRESOLVED: gcc.c-torture/execute/920909-1.c execution, -O3 -fomit-frame-pointer
FAIL: gcc.c-torture/execute/920909-1.c compilation, -O3 -g
UNRESOLVED: gcc.c-torture/execute/920909-1.c execution, -O3 -g
FAIL: gcc.c-torture/execute/conversion.c execution, -O0
FAIL: gcc.c-torture/execute/conversion.c execution, -O1
FAIL: gcc.c-torture/execute/conversion.c execution, -O2
FAIL: gcc.c-torture/execute/conversion.c execution, -Os
FAIL: gcc.c-torture/execute/loop-3c.c execution, -O2
FAIL: gcc.c-torture/execute/loop-3c.c execution, -O3 -fomit-frame-pointer
FAIL: gcc.c-torture/execute/loop-3c.c execution, -O3 -fomit-frame-pointer -funroll-loops
FAIL: gcc.c-torture/execute/loop-3c.c execution, -O3 -fomit-frame-pointer -funroll-all-loops -finline-functions
FAIL: gcc.c-torture/execute/loop-3c.c execution, -O3 -g
FAIL: gcc.c-torture/execute/loop-3c.c execution, -Os
FAIL: gcc.dg/cpp/wchar-1.c execution test
FAIL: gcc.dg/20020304-1.c (test for excess errors)
FAIL: gcc.dg/c99-float-1.c (test for excess errors)
FAIL: gcc.dg/wchar_t-1.c (test for excess errors)
FAIL: gcc.dg/weak-1.c scan-assembler weak[^ ]*[ ]_?a
FAIL: gcc.dg/weak-1.c scan-assembler weak[^ ]*[ ]_?b
FAIL: gcc.dg/weak-1.c scan-assembler weak[^ ]*[ ]_?c
FAIL: gcc.dg/weak-1.c scan-assembler weak[^ ]*[ ]_?d
FAIL: gcc.dg/weak-1.c scan-assembler weak[^ ]*[ ]_?e
FAIL: gcc.dg/weak-1.c scan-assembler weak[^ ]*[ ]_?g
FAIL: gcc.dg/weak-1.c scan-assembler weak[^ ]*[ ]_?j
FAIL: gcc.dg/weak-2.c applying #pragma weak (test for warnings, line 33)
FAIL: gcc.dg/weak-2.c scan-assembler weak[^ ]*[ ]ffoo1a
FAIL: gcc.dg/weak-2.c scan-assembler weak[^ ]*[ ]ffoo1b
FAIL: gcc.dg/weak-2.c scan-assembler weak[^ ]*[ ]ffoo1c
FAIL: gcc.dg/weak-2.c scan-assembler weak[^ ]*[ ]ffoo1e
FAIL: gcc.dg/weak-3.c (test for excess errors)
FAIL: gcc.dg/weak-3.c scan-assembler weak[^ ]*[ ]ffoo1a
FAIL: gcc.dg/weak-3.c scan-assembler weak[^ ]*[ ]ffoo1b
FAIL: gcc.dg/weak-3.c scan-assembler weak[^ ]*[ ]ffoo1c
FAIL: gcc.dg/weak-3.c scan-assembler weak[^ ]*[ ]ffoo1e
FAIL: gcc.dg/weak-3.c scan-assembler weak[^ ]*[ ]ffoo1f
FAIL: gcc.dg/weak-3.c scan-assembler weak[^ ]*[ ]ffoo1g
FAIL: gcc.dg/weak-4.c applying #pragma weak (test for warnings, line 41)
FAIL: gcc.dg/weak-4.c applying #pragma weak (test for warnings, line 73)
FAIL: gcc.dg/weak-4.c scan-assembler weak[^ ]*[ ]vfoo1a
FAIL: gcc.dg/weak-4.c scan-assembler weak[^ ]*[ ]vfoo1b
FAIL: gcc.dg/weak-4.c scan-assembler weak[^ ]*[ ]vfoo1c
FAIL: gcc.dg/weak-4.c scan-assembler weak[^ ]*[ ]vfoo1d
FAIL: gcc.dg/weak-4.c scan-assembler weak[^ ]*[ ]vfoo1e
FAIL: gcc.dg/weak-4.c scan-assembler weak[^ ]*[ ]vfoo1f
FAIL: gcc.dg/weak-4.c scan-assembler weak[^ ]*[ ]vfoo1g
FAIL: gcc.dg/weak-4.c scan-assembler weak[^ ]*[ ]vfoo1h
FAIL: gcc.dg/weak-4.c scan-assembler weak[^ ]*[ ]vfoo1i
FAIL: gcc.dg/weak-4.c scan-assembler weak[^ ]*[ ]vfoo1j
FAIL: gcc.dg/weak-4.c scan-assembler weak[^ ]*[ ]vfoo1k
FAIL: gcc.dg/weak-5.c (test for excess errors)
FAIL: gcc.dg/weak-5.c scan-assembler weak[^ ]*[ ]_?vfoo1a
FAIL: gcc.dg/weak-5.c scan-assembler weak[^ ]*[ ]_?vfoo1b
FAIL: gcc.dg/weak-5.c scan-assembler weak[^ ]*[ ]_?vfoo1c
FAIL: gcc.dg/weak-5.c scan-assembler weak[^ ]*[ ]_?vfoo1d
FAIL: gcc.dg/weak-5.c scan-assembler weak[^ ]*[ ]_?vfoo1e
FAIL: gcc.dg/weak-5.c scan-assembler weak[^ ]*[ ]_?vfoo1f
FAIL: gcc.dg/weak-5.c scan-assembler weak[^ ]*[ ]_?vfoo1g
FAIL: gcc.dg/weak-5.c scan-assembler weak[^ ]*[ ]_?vfoo1h
FAIL: gcc.dg/weak-5.c scan-assembler weak[^ ]*[ ]_?vfoo1i
FAIL: gcc.dg/weak-5.c scan-assembler weak[^ ]*[ ]_?vfoo1j
FAIL: gcc.dg/weak-5.c scan-assembler weak[^ ]*[ ]_?vfoo1k
FAIL: gcc.dg/weak-5.c scan-assembler weak[^ ]*[ ]_?vfoo1l
FAIL: gcc.dg/weak-6.c (test for errors, line 4)
FAIL: gcc.dg/weak-7.c (test for excess errors)
FAIL: gcc.dg/weak-9.c (test for excess errors)
FAIL: gcc.dg/weak-9.c scan-assembler weak[^ ]*[ ]_?f1
FAIL: gcc.dg/weak-9.c scan-assembler weak[^ ]*[ ]_?f2
FAIL: gcc.dg/weak-9.c scan-assembler weak[^ ]*[ ]_?f3
FAIL: gcc.dg/weak-9.c scan-assembler weak[^ ]*[ ]_?f4
FAIL: gcc.dg/weak-9.c scan-assembler notf1
FAIL: gcc.dg/weak-9.c scan-assembler notf2
FAIL: gcc.dg/weak-9.c scan-assembler notf3
FAIL: gcc.dg/weak-9.c scan-assembler notf4
FAIL: gcc.dg/wint_t-1.c (test for excess errors)
FAIL: gcc.dg/special/weak-1.c (test for excess errors)
WARNING: gcc.dg/special/weak-1.c compilation failed to produce executable
FAIL: weak-2a.o
FAIL: wkali-2a.o
FAIL: gcc.dg/special/gcsec-1.c (test for excess errors)
FAIL: gcc.misc-tests/gcov-4b.c gcov: 309: expected branch percentages not found: 25
WARNING: program timed out.
FAIL: gcc.misc-tests/gcov-5b.c execution test
=== gcc Summary ===
# of expected passes 17851
# of unexpected failures 87
# of expected failures 66
# of unresolved testcases 2
# of unsupported tests 122
/xxx/gnu/gcc-3.1/objdir/gcc/xgcc version 3.1.1 20020629 (prerelease)
Compiler version: 3.1.1 20020629 (prerelease) gcc
Platform: vax-dec-ultrix4.3
configure flags: --host=vax-dec-ultrix4.3 --with-gnu-as --with-gnu-ld --enable-languages=c