This is the mail archive of the
gcc-testresults@gcc.gnu.org
mailing list for the GCC project.
Results for 3.4 20031117 (experimental) testsuite on sparc64-sun-solaris2.7
- From: "Kaveh R. Ghazi" <ghazi at caip dot rutgers dot edu>
- To: gcc-testresults at gcc dot gnu dot org
- Date: Mon, 17 Nov 2003 21:28:50 -0500 (EST)
- Subject: Results for 3.4 20031117 (experimental) testsuite on sparc64-sun-solaris2.7
LAST_UPDATED:
Native configuration is sparc64-sun-solaris2.7
=== g++ tests ===
Running target unix
FAIL: g++.dg/eh/simd-1.C (test for excess errors)
WARNING: g++.dg/eh/simd-1.C compilation failed to produce executable
FAIL: g++.dg/eh/simd-2.C (test for excess errors)
WARNING: g++.dg/eh/simd-2.C compilation failed to produce executable
XPASS: g++.dg/ext/lvalue1.C not an lvalue (test for errors, line 7)
FAIL: g++.dg/lookup/using9.C (test for errors, line 7)
FAIL: g++.dg/lookup/using9.C (test for errors, line 8)
FAIL: g++.dg/lookup/using9.C (test for errors, line 12)
FAIL: g++.dg/lookup/using9.C (test for errors, line 13)
FAIL: g++.dg/lookup/using9.C (test for errors, line 14)
FAIL: g++.dg/lookup/using9.C (test for errors, line 22)
FAIL: g++.dg/lookup/using9.C (test for errors, line 23)
FAIL: g++.dg/lookup/using9.C (test for excess errors)
FAIL: g++.dg/parse/stack1.C (test for excess errors)
FAIL: g++.dg/template/ptrmem7.C (test for errors, line 38)
FAIL: g++.dg/template/ptrmem7.C (test for errors, line 39)
FAIL: g++.dg/template/ptrmem7.C (test for errors, line 43)
FAIL: g++.dg/template/ptrmem7.C (test for excess errors)
XPASS: g++.dg/warn/Wunused-2.C (test for warnings, line 5)
FAIL: g++.dg/special/conpr-4.C execution test
WARNING: g++.old-deja/g++.mike/p10769a.C compilation failed to produce executable
FAIL: g++.old-deja/g++.other/crash34.C (test for excess errors)
WARNING: g++.old-deja/g++.other/enum5.C compilation failed to produce executable
WARNING: g++.old-deja/g++.pt/friend44.C compilation failed to produce executable
=== g++ Summary ===
# of expected passes 9030
# of unexpected failures 17
# of unexpected successes 2
# of expected failures 63
# of unsupported tests 60
/teal/tmpdisk/ghazi/gcc-testing/v9-34/build/gcc/testsuite/../g++ version 3.4 20031117 (experimental)
=== g77 tests ===
Running target unix
=== g77 Summary ===
# of expected passes 1752
# of expected failures 1
# of untested testcases 1
# of unsupported tests 6
/teal/tmpdisk/ghazi/gcc-testing/v9-34/build/gcc/testsuite/../g77 version 3.4 20031117 (experimental)
=== gcc tests ===
Running target unix
UNRESOLVED: gcc.c-torture/execute/simd-4.c execution, -O0
UNRESOLVED: gcc.c-torture/execute/va-arg-25.c execution, -O0
UNRESOLVED: gcc.c-torture/execute/va-arg-25.c execution, -O1
UNRESOLVED: gcc.c-torture/execute/va-arg-25.c execution, -O2
UNRESOLVED: gcc.c-torture/execute/va-arg-25.c execution, -O3 -fomit-frame-pointer
UNRESOLVED: gcc.c-torture/execute/va-arg-25.c execution, -O3 -g
UNRESOLVED: gcc.c-torture/execute/va-arg-25.c execution, -Os
UNRESOLVED: gcc.c-torture/execute/wchar_t-1.c execution, -O0
UNRESOLVED: gcc.c-torture/execute/wchar_t-1.c execution, -O1
UNRESOLVED: gcc.c-torture/execute/wchar_t-1.c execution, -O2
UNRESOLVED: gcc.c-torture/execute/wchar_t-1.c execution, -O3 -fomit-frame-pointer
UNRESOLVED: gcc.c-torture/execute/wchar_t-1.c execution, -O3 -g
UNRESOLVED: gcc.c-torture/execute/wchar_t-1.c execution, -Os
FAIL: gcc.dg/compat/vector-1 c_compat_x_tst.o compile
FAIL: gcc.dg/compat/vector-1 c_compat_y_tst.o compile
UNRESOLVED: gcc.dg/compat/vector-1 c_compat_x_tst.o-c_compat_y_tst.o link
UNRESOLVED: gcc.dg/compat/vector-1 c_compat_x_tst.o-c_compat_y_tst.o execute
FAIL: gcc.dg/compat/vector-2 c_compat_x_tst.o compile
FAIL: gcc.dg/compat/vector-2 c_compat_y_tst.o compile
UNRESOLVED: gcc.dg/compat/vector-2 c_compat_x_tst.o-c_compat_y_tst.o link
UNRESOLVED: gcc.dg/compat/vector-2 c_compat_x_tst.o-c_compat_y_tst.o execute
FAIL: gcc.dg/debug/debug-1.c scan-assembler xyzzy
FAIL: gcc.dg/debug/debug-1.c scan-assembler xyzzy
FAIL: gcc.dg/debug/debug-1.c scan-assembler xyzzy
FAIL: gcc.dg/debug/debug-1.c scan-assembler xyzzy
FAIL: gcc.dg/debug/debug-1.c scan-assembler xyzzy
FAIL: gcc.dg/debug/debug-1.c scan-assembler xyzzy
FAIL: gcc.dg/debug/debug-1.c scan-assembler xyzzy
FAIL: gcc.dg/debug/debug-1.c scan-assembler xyzzy
FAIL: gcc.dg/debug/debug-2.c scan-assembler xyzzy
FAIL: gcc.dg/debug/debug-2.c scan-assembler xyzzy
FAIL: gcc.dg/debug/debug-2.c scan-assembler xyzzy
FAIL: gcc.dg/debug/debug-2.c scan-assembler xyzzy
FAIL: gcc.dg/debug/debug-2.c scan-assembler xyzzy
FAIL: gcc.dg/debug/debug-2.c scan-assembler xyzzy
FAIL: gcc.dg/debug/debug-2.c scan-assembler xyzzy
FAIL: gcc.dg/debug/debug-2.c scan-assembler xyzzy
WARNING: gcc.dg/20021014-1.c compilation failed to produce executable
FAIL: gcc.dg/20031111-1.c (test for errors, line 8)
FAIL: gcc.dg/20031111-1.c (test for errors, line 12)
FAIL: gcc.dg/attr-invalid.c (test for excess errors)
XPASS: gcc.dg/uninit-4.c uninitialized variable warning (test for bogus messages, line 26)
=== gcc Summary ===
# of expected passes 24215
# of unexpected failures 23
# of unexpected successes 1
# of expected failures 95
# of unresolved testcases 17
# of untested testcases 7
# of unsupported tests 271
/teal/tmpdisk/ghazi/gcc-testing/v9-34/build/gcc/xgcc version 3.4 20031117 (experimental)
=== objc tests ===
Running target unix
FAIL: objc.dg/call-super-2.m (test for excess errors)
FAIL: objc.dg/desig-init-1.m (test for excess errors)
FAIL: objc.dg/encode-2.m execution test
FAIL: objc.dg/encode-3.m execution test
FAIL: objc.dg/proto-qual-1.m execution test
=== objc Summary ===
# of expected passes 1332
# of unexpected failures 5
# of unsupported tests 7
/teal/tmpdisk/ghazi/gcc-testing/v9-34/build/gcc/xgcc version 3.4 20031117 (experimental)
=== libffi tests ===
Running target unix
FAIL: libffi.call/cls_12byte.c execution test
FAIL: libffi.call/cls_16byte.c output pattern test, is 7 8 9 1 9 3: 8 17 12
FAIL: libffi.call/cls_18byte.c output pattern test, is 1 127 126 3 4 125 124 5: 5 252 250 8
FAIL: libffi.call/cls_19byte.c output pattern test, is 1 127 126 3 120 4 125 124 5 119: 5 252 250 8 239
FAIL: libffi.call/cls_1_1byte.c execution test
FAIL: libffi.call/cls_20byte.c output pattern test, is 1 2 3 4 5 7: 5 7 10
FAIL: libffi.call/cls_20byte1.c output pattern test, is 1 2 3 4 5 7: 5 7 10
FAIL: libffi.call/cls_24byte.c output pattern test, is 9 2 6 5 1 2 3 7 4 5 7 9 8 6 1 9: 22 15 17 25
FAIL: libffi.call/cls_2byte.c execution test
FAIL: libffi.call/cls_3_1byte.c execution test
FAIL: libffi.call/cls_3byte1.c execution test
FAIL: libffi.call/cls_3byte2.c execution test
FAIL: libffi.call/cls_4_1byte.c execution test
FAIL: libffi.call/cls_4byte.c execution test
FAIL: libffi.call/cls_5byte.c execution test
FAIL: libffi.call/cls_64byte.c execution test
FAIL: libffi.call/cls_6byte.c execution test
FAIL: libffi.call/cls_7byte.c execution test
FAIL: libffi.call/cls_8byte.c execution test
FAIL: libffi.call/cls_9byte1.c execution test
FAIL: libffi.call/cls_9byte2.c execution test
FAIL: libffi.call/cls_uint.c output pattern test, is 2147483647: 2147483647
FAIL: libffi.call/nested_struct.c execution test
FAIL: libffi.call/nested_struct1.c execution test
FAIL: libffi.call/nested_struct2.c execution test
FAIL: libffi.call/nested_struct3.c execution test
FAIL: libffi.call/problem1.c output pattern test, is 1 2 3 1 2 3: 2 4 6
FAIL: libffi.call/pyobjc-tc.c execution test
=== libffi Summary ===
# of expected passes 117
# of unexpected failures 28
# of unsupported tests 2
=== libjava tests ===
Running target unix
FAIL: linking simple
FAIL: /teal/caip5/ghazi/tmpdisk/gcc-testing/v9-34/egcc-CVS20031116/libjava/testsuite/libjava.jar/simple.jar execution - gij test
FAIL: bytecompile /teal/caip5/ghazi/tmpdisk/gcc-testing/v9-34/egcc-CVS20031116/libjava/testsuite/libjava.jni/calls.java
FAIL: bytecompile /teal/caip5/ghazi/tmpdisk/gcc-testing/v9-34/egcc-CVS20031116/libjava/testsuite/libjava.jni/cxxtest.java
FAIL: bytecompile /teal/caip5/ghazi/tmpdisk/gcc-testing/v9-34/egcc-CVS20031116/libjava/testsuite/libjava.jni/field.java
FAIL: bytecompile /teal/caip5/ghazi/tmpdisk/gcc-testing/v9-34/egcc-CVS20031116/libjava/testsuite/libjava.jni/final_method.java
FAIL: bytecompile /teal/caip5/ghazi/tmpdisk/gcc-testing/v9-34/egcc-CVS20031116/libjava/testsuite/libjava.jni/findclass.java
FAIL: bytecompile /teal/caip5/ghazi/tmpdisk/gcc-testing/v9-34/egcc-CVS20031116/libjava/testsuite/libjava.jni/invoke.java
FAIL: bytecompile /teal/caip5/ghazi/tmpdisk/gcc-testing/v9-34/egcc-CVS20031116/libjava/testsuite/libjava.jni/jniutf.java
FAIL: bytecompile /teal/caip5/ghazi/tmpdisk/gcc-testing/v9-34/egcc-CVS20031116/libjava/testsuite/libjava.jni/martin.java
FAIL: bytecompile /teal/caip5/ghazi/tmpdisk/gcc-testing/v9-34/egcc-CVS20031116/libjava/testsuite/libjava.jni/noclass.java
FAIL: bytecompile /teal/caip5/ghazi/tmpdisk/gcc-testing/v9-34/egcc-CVS20031116/libjava/testsuite/libjava.jni/overload.java
FAIL: bytecompile /teal/caip5/ghazi/tmpdisk/gcc-testing/v9-34/egcc-CVS20031116/libjava/testsuite/libjava.jni/pr11951.java
FAIL: bytecompile /teal/caip5/ghazi/tmpdisk/gcc-testing/v9-34/egcc-CVS20031116/libjava/testsuite/libjava.jni/register.java
FAIL: bytecompile /teal/caip5/ghazi/tmpdisk/gcc-testing/v9-34/egcc-CVS20031116/libjava/testsuite/libjava.jni/simple_int.java
FAIL: bytecompile /teal/caip5/ghazi/tmpdisk/gcc-testing/v9-34/egcc-CVS20031116/libjava/testsuite/libjava.jni/throwit.java
FAIL: bytecompile /teal/caip5/ghazi/tmpdisk/gcc-testing/v9-34/egcc-CVS20031116/libjava/testsuite/libjava.jni/virtual.java
FAIL: Array_3 execution - gij test
FAIL: Array_3 execution - gij test
FAIL: FileHandleGcTest execution - source compiled test
FAIL: FileHandleGcTest execution - gij test
FAIL: FileHandleGcTest execution - bytecode->native test
FAIL: FileHandleGcTest -O3 execution - source compiled test
FAIL: FileHandleGcTest execution - gij test
FAIL: FileHandleGcTest -O3 execution - bytecode->native test
WARNING: program timed out.
FAIL: Thread_Wait_2 execution - gij test
WARNING: program timed out.
FAIL: Thread_Wait_2 execution - gij test
FAIL: Thread_Wait_Interrupt execution - gij test
FAIL: Thread_Wait_Interrupt execution - gij test
=== libjava Summary ===
# of expected passes 3135
# of unexpected failures 29
# of expected failures 11
# of untested testcases 21
=== libstdc++ tests ===
Running target unix
=== libstdc++ Summary ===
# of expected passes 2349
# of expected failures 12
Compiler version: 3.4 20031117 (experimental)
Platform: sparc64-sun-solaris2.7
configure flags: --verbose sparc64-sun-solaris2.7