This is the mail archive of the
gcc-testresults@gcc.gnu.org
mailing list for the GCC project.
Results for 3.5-tree-ssa 20031115 (merged 20031111) testsuite on armv5l-unknown-linux-gnu
- From: jeroen dot dobbelaere at acunia dot com
- To: gcc-testresults at gcc dot gnu dot org
- Date: Sat, 15 Nov 2003 15:52:12 +0100
- Subject: Results for 3.5-tree-ssa 20031115 (merged 20031111) testsuite on armv5l-unknown-linux-gnu
kernel : 2.4.16-rmk1-xng1
binutils-2.14.90.0.4 + 'default float on arm-linux' patch
glibc-2.2.5 + arm patch
'make bootstrap' failed with :
stage1/xgcc -Bstage1/ -B/usr/local/gcc-3.5-cvs/armv5l-unknown-linux-gnu/bin/ -c -g -O2 -DIN_GCC -W -Wall -Wwrite-strings -Wstrict-prototypes -Wmissing-prototypes -pedantic -Wno-long-long -Wold-style-definition -fno-common -Wno-error -DHAVE_CONFIG_H -I. -I. -I../../gcc/gcc -I../../gcc/gcc/. -I../../gcc/gcc/../include -I../../gcc/gcc/../libbanshee/libcompat -I../../gcc/gcc/../libbanshee -I../../gcc/gcc/../libbanshee/points-to ../../gcc/gcc/tree.c -o tree.o
stage1/xgcc -Bstage1/ -B/usr/local/gcc-3.5-cvs/armv5l-unknown-linux-gnu/bin/ -c -g -O2 -DIN_GCC -W -Wall -Wwrite-strings -Wstrict-prototypes -Wmissing-prototypes -pedantic -Wno-long-long -Wold-style-definition -fno-common -DHAVE_CONFIG_H -I. -I. -I../../gcc/gcc -I../../gcc/gcc/. -I../../gcc/gcc/../include -I../../gcc/gcc/../libbanshee/libcompat -I../../gcc/gcc/../libbanshee -I../../gcc/gcc/../libbanshee/points-to ../../gcc/gcc/tree-dump.c -o tree-dump.o
stage1/xgcc -Bstage1/ -B/usr/local/gcc-3.5-cvs/armv5l-unknown-linux-gnu/bin/ -c -g -O2 -DIN_GCC -W -Wall -Wwrite-strings -Wstrict-prototypes -Wmissing-prototypes -pedantic -Wno-long-long -Wold-style-definition -fno-common -DHAVE_CONFIG_H -I. -I. -I../../gcc/gcc -I../../gcc/gcc/. -I../../gcc/gcc/../include -I../../gcc/gcc/../libbanshee/libcompat -I../../gcc/gcc/../libbanshee -I../../gcc/gcc/../libbanshee/points-to ../../gcc/gcc/unroll.c -o unroll.o
stage1/xgcc -Bstage1/ -B/usr/local/gcc-3.5-cvs/armv5l-unknown-linux-gnu/bin/ -c -g -O2 -DIN_GCC -W -Wall -Wwrite-strings -Wstrict-prototypes -Wmissing-prototypes -pedantic -Wno-long-long -Wold-style-definition -fno-common -Wno-error -DHAVE_CONFIG_H -I. -I. -I../../gcc/gcc -I../../gcc/gcc/. -I../../gcc/gcc/../include -I../../gcc/gcc/../libbanshee/libcompat -I../../gcc/gcc/../libbanshee -I../../gcc/gcc/../libbanshee/points-to ../../gcc/gcc/varasm.c -o varasm.o
stage1/xgcc -Bstage1/ -B/usr/local/gcc-3.5-cvs/armv5l-unknown-linux-gnu/bin/ -c -g -O2 -DIN_GCC -W -Wall -Wwrite-strings -Wstrict-prototypes -Wmissing-prototypes -pedantic -Wno-long-long -Wold-style-definition -fno-common -DHAVE_CONFIG_H -I. -I. -I../../gcc/gcc -I../../gcc/gcc/. -I../../gcc/gcc/../include -I../../gcc/gcc/../libbanshee/libcompat -I../../gcc/gcc/../libbanshee -I../../gcc/gcc/../libbanshee/points-to ../../gcc/gcc/version.c -o version.o
stage1/xgcc -Bstage1/ -B/usr/local/gcc-3.5-cvs/armv5l-unknown-linux-gnu/bin/ -c -g -O2 -DIN_GCC -W -Wall -Wwrite-strings -Wstrict-prototypes -Wmissing-prototypes -pedantic -Wno-long-long -Wold-style-definition -fno-common -DHAVE_CONFIG_H -I. -I. -I../../gcc/gcc -I../../gcc/gcc/. -I../../gcc/gcc/../include -I../../gcc/gcc/../libbanshee/libcompat -I../../gcc/gcc/../libbanshee -I../../gcc/gcc/../libbanshee/points-to ../../gcc/gcc/vmsdbgout.c -o vmsdbgout.o
stage1/xgcc -Bstage1/ -B/usr/local/gcc-3.5-cvs/armv5l-unknown-linux-gnu/bin/ -c -g -O2 -DIN_GCC -W -Wall -Wwrite-strings -Wstrict-prototypes -Wmissing-prototypes -pedantic -Wno-long-long -Wold-style-definition -fno-common -DHAVE_CONFIG_H -I. -I. -I../../gcc/gcc -I../../gcc/gcc/. -I../../gcc/gcc/../include -I../../gcc/gcc/../libbanshee/libcompat -I../../gcc/gcc/../libbanshee -I../../gcc/gcc/../libbanshee/points-to ../../gcc/gcc/xcoffout.c -o xcoffout.o
stage1/xgcc -Bstage1/ -B/usr/local/gcc-3.5-cvs/armv5l-unknown-linux-gnu/bin/ -c -g -O2 -DIN_GCC -W -Wall -Wwrite-strings -Wstrict-prototypes -Wmissing-prototypes -pedantic -Wno-long-long -Wold-style-definition -fno-common -DHAVE_CONFIG_H -I. -I. -I../../gcc/gcc -I../../gcc/gcc/. -I../../gcc/gcc/../include -I../../gcc/gcc/../libbanshee/libcompat -I../../gcc/gcc/../libbanshee -I../../gcc/gcc/../libbanshee/points-to ../../gcc/gcc/alloc-pool.c -o alloc-pool.o
stage1/xgcc -Bstage1/ -B/usr/local/gcc-3.5-cvs/armv5l-unknown-linux-gnu/bin/ -c -g -O2 -DIN_GCC -W -Wall -Wwrite-strings -Wstrict-prototypes -Wmissing-prototypes -pedantic -Wno-long-long -Wold-style-definition -fno-common -DHAVE_CONFIG_H -I. -I. -I../../gcc/gcc -I../../gcc/gcc/. -I../../gcc/gcc/../include -I../../gcc/gcc/../libbanshee/libcompat -I../../gcc/gcc/../libbanshee -I../../gcc/gcc/../libbanshee/points-to ../../gcc/gcc/et-forest.c -o et-forest.o
stage1/xgcc -Bstage1/ -B/usr/local/gcc-3.5-cvs/armv5l-unknown-linux-gnu/bin/ -c -g -O2 -DIN_GCC -W -Wall -Wwrite-strings -Wstrict-prototypes -Wmissing-prototypes -pedantic -Wno-long-long -Wold-style-definition -fno-common -DHAVE_CONFIG_H -I. -I. -I../../gcc/gcc -I../../gcc/gcc/. -I../../gcc/gcc/../include -I../../gcc/gcc/../libbanshee/libcompat -I../../gcc/gcc/../libbanshee -I../../gcc/gcc/../libbanshee/points-to ../../gcc/gcc/cfghooks.c -o cfghooks.o
stage1/xgcc -Bstage1/ -B/usr/local/gcc-3.5-cvs/armv5l-unknown-linux-gnu/bin/ -c -g -O2 -DIN_GCC -W -Wall -Wwrite-strings -Wstrict-prototypes -Wmissing-prototypes -pedantic -Wno-long-long -Wold-style-definition -fno-common -DHAVE_CONFIG_H -I. -I. -I../../gcc/gcc -I../../gcc/gcc/. -I../../gcc/gcc/../include -I../../gcc/gcc/../libbanshee/libcompat -I../../gcc/gcc/../libbanshee -I../../gcc/gcc/../libbanshee/points-to ../../gcc/gcc/bt-load.c -o bt-load.o
stage1/xgcc -Bstage1/ -B/usr/local/gcc-3.5-cvs/armv5l-unknown-linux-gnu/bin/ -c -g -O2 -DIN_GCC -W -Wall -Wwrite-strings -Wstrict-prototypes -Wmissing-prototypes -pedantic -Wno-long-long -Wold-style-definition -fno-common -DHAVE_CONFIG_H -I. -I. -I../../gcc/gcc -I../../gcc/gcc/. -I../../gcc/gcc/../include -I../../gcc/gcc/../libbanshee/libcompat -I../../gcc/gcc/../libbanshee -I../../gcc/gcc/../libbanshee/points-to ../../gcc/gcc/pretty-print.c -o pretty-print.o
stage1/xgcc -Bstage1/ -B/usr/local/gcc-3.5-cvs/armv5l-unknown-linux-gnu/bin/ -c -g -O2 -DIN_GCC -W -Wall -Wwrite-strings -Wstrict-prototypes -Wmissing-prototypes -pedantic -Wno-long-long -Wold-style-definition -fno-common -DHAVE_CONFIG_H -I. -I. -I../../gcc/gcc -I../../gcc/gcc/. -I../../gcc/gcc/../include -I../../gcc/gcc/../libbanshee/libcompat -I../../gcc/gcc/../libbanshee -I../../gcc/gcc/../libbanshee/points-to ../../gcc/gcc/ggc-page.c -o ggc-page.o
stage1/xgcc -Bstage1/ -B/usr/local/gcc-3.5-cvs/armv5l-unknown-linux-gnu/bin/ -c -g -O2 -DIN_GCC -W -Wall -Wwrite-strings -Wstrict-prototypes -Wmissing-prototypes -pedantic -Wno-long-long -Wold-style-definition -fno-common -DHAVE_CONFIG_H -I. -I. -I../../gcc/gcc -I../../gcc/gcc/. -I../../gcc/gcc/../include -I../../gcc/gcc/../libbanshee/libcompat -I../../gcc/gcc/../libbanshee -I../../gcc/gcc/../libbanshee/points-to ../../gcc/gcc/web.c -o web.o
stage1/xgcc -Bstage1/ -B/usr/local/gcc-3.5-cvs/armv5l-unknown-linux-gnu/bin/ -c -g -O2 -DIN_GCC -W -Wall -Wwrite-strings -Wstrict-prototypes -Wmissing-prototypes -pedantic -Wno-long-long -Wold-style-definition -fno-common -DHAVE_CONFIG_H -I. -I. -I../../gcc/gcc -I../../gcc/gcc/. -I../../gcc/gcc/../include -I../../gcc/gcc/../libbanshee/libcompat -I../../gcc/gcc/../libbanshee -I../../gcc/gcc/../libbanshee/points-to \\
../../gcc/gcc/config/arm/arm.c -o arm.o
../../gcc/gcc/config/arm/arm.c: In function \`arm_emit_vector_const':
../../gcc/gcc/config/arm/arm.c:13081: warning: old-style parameter declaration
../../gcc/gcc/config/arm/arm.c: In function \`arm_output_load_gr':
../../gcc/gcc/config/arm/arm.c:13111: warning: old-style parameter declaration
xgcc: Internal error: Killed (program cc1)
Please submit a full bug report.
See <URL:http://gcc.gnu.org/bugs.html> for instructions.
make[2]: *** [arm.o] Error 1
make[2]: Leaving directory \`/usr/src/cvs-others/gcc-trees/gcc-tree-ssa-20020619-branch/build-tmp-0/gcc'
make[1]: *** [stage2_build] Error 2
make[1]: Leaving directory \`/usr/src/cvs-others/gcc-trees/gcc-tree-ssa-20020619-branch/build-tmp-0/gcc'
make: *** [bootstrap] Error 2
build mechanism : 'make'
LAST_UPDATED: Sat Nov 15 05:57:57 UTC 2003
Native configuration is armv5l-unknown-linux-gnu
=== libmudflap tests ===
Running target unix
FAIL: libmudflap.c/fail1-frag.c (test for excess errors)
WARNING: libmudflap.c/fail1-frag.c compilation failed to produce executable
FAIL: libmudflap.c/fail10-frag.c (test for excess errors)
WARNING: libmudflap.c/fail10-frag.c compilation failed to produce executable
FAIL: libmudflap.c/fail11-frag.c (test for excess errors)
WARNING: libmudflap.c/fail11-frag.c compilation failed to produce executable
FAIL: libmudflap.c/fail12-frag.c (test for excess errors)
WARNING: libmudflap.c/fail12-frag.c compilation failed to produce executable
FAIL: libmudflap.c/fail13-frag.c (test for excess errors)
WARNING: libmudflap.c/fail13-frag.c compilation failed to produce executable
FAIL: libmudflap.c/fail14-frag.c (test for excess errors)
WARNING: libmudflap.c/fail14-frag.c compilation failed to produce executable
FAIL: libmudflap.c/fail15-frag.c (test for excess errors)
WARNING: libmudflap.c/fail15-frag.c compilation failed to produce executable
FAIL: libmudflap.c/fail16-frag.c (test for excess errors)
WARNING: libmudflap.c/fail16-frag.c compilation failed to produce executable
FAIL: libmudflap.c/fail17-frag.c (test for excess errors)
WARNING: libmudflap.c/fail17-frag.c compilation failed to produce executable
FAIL: libmudflap.c/fail18-frag.c (test for excess errors)
WARNING: libmudflap.c/fail18-frag.c compilation failed to produce executable
FAIL: libmudflap.c/fail19-frag.c (test for excess errors)
WARNING: libmudflap.c/fail19-frag.c compilation failed to produce executable
FAIL: libmudflap.c/fail2-frag.c (test for excess errors)
WARNING: libmudflap.c/fail2-frag.c compilation failed to produce executable
FAIL: libmudflap.c/fail20-frag.c (test for excess errors)
WARNING: libmudflap.c/fail20-frag.c compilation failed to produce executable
FAIL: libmudflap.c/fail21-frag.c (test for excess errors)
WARNING: libmudflap.c/fail21-frag.c compilation failed to produce executable
FAIL: libmudflap.c/fail22-frag.c (test for excess errors)
WARNING: libmudflap.c/fail22-frag.c compilation failed to produce executable
FAIL: libmudflap.c/fail23-frag.c (test for excess errors)
WARNING: libmudflap.c/fail23-frag.c compilation failed to produce executable
FAIL: libmudflap.c/fail25-frag.c (test for excess errors)
WARNING: libmudflap.c/fail25-frag.c compilation failed to produce executable
FAIL: libmudflap.c/fail26-frag.c (test for excess errors)
WARNING: libmudflap.c/fail26-frag.c compilation failed to produce executable
FAIL: libmudflap.c/fail27-frag.c (test for excess errors)
WARNING: libmudflap.c/fail27-frag.c compilation failed to produce executable
FAIL: libmudflap.c/fail3-frag.c (test for excess errors)
WARNING: libmudflap.c/fail3-frag.c compilation failed to produce executable
FAIL: libmudflap.c/fail4-frag.c (test for excess errors)
WARNING: libmudflap.c/fail4-frag.c compilation failed to produce executable
FAIL: libmudflap.c/fail5-frag.c (test for excess errors)
WARNING: libmudflap.c/fail5-frag.c compilation failed to produce executable
FAIL: libmudflap.c/fail6-frag.c (test for excess errors)
WARNING: libmudflap.c/fail6-frag.c compilation failed to produce executable
FAIL: libmudflap.c/fail7-frag.c (test for excess errors)
WARNING: libmudflap.c/fail7-frag.c compilation failed to produce executable
FAIL: libmudflap.c/fail8-frag.c (test for excess errors)
WARNING: libmudflap.c/fail8-frag.c compilation failed to produce executable
FAIL: libmudflap.c/fail9-frag.c (test for excess errors)
WARNING: libmudflap.c/fail9-frag.c compilation failed to produce executable
FAIL: libmudflap.c/hook-allocstuff.c (test for excess errors)
WARNING: libmudflap.c/hook-allocstuff.c compilation failed to produce executable
FAIL: libmudflap.c/pass-stratcliff.c (test for excess errors)
WARNING: libmudflap.c/pass-stratcliff.c compilation failed to produce executable
FAIL: libmudflap.c/pass1-frag.c (test for excess errors)
WARNING: libmudflap.c/pass1-frag.c compilation failed to produce executable
FAIL: libmudflap.c/pass10-frag.c (test for excess errors)
WARNING: libmudflap.c/pass10-frag.c compilation failed to produce executable
FAIL: libmudflap.c/pass11-frag.c (test for excess errors)
WARNING: libmudflap.c/pass11-frag.c compilation failed to produce executable
FAIL: libmudflap.c/pass12-frag.c (test for excess errors)
WARNING: libmudflap.c/pass12-frag.c compilation failed to produce executable
FAIL: libmudflap.c/pass13-frag.c (test for excess errors)
WARNING: libmudflap.c/pass13-frag.c compilation failed to produce executable
FAIL: libmudflap.c/pass14-frag.c (test for excess errors)
WARNING: libmudflap.c/pass14-frag.c compilation failed to produce executable
FAIL: libmudflap.c/pass15-frag.c (test for excess errors)
WARNING: libmudflap.c/pass15-frag.c compilation failed to produce executable
FAIL: libmudflap.c/pass16-frag.c (test for excess errors)
WARNING: libmudflap.c/pass16-frag.c compilation failed to produce executable
FAIL: libmudflap.c/pass17-frag.c (test for excess errors)
WARNING: libmudflap.c/pass17-frag.c compilation failed to produce executable
FAIL: libmudflap.c/pass18-frag.c (test for excess errors)
WARNING: libmudflap.c/pass18-frag.c compilation failed to produce executable
FAIL: libmudflap.c/pass19-frag.c (test for excess errors)
WARNING: libmudflap.c/pass19-frag.c compilation failed to produce executable
FAIL: libmudflap.c/pass2-frag.c (test for excess errors)
WARNING: libmudflap.c/pass2-frag.c compilation failed to produce executable
FAIL: libmudflap.c/pass20-frag.c (test for excess errors)
WARNING: libmudflap.c/pass20-frag.c compilation failed to produce executable
FAIL: libmudflap.c/pass21-frag.c (test for excess errors)
WARNING: libmudflap.c/pass21-frag.c compilation failed to produce executable
FAIL: libmudflap.c/pass22-frag.c (test for excess errors)
WARNING: libmudflap.c/pass22-frag.c compilation failed to produce executable
FAIL: libmudflap.c/pass23-frag.c (test for excess errors)
WARNING: libmudflap.c/pass23-frag.c compilation failed to produce executable
FAIL: libmudflap.c/pass24-frag.c (test for excess errors)
WARNING: libmudflap.c/pass24-frag.c compilation failed to produce executable
FAIL: libmudflap.c/pass25-frag.c (test for excess errors)
WARNING: libmudflap.c/pass25-frag.c compilation failed to produce executable
FAIL: libmudflap.c/pass26-frag.c (test for excess errors)
WARNING: libmudflap.c/pass26-frag.c compilation failed to produce executable
FAIL: libmudflap.c/pass29-frag.c (test for excess errors)
WARNING: libmudflap.c/pass29-frag.c compilation failed to produce executable
FAIL: libmudflap.c/pass3-frag.c (test for excess errors)
WARNING: libmudflap.c/pass3-frag.c compilation failed to produce executable
FAIL: libmudflap.c/pass30-frag.c (test for excess errors)
WARNING: libmudflap.c/pass30-frag.c compilation failed to produce executable
FAIL: libmudflap.c/pass32-frag.c (test for excess errors)
WARNING: libmudflap.c/pass32-frag.c compilation failed to produce executable
FAIL: libmudflap.c/pass33-frag.c (test for excess errors)
WARNING: libmudflap.c/pass33-frag.c compilation failed to produce executable
FAIL: libmudflap.c/pass34-frag.c (test for excess errors)
WARNING: libmudflap.c/pass34-frag.c compilation failed to produce executable
FAIL: libmudflap.c/pass35-frag.c cannot track lifetime (test for warnings, line )
FAIL: libmudflap.c/pass35-frag.c (test for excess errors)
WARNING: libmudflap.c/pass35-frag.c compilation failed to produce executable
FAIL: libmudflap.c/pass36-frag.c (test for excess errors)
WARNING: libmudflap.c/pass36-frag.c compilation failed to produce executable
FAIL: libmudflap.c/pass38-frag.c (test for excess errors)
WARNING: libmudflap.c/pass38-frag.c compilation failed to produce executable
FAIL: libmudflap.c/pass4-frag.c (test for excess errors)
WARNING: libmudflap.c/pass4-frag.c compilation failed to produce executable
FAIL: libmudflap.c/pass5-frag.c (test for excess errors)
WARNING: libmudflap.c/pass5-frag.c compilation failed to produce executable
FAIL: libmudflap.c/pass6-frag.c (test for excess errors)
WARNING: libmudflap.c/pass6-frag.c compilation failed to produce executable
FAIL: libmudflap.c/pass7-frag.c (test for excess errors)
WARNING: libmudflap.c/pass7-frag.c compilation failed to produce executable
FAIL: libmudflap.c/pass8-frag.c (test for excess errors)
WARNING: libmudflap.c/pass8-frag.c compilation failed to produce executable
FAIL: libmudflap.c/pass9-frag.c (test for excess errors)
WARNING: libmudflap.c/pass9-frag.c compilation failed to produce executable
FAIL: libmudflap.c/fail1-frag.c (-static) (test for excess errors)
WARNING: libmudflap.c/fail1-frag.c (-static) compilation failed to produce executable
FAIL: libmudflap.c/fail10-frag.c (-static) (test for excess errors)
WARNING: libmudflap.c/fail10-frag.c (-static) compilation failed to produce executable
FAIL: libmudflap.c/fail11-frag.c (-static) (test for excess errors)
WARNING: libmudflap.c/fail11-frag.c (-static) compilation failed to produce executable
FAIL: libmudflap.c/fail12-frag.c (-static) (test for excess errors)
WARNING: libmudflap.c/fail12-frag.c (-static) compilation failed to produce executable
FAIL: libmudflap.c/fail13-frag.c (-static) (test for excess errors)
WARNING: libmudflap.c/fail13-frag.c (-static) compilation failed to produce executable
FAIL: libmudflap.c/fail14-frag.c (-static) (test for excess errors)
WARNING: libmudflap.c/fail14-frag.c (-static) compilation failed to produce executable
FAIL: libmudflap.c/fail15-frag.c (-static) (test for excess errors)
WARNING: libmudflap.c/fail15-frag.c (-static) compilation failed to produce executable
FAIL: libmudflap.c/fail16-frag.c (-static) (test for excess errors)
WARNING: libmudflap.c/fail16-frag.c (-static) compilation failed to produce executable
FAIL: libmudflap.c/fail17-frag.c (-static) (test for excess errors)
WARNING: libmudflap.c/fail17-frag.c (-static) compilation failed to produce executable
FAIL: libmudflap.c/fail18-frag.c (-static) (test for excess errors)
WARNING: libmudflap.c/fail18-frag.c (-static) compilation failed to produce executable
FAIL: libmudflap.c/fail19-frag.c (-static) (test for excess errors)
WARNING: libmudflap.c/fail19-frag.c (-static) compilation failed to produce executable
FAIL: libmudflap.c/fail2-frag.c (-static) (test for excess errors)
WARNING: libmudflap.c/fail2-frag.c (-static) compilation failed to produce executable
FAIL: libmudflap.c/fail20-frag.c (-static) (test for excess errors)
WARNING: libmudflap.c/fail20-frag.c (-static) compilation failed to produce executable
FAIL: libmudflap.c/fail21-frag.c (-static) (test for excess errors)
WARNING: libmudflap.c/fail21-frag.c (-static) compilation failed to produce executable
FAIL: libmudflap.c/fail22-frag.c (-static) (test for excess errors)
WARNING: libmudflap.c/fail22-frag.c (-static) compilation failed to produce executable
FAIL: libmudflap.c/fail23-frag.c (-static) (test for excess errors)
WARNING: libmudflap.c/fail23-frag.c (-static) compilation failed to produce executable
FAIL: libmudflap.c/fail25-frag.c (-static) (test for excess errors)
WARNING: libmudflap.c/fail25-frag.c (-static) compilation failed to produce executable
FAIL: libmudflap.c/fail26-frag.c (-static) (test for excess errors)
WARNING: libmudflap.c/fail26-frag.c (-static) compilation failed to produce executable
FAIL: libmudflap.c/fail27-frag.c (-static) (test for excess errors)
WARNING: libmudflap.c/fail27-frag.c (-static) compilation failed to produce executable
FAIL: libmudflap.c/fail3-frag.c (-static) (test for excess errors)
WARNING: libmudflap.c/fail3-frag.c (-static) compilation failed to produce executable
FAIL: libmudflap.c/fail4-frag.c (-static) (test for excess errors)
WARNING: libmudflap.c/fail4-frag.c (-static) compilation failed to produce executable
FAIL: libmudflap.c/fail5-frag.c (-static) (test for excess errors)
WARNING: libmudflap.c/fail5-frag.c (-static) compilation failed to produce executable
FAIL: libmudflap.c/fail6-frag.c (-static) (test for excess errors)
WARNING: libmudflap.c/fail6-frag.c (-static) compilation failed to produce executable
FAIL: libmudflap.c/fail7-frag.c (-static) (test for excess errors)
WARNING: libmudflap.c/fail7-frag.c (-static) compilation failed to produce executable
FAIL: libmudflap.c/fail8-frag.c (-static) (test for excess errors)
WARNING: libmudflap.c/fail8-frag.c (-static) compilation failed to produce executable
FAIL: libmudflap.c/fail9-frag.c (-static) (test for excess errors)
WARNING: libmudflap.c/fail9-frag.c (-static) compilation failed to produce executable
FAIL: libmudflap.c/hook-allocstuff.c (-static) (test for excess errors)
WARNING: libmudflap.c/hook-allocstuff.c (-static) compilation failed to produce executable
FAIL: libmudflap.c/pass-stratcliff.c (-static) (test for excess errors)
WARNING: libmudflap.c/pass-stratcliff.c (-static) compilation failed to produce executable
FAIL: libmudflap.c/pass1-frag.c (-static) (test for excess errors)
WARNING: libmudflap.c/pass1-frag.c (-static) compilation failed to produce executable
FAIL: libmudflap.c/pass10-frag.c (-static) (test for excess errors)
WARNING: libmudflap.c/pass10-frag.c (-static) compilation failed to produce executable
FAIL: libmudflap.c/pass11-frag.c (-static) (test for excess errors)
WARNING: libmudflap.c/pass11-frag.c (-static) compilation failed to produce executable
FAIL: libmudflap.c/pass12-frag.c (-static) (test for excess errors)
WARNING: libmudflap.c/pass12-frag.c (-static) compilation failed to produce executable
FAIL: libmudflap.c/pass13-frag.c (-static) (test for excess errors)
WARNING: libmudflap.c/pass13-frag.c (-static) compilation failed to produce executable
FAIL: libmudflap.c/pass14-frag.c (-static) (test for excess errors)
WARNING: libmudflap.c/pass14-frag.c (-static) compilation failed to produce executable
FAIL: libmudflap.c/pass15-frag.c (-static) (test for excess errors)
WARNING: libmudflap.c/pass15-frag.c (-static) compilation failed to produce executable
FAIL: libmudflap.c/pass16-frag.c (-static) (test for excess errors)
WARNING: libmudflap.c/pass16-frag.c (-static) compilation failed to produce executable
FAIL: libmudflap.c/pass17-frag.c (-static) (test for excess errors)
WARNING: libmudflap.c/pass17-frag.c (-static) compilation failed to produce executable
FAIL: libmudflap.c/pass18-frag.c (-static) (test for excess errors)
WARNING: libmudflap.c/pass18-frag.c (-static) compilation failed to produce executable
FAIL: libmudflap.c/pass19-frag.c (-static) (test for excess errors)
WARNING: libmudflap.c/pass19-frag.c (-static) compilation failed to produce executable
FAIL: libmudflap.c/pass2-frag.c (-static) (test for excess errors)
WARNING: libmudflap.c/pass2-frag.c (-static) compilation failed to produce executable
FAIL: libmudflap.c/pass20-frag.c (-static) (test for excess errors)
WARNING: libmudflap.c/pass20-frag.c (-static) compilation failed to produce executable
FAIL: libmudflap.c/pass21-frag.c (-static) (test for excess errors)
WARNING: libmudflap.c/pass21-frag.c (-static) compilation failed to produce executable
FAIL: libmudflap.c/pass22-frag.c (-static) (test for excess errors)
WARNING: libmudflap.c/pass22-frag.c (-static) compilation failed to produce executable
FAIL: libmudflap.c/pass23-frag.c (-static) (test for excess errors)
WARNING: libmudflap.c/pass23-frag.c (-static) compilation failed to produce executable
FAIL: libmudflap.c/pass24-frag.c (-static) (test for excess errors)
WARNING: libmudflap.c/pass24-frag.c (-static) compilation failed to produce executable
FAIL: libmudflap.c/pass25-frag.c (-static) (test for excess errors)
WARNING: libmudflap.c/pass25-frag.c (-static) compilation failed to produce executable
FAIL: libmudflap.c/pass26-frag.c (-static) (test for excess errors)
WARNING: libmudflap.c/pass26-frag.c (-static) compilation failed to produce executable
FAIL: libmudflap.c/pass29-frag.c (-static) (test for excess errors)
WARNING: libmudflap.c/pass29-frag.c (-static) compilation failed to produce executable
FAIL: libmudflap.c/pass3-frag.c (-static) (test for excess errors)
WARNING: libmudflap.c/pass3-frag.c (-static) compilation failed to produce executable
FAIL: libmudflap.c/pass30-frag.c (-static) (test for excess errors)
WARNING: libmudflap.c/pass30-frag.c (-static) compilation failed to produce executable
FAIL: libmudflap.c/pass32-frag.c (-static) (test for excess errors)
WARNING: libmudflap.c/pass32-frag.c (-static) compilation failed to produce executable
FAIL: libmudflap.c/pass33-frag.c (-static) (test for excess errors)
WARNING: libmudflap.c/pass33-frag.c (-static) compilation failed to produce executable
FAIL: libmudflap.c/pass34-frag.c (-static) (test for excess errors)
WARNING: libmudflap.c/pass34-frag.c (-static) compilation failed to produce executable
FAIL: libmudflap.c/pass35-frag.c (-static) cannot track lifetime (test for warnings, line )
FAIL: libmudflap.c/pass35-frag.c (-static) (test for excess errors)
WARNING: libmudflap.c/pass35-frag.c (-static) compilation failed to produce executable
FAIL: libmudflap.c/pass36-frag.c (-static) (test for excess errors)
WARNING: libmudflap.c/pass36-frag.c (-static) compilation failed to produce executable
FAIL: libmudflap.c/pass38-frag.c (-static) (test for excess errors)
WARNING: libmudflap.c/pass38-frag.c (-static) compilation failed to produce executable
FAIL: libmudflap.c/pass4-frag.c (-static) (test for excess errors)
WARNING: libmudflap.c/pass4-frag.c (-static) compilation failed to produce executable
FAIL: libmudflap.c/pass5-frag.c (-static) (test for excess errors)
WARNING: libmudflap.c/pass5-frag.c (-static) compilation failed to produce executable
FAIL: libmudflap.c/pass6-frag.c (-static) (test for excess errors)
WARNING: libmudflap.c/pass6-frag.c (-static) compilation failed to produce executable
FAIL: libmudflap.c/pass7-frag.c (-static) (test for excess errors)
WARNING: libmudflap.c/pass7-frag.c (-static) compilation failed to produce executable
FAIL: libmudflap.c/pass8-frag.c (-static) (test for excess errors)
WARNING: libmudflap.c/pass8-frag.c (-static) compilation failed to produce executable
FAIL: libmudflap.c/pass9-frag.c (-static) (test for excess errors)
WARNING: libmudflap.c/pass9-frag.c (-static) compilation failed to produce executable
FAIL: libmudflap.c/fail1-frag.c (-O2) (test for excess errors)
WARNING: libmudflap.c/fail1-frag.c (-O2) compilation failed to produce executable
FAIL: libmudflap.c/fail10-frag.c (-O2) (test for excess errors)
WARNING: libmudflap.c/fail10-frag.c (-O2) compilation failed to produce executable
FAIL: libmudflap.c/fail11-frag.c (-O2) (test for excess errors)
WARNING: libmudflap.c/fail11-frag.c (-O2) compilation failed to produce executable
FAIL: libmudflap.c/fail12-frag.c (-O2) (test for excess errors)
WARNING: libmudflap.c/fail12-frag.c (-O2) compilation failed to produce executable
FAIL: libmudflap.c/fail13-frag.c (-O2) (test for excess errors)
WARNING: libmudflap.c/fail13-frag.c (-O2) compilation failed to produce executable
FAIL: libmudflap.c/fail14-frag.c (-O2) (test for excess errors)
WARNING: libmudflap.c/fail14-frag.c (-O2) compilation failed to produce executable
FAIL: libmudflap.c/fail15-frag.c (-O2) (test for excess errors)
WARNING: libmudflap.c/fail15-frag.c (-O2) compilation failed to produce executable
FAIL: libmudflap.c/fail16-frag.c (-O2) (test for excess errors)
WARNING: libmudflap.c/fail16-frag.c (-O2) compilation failed to produce executable
FAIL: libmudflap.c/fail17-frag.c (-O2) (test for excess errors)
WARNING: libmudflap.c/fail17-frag.c (-O2) compilation failed to produce executable
FAIL: libmudflap.c/fail18-frag.c (-O2) (test for excess errors)
WARNING: libmudflap.c/fail18-frag.c (-O2) compilation failed to produce executable
FAIL: libmudflap.c/fail19-frag.c (-O2) (test for excess errors)
WARNING: libmudflap.c/fail19-frag.c (-O2) compilation failed to produce executable
FAIL: libmudflap.c/fail2-frag.c (-O2) (test for excess errors)
WARNING: libmudflap.c/fail2-frag.c (-O2) compilation failed to produce executable
FAIL: libmudflap.c/fail20-frag.c (-O2) (test for excess errors)
WARNING: libmudflap.c/fail20-frag.c (-O2) compilation failed to produce executable
FAIL: libmudflap.c/fail21-frag.c (-O2) (test for excess errors)
WARNING: libmudflap.c/fail21-frag.c (-O2) compilation failed to produce executable
FAIL: libmudflap.c/fail22-frag.c (-O2) (test for excess errors)
WARNING: libmudflap.c/fail22-frag.c (-O2) compilation failed to produce executable
FAIL: libmudflap.c/fail23-frag.c (-O2) (test for excess errors)
WARNING: libmudflap.c/fail23-frag.c (-O2) compilation failed to produce executable
FAIL: libmudflap.c/fail25-frag.c (-O2) (test for excess errors)
WARNING: libmudflap.c/fail25-frag.c (-O2) compilation failed to produce executable
FAIL: libmudflap.c/fail26-frag.c (-O2) (test for excess errors)
WARNING: libmudflap.c/fail26-frag.c (-O2) compilation failed to produce executable
FAIL: libmudflap.c/fail27-frag.c (-O2) (test for excess errors)
WARNING: libmudflap.c/fail27-frag.c (-O2) compilation failed to produce executable
FAIL: libmudflap.c/fail3-frag.c (-O2) (test for excess errors)
WARNING: libmudflap.c/fail3-frag.c (-O2) compilation failed to produce executable
FAIL: libmudflap.c/fail4-frag.c (-O2) (test for excess errors)
WARNING: libmudflap.c/fail4-frag.c (-O2) compilation failed to produce executable
FAIL: libmudflap.c/fail5-frag.c (-O2) (test for excess errors)
WARNING: libmudflap.c/fail5-frag.c (-O2) compilation failed to produce executable
FAIL: libmudflap.c/fail6-frag.c (-O2) (test for excess errors)
WARNING: libmudflap.c/fail6-frag.c (-O2) compilation failed to produce executable
FAIL: libmudflap.c/fail7-frag.c (-O2) (test for excess errors)
WARNING: libmudflap.c/fail7-frag.c (-O2) compilation failed to produce executable
FAIL: libmudflap.c/fail8-frag.c (-O2) (test for excess errors)
WARNING: libmudflap.c/fail8-frag.c (-O2) compilation failed to produce executable
FAIL: libmudflap.c/fail9-frag.c (-O2) (test for excess errors)
WARNING: libmudflap.c/fail9-frag.c (-O2) compilation failed to produce executable
FAIL: libmudflap.c/hook-allocstuff.c (-O2) (test for excess errors)
WARNING: libmudflap.c/hook-allocstuff.c (-O2) compilation failed to produce executable
FAIL: libmudflap.c/pass-stratcliff.c (-O2) (test for excess errors)
WARNING: libmudflap.c/pass-stratcliff.c (-O2) compilation failed to produce executable
FAIL: libmudflap.c/pass1-frag.c (-O2) (test for excess errors)
WARNING: libmudflap.c/pass1-frag.c (-O2) compilation failed to produce executable
FAIL: libmudflap.c/pass10-frag.c (-O2) (test for excess errors)
WARNING: libmudflap.c/pass10-frag.c (-O2) compilation failed to produce executable
FAIL: libmudflap.c/pass11-frag.c (-O2) (test for excess errors)
WARNING: libmudflap.c/pass11-frag.c (-O2) compilation failed to produce executable
FAIL: libmudflap.c/pass12-frag.c (-O2) (test for excess errors)
WARNING: libmudflap.c/pass12-frag.c (-O2) compilation failed to produce executable
FAIL: libmudflap.c/pass13-frag.c (-O2) (test for excess errors)
WARNING: libmudflap.c/pass13-frag.c (-O2) compilation failed to produce executable
FAIL: libmudflap.c/pass14-frag.c (-O2) (test for excess errors)
WARNING: libmudflap.c/pass14-frag.c (-O2) compilation failed to produce executable
FAIL: libmudflap.c/pass15-frag.c (-O2) (test for excess errors)
WARNING: libmudflap.c/pass15-frag.c (-O2) compilation failed to produce executable
FAIL: libmudflap.c/pass16-frag.c (-O2) (test for excess errors)
WARNING: libmudflap.c/pass16-frag.c (-O2) compilation failed to produce executable
FAIL: libmudflap.c/pass17-frag.c (-O2) (test for excess errors)
WARNING: libmudflap.c/pass17-frag.c (-O2) compilation failed to produce executable
FAIL: libmudflap.c/pass18-frag.c (-O2) (test for excess errors)
WARNING: libmudflap.c/pass18-frag.c (-O2) compilation failed to produce executable
FAIL: libmudflap.c/pass19-frag.c (-O2) (test for excess errors)
WARNING: libmudflap.c/pass19-frag.c (-O2) compilation failed to produce executable
FAIL: libmudflap.c/pass2-frag.c (-O2) (test for excess errors)
WARNING: libmudflap.c/pass2-frag.c (-O2) compilation failed to produce executable
FAIL: libmudflap.c/pass20-frag.c (-O2) (test for excess errors)
WARNING: libmudflap.c/pass20-frag.c (-O2) compilation failed to produce executable
FAIL: libmudflap.c/pass21-frag.c (-O2) (test for excess errors)
WARNING: libmudflap.c/pass21-frag.c (-O2) compilation failed to produce executable
FAIL: libmudflap.c/pass22-frag.c (-O2) (test for excess errors)
WARNING: libmudflap.c/pass22-frag.c (-O2) compilation failed to produce executable
FAIL: libmudflap.c/pass23-frag.c (-O2) (test for excess errors)
WARNING: libmudflap.c/pass23-frag.c (-O2) compilation failed to produce executable
FAIL: libmudflap.c/pass24-frag.c (-O2) (test for excess errors)
WARNING: libmudflap.c/pass24-frag.c (-O2) compilation failed to produce executable
FAIL: libmudflap.c/pass25-frag.c (-O2) (test for excess errors)
WARNING: libmudflap.c/pass25-frag.c (-O2) compilation failed to produce executable
FAIL: libmudflap.c/pass26-frag.c (-O2) (test for excess errors)
WARNING: libmudflap.c/pass26-frag.c (-O2) compilation failed to produce executable
FAIL: libmudflap.c/pass29-frag.c (-O2) (test for excess errors)
WARNING: libmudflap.c/pass29-frag.c (-O2) compilation failed to produce executable
FAIL: libmudflap.c/pass3-frag.c (-O2) (test for excess errors)
WARNING: libmudflap.c/pass3-frag.c (-O2) compilation failed to produce executable
FAIL: libmudflap.c/pass30-frag.c (-O2) (test for excess errors)
WARNING: libmudflap.c/pass30-frag.c (-O2) compilation failed to produce executable
FAIL: libmudflap.c/pass32-frag.c (-O2) (test for excess errors)
WARNING: libmudflap.c/pass32-frag.c (-O2) compilation failed to produce executable
FAIL: libmudflap.c/pass33-frag.c (-O2) (test for excess errors)
WARNING: libmudflap.c/pass33-frag.c (-O2) compilation failed to produce executable
FAIL: libmudflap.c/pass34-frag.c (-O2) (test for excess errors)
WARNING: libmudflap.c/pass34-frag.c (-O2) compilation failed to produce executable
FAIL: libmudflap.c/pass35-frag.c (-O2) cannot track lifetime (test for warnings, line )
FAIL: libmudflap.c/pass35-frag.c (-O2) (test for excess errors)
WARNING: libmudflap.c/pass35-frag.c (-O2) compilation failed to produce executable
FAIL: libmudflap.c/pass36-frag.c (-O2) (test for excess errors)
WARNING: libmudflap.c/pass36-frag.c (-O2) compilation failed to produce executable
FAIL: libmudflap.c/pass38-frag.c (-O2) (test for excess errors)
WARNING: libmudflap.c/pass38-frag.c (-O2) compilation failed to produce executable
FAIL: libmudflap.c/pass4-frag.c (-O2) (test for excess errors)
WARNING: libmudflap.c/pass4-frag.c (-O2) compilation failed to produce executable
FAIL: libmudflap.c/pass5-frag.c (-O2) (test for excess errors)
WARNING: libmudflap.c/pass5-frag.c (-O2) compilation failed to produce executable
FAIL: libmudflap.c/pass6-frag.c (-O2) (test for excess errors)
WARNING: libmudflap.c/pass6-frag.c (-O2) compilation failed to produce executable
FAIL: libmudflap.c/pass7-frag.c (-O2) (test for excess errors)
WARNING: libmudflap.c/pass7-frag.c (-O2) compilation failed to produce executable
FAIL: libmudflap.c/pass8-frag.c (-O2) (test for excess errors)
WARNING: libmudflap.c/pass8-frag.c (-O2) compilation failed to produce executable
FAIL: libmudflap.c/pass9-frag.c (-O2) (test for excess errors)
WARNING: libmudflap.c/pass9-frag.c (-O2) compilation failed to produce executable
FAIL: libmudflap.c/fail1-frag.c (-O3) (test for excess errors)
WARNING: libmudflap.c/fail1-frag.c (-O3) compilation failed to produce executable
FAIL: libmudflap.c/fail10-frag.c (-O3) (test for excess errors)
WARNING: libmudflap.c/fail10-frag.c (-O3) compilation failed to produce executable
FAIL: libmudflap.c/fail11-frag.c (-O3) (test for excess errors)
WARNING: libmudflap.c/fail11-frag.c (-O3) compilation failed to produce executable
FAIL: libmudflap.c/fail12-frag.c (-O3) (test for excess errors)
WARNING: libmudflap.c/fail12-frag.c (-O3) compilation failed to produce executable
FAIL: libmudflap.c/fail13-frag.c (-O3) (test for excess errors)
WARNING: libmudflap.c/fail13-frag.c (-O3) compilation failed to produce executable
FAIL: libmudflap.c/fail14-frag.c (-O3) (test for excess errors)
WARNING: libmudflap.c/fail14-frag.c (-O3) compilation failed to produce executable
FAIL: libmudflap.c/fail15-frag.c (-O3) (test for excess errors)
WARNING: libmudflap.c/fail15-frag.c (-O3) compilation failed to produce executable
FAIL: libmudflap.c/fail16-frag.c (-O3) (test for excess errors)
WARNING: libmudflap.c/fail16-frag.c (-O3) compilation failed to produce executable
FAIL: libmudflap.c/fail17-frag.c (-O3) (test for excess errors)
WARNING: libmudflap.c/fail17-frag.c (-O3) compilation failed to produce executable
FAIL: libmudflap.c/fail18-frag.c (-O3) (test for excess errors)
WARNING: libmudflap.c/fail18-frag.c (-O3) compilation failed to produce executable
FAIL: libmudflap.c/fail19-frag.c (-O3) (test for excess errors)
WARNING: libmudflap.c/fail19-frag.c (-O3) compilation failed to produce executable
FAIL: libmudflap.c/fail2-frag.c (-O3) (test for excess errors)
WARNING: libmudflap.c/fail2-frag.c (-O3) compilation failed to produce executable
FAIL: libmudflap.c/fail20-frag.c (-O3) (test for excess errors)
WARNING: libmudflap.c/fail20-frag.c (-O3) compilation failed to produce executable
FAIL: libmudflap.c/fail21-frag.c (-O3) (test for excess errors)
WARNING: libmudflap.c/fail21-frag.c (-O3) compilation failed to produce executable
FAIL: libmudflap.c/fail22-frag.c (-O3) (test for excess errors)
WARNING: libmudflap.c/fail22-frag.c (-O3) compilation failed to produce executable
FAIL: libmudflap.c/fail23-frag.c (-O3) (test for excess errors)
WARNING: libmudflap.c/fail23-frag.c (-O3) compilation failed to produce executable
FAIL: libmudflap.c/fail25-frag.c (-O3) (test for excess errors)
WARNING: libmudflap.c/fail25-frag.c (-O3) compilation failed to produce executable
FAIL: libmudflap.c/fail26-frag.c (-O3) (test for excess errors)
WARNING: libmudflap.c/fail26-frag.c (-O3) compilation failed to produce executable
FAIL: libmudflap.c/fail27-frag.c (-O3) (test for excess errors)
WARNING: libmudflap.c/fail27-frag.c (-O3) compilation failed to produce executable
FAIL: libmudflap.c/fail3-frag.c (-O3) (test for excess errors)
WARNING: libmudflap.c/fail3-frag.c (-O3) compilation failed to produce executable
FAIL: libmudflap.c/fail4-frag.c (-O3) (test for excess errors)
WARNING: libmudflap.c/fail4-frag.c (-O3) compilation failed to produce executable
FAIL: libmudflap.c/fail5-frag.c (-O3) (test for excess errors)
WARNING: libmudflap.c/fail5-frag.c (-O3) compilation failed to produce executable
FAIL: libmudflap.c/fail6-frag.c (-O3) (test for excess errors)
WARNING: libmudflap.c/fail6-frag.c (-O3) compilation failed to produce executable
FAIL: libmudflap.c/fail7-frag.c (-O3) (test for excess errors)
WARNING: libmudflap.c/fail7-frag.c (-O3) compilation failed to produce executable
FAIL: libmudflap.c/fail8-frag.c (-O3) (test for excess errors)
WARNING: libmudflap.c/fail8-frag.c (-O3) compilation failed to produce executable
FAIL: libmudflap.c/fail9-frag.c (-O3) (test for excess errors)
WARNING: libmudflap.c/fail9-frag.c (-O3) compilation failed to produce executable
FAIL: libmudflap.c/hook-allocstuff.c (-O3) (test for excess errors)
WARNING: libmudflap.c/hook-allocstuff.c (-O3) compilation failed to produce executable
FAIL: libmudflap.c/pass-stratcliff.c (-O3) (test for excess errors)
WARNING: libmudflap.c/pass-stratcliff.c (-O3) compilation failed to produce executable
FAIL: libmudflap.c/pass1-frag.c (-O3) (test for excess errors)
WARNING: libmudflap.c/pass1-frag.c (-O3) compilation failed to produce executable
FAIL: libmudflap.c/pass10-frag.c (-O3) (test for excess errors)
WARNING: libmudflap.c/pass10-frag.c (-O3) compilation failed to produce executable
FAIL: libmudflap.c/pass11-frag.c (-O3) (test for excess errors)
WARNING: libmudflap.c/pass11-frag.c (-O3) compilation failed to produce executable
FAIL: libmudflap.c/pass12-frag.c (-O3) (test for excess errors)
WARNING: libmudflap.c/pass12-frag.c (-O3) compilation failed to produce executable
FAIL: libmudflap.c/pass13-frag.c (-O3) (test for excess errors)
WARNING: libmudflap.c/pass13-frag.c (-O3) compilation failed to produce executable
FAIL: libmudflap.c/pass14-frag.c (-O3) (test for excess errors)
WARNING: libmudflap.c/pass14-frag.c (-O3) compilation failed to produce executable
FAIL: libmudflap.c/pass15-frag.c (-O3) (test for excess errors)
WARNING: libmudflap.c/pass15-frag.c (-O3) compilation failed to produce executable
FAIL: libmudflap.c/pass16-frag.c (-O3) (test for excess errors)
WARNING: libmudflap.c/pass16-frag.c (-O3) compilation failed to produce executable
FAIL: libmudflap.c/pass17-frag.c (-O3) (test for excess errors)
WARNING: libmudflap.c/pass17-frag.c (-O3) compilation failed to produce executable
FAIL: libmudflap.c/pass18-frag.c (-O3) (test for excess errors)
WARNING: libmudflap.c/pass18-frag.c (-O3) compilation failed to produce executable
FAIL: libmudflap.c/pass19-frag.c (-O3) (test for excess errors)
WARNING: libmudflap.c/pass19-frag.c (-O3) compilation failed to produce executable
FAIL: libmudflap.c/pass2-frag.c (-O3) (test for excess errors)
WARNING: libmudflap.c/pass2-frag.c (-O3) compilation failed to produce executable
FAIL: libmudflap.c/pass20-frag.c (-O3) (test for excess errors)
WARNING: libmudflap.c/pass20-frag.c (-O3) compilation failed to produce executable
FAIL: libmudflap.c/pass21-frag.c (-O3) (test for excess errors)
WARNING: libmudflap.c/pass21-frag.c (-O3) compilation failed to produce executable
FAIL: libmudflap.c/pass22-frag.c (-O3) (test for excess errors)
WARNING: libmudflap.c/pass22-frag.c (-O3) compilation failed to produce executable
FAIL: libmudflap.c/pass23-frag.c (-O3) (test for excess errors)
WARNING: libmudflap.c/pass23-frag.c (-O3) compilation failed to produce executable
FAIL: libmudflap.c/pass24-frag.c (-O3) (test for excess errors)
WARNING: libmudflap.c/pass24-frag.c (-O3) compilation failed to produce executable
FAIL: libmudflap.c/pass25-frag.c (-O3) (test for excess errors)
WARNING: libmudflap.c/pass25-frag.c (-O3) compilation failed to produce executable
FAIL: libmudflap.c/pass26-frag.c (-O3) (test for excess errors)
WARNING: libmudflap.c/pass26-frag.c (-O3) compilation failed to produce executable
FAIL: libmudflap.c/pass29-frag.c (-O3) (test for excess errors)
WARNING: libmudflap.c/pass29-frag.c (-O3) compilation failed to produce executable
FAIL: libmudflap.c/pass3-frag.c (-O3) (test for excess errors)
WARNING: libmudflap.c/pass3-frag.c (-O3) compilation failed to produce executable
FAIL: libmudflap.c/pass30-frag.c (-O3) (test for excess errors)
WARNING: libmudflap.c/pass30-frag.c (-O3) compilation failed to produce executable
FAIL: libmudflap.c/pass32-frag.c (-O3) (test for excess errors)
WARNING: libmudflap.c/pass32-frag.c (-O3) compilation failed to produce executable
FAIL: libmudflap.c/pass33-frag.c (-O3) (test for excess errors)
WARNING: libmudflap.c/pass33-frag.c (-O3) compilation failed to produce executable
FAIL: libmudflap.c/pass34-frag.c (-O3) (test for excess errors)
WARNING: libmudflap.c/pass34-frag.c (-O3) compilation failed to produce executable
FAIL: libmudflap.c/pass35-frag.c (-O3) cannot track lifetime (test for warnings, line )
FAIL: libmudflap.c/pass35-frag.c (-O3) (test for excess errors)
WARNING: libmudflap.c/pass35-frag.c (-O3) compilation failed to produce executable
FAIL: libmudflap.c/pass36-frag.c (-O3) (test for excess errors)
WARNING: libmudflap.c/pass36-frag.c (-O3) compilation failed to produce executable
FAIL: libmudflap.c/pass38-frag.c (-O3) (test for excess errors)
WARNING: libmudflap.c/pass38-frag.c (-O3) compilation failed to produce executable
FAIL: libmudflap.c/pass4-frag.c (-O3) (test for excess errors)
WARNING: libmudflap.c/pass4-frag.c (-O3) compilation failed to produce executable
FAIL: libmudflap.c/pass5-frag.c (-O3) (test for excess errors)
WARNING: libmudflap.c/pass5-frag.c (-O3) compilation failed to produce executable
FAIL: libmudflap.c/pass6-frag.c (-O3) (test for excess errors)
WARNING: libmudflap.c/pass6-frag.c (-O3) compilation failed to produce executable
FAIL: libmudflap.c/pass7-frag.c (-O3) (test for excess errors)
WARNING: libmudflap.c/pass7-frag.c (-O3) compilation failed to produce executable
FAIL: libmudflap.c/pass8-frag.c (-O3) (test for excess errors)
WARNING: libmudflap.c/pass8-frag.c (-O3) compilation failed to produce executable
FAIL: libmudflap.c/pass9-frag.c (-O3) (test for excess errors)
WARNING: libmudflap.c/pass9-frag.c (-O3) compilation failed to produce executable
FAIL: libmudflap.c++/fail24-frag.cxx (test for excess errors)
WARNING: libmudflap.c++/fail24-frag.cxx compilation failed to produce executable
FAIL: libmudflap.c++/pass27-frag.cxx (test for excess errors)
WARNING: libmudflap.c++/pass27-frag.cxx compilation failed to produce executable
FAIL: libmudflap.c++/pass28-frag.cxx (test for excess errors)
WARNING: libmudflap.c++/pass28-frag.cxx compilation failed to produce executable
FAIL: libmudflap.c++/pass31-frag.cxx (test for excess errors)
WARNING: libmudflap.c++/pass31-frag.cxx compilation failed to produce executable
FAIL: libmudflap.c++/fail24-frag.cxx (-static) (test for excess errors)
WARNING: libmudflap.c++/fail24-frag.cxx (-static) compilation failed to produce executable
FAIL: libmudflap.c++/pass27-frag.cxx (-static) (test for excess errors)
WARNING: libmudflap.c++/pass27-frag.cxx (-static) compilation failed to produce executable
FAIL: libmudflap.c++/pass28-frag.cxx (-static) (test for excess errors)
WARNING: libmudflap.c++/pass28-frag.cxx (-static) compilation failed to produce executable
FAIL: libmudflap.c++/pass31-frag.cxx (-static) (test for excess errors)
WARNING: libmudflap.c++/pass31-frag.cxx (-static) compilation failed to produce executable
FAIL: libmudflap.c++/fail24-frag.cxx (-O2) (test for excess errors)
WARNING: libmudflap.c++/fail24-frag.cxx (-O2) compilation failed to produce executable
FAIL: libmudflap.c++/pass27-frag.cxx (-O2) (test for excess errors)
WARNING: libmudflap.c++/pass27-frag.cxx (-O2) compilation failed to produce executable
FAIL: libmudflap.c++/pass28-frag.cxx (-O2) (test for excess errors)
WARNING: libmudflap.c++/pass28-frag.cxx (-O2) compilation failed to produce executable
FAIL: libmudflap.c++/pass31-frag.cxx (-O2) (test for excess errors)
WARNING: libmudflap.c++/pass31-frag.cxx (-O2) compilation failed to produce executable
FAIL: libmudflap.c++/fail24-frag.cxx (-O3) (test for excess errors)
WARNING: libmudflap.c++/fail24-frag.cxx (-O3) compilation failed to produce executable
FAIL: libmudflap.c++/pass27-frag.cxx (-O3) (test for excess errors)
WARNING: libmudflap.c++/pass27-frag.cxx (-O3) compilation failed to produce executable
FAIL: libmudflap.c++/pass28-frag.cxx (-O3) (test for excess errors)
WARNING: libmudflap.c++/pass28-frag.cxx (-O3) compilation failed to produce executable
FAIL: libmudflap.c++/pass31-frag.cxx (-O3) (test for excess errors)
WARNING: libmudflap.c++/pass31-frag.cxx (-O3) compilation failed to produce executable
FAIL: libmudflap.cth/pass37-frag.c (test for excess errors)
WARNING: libmudflap.cth/pass37-frag.c compilation failed to produce executable
FAIL: libmudflap.cth/pass39-frag.c (test for excess errors)
WARNING: libmudflap.cth/pass39-frag.c compilation failed to produce executable
FAIL: libmudflap.cth/pass40-frag.c (test for excess errors)
WARNING: libmudflap.cth/pass40-frag.c compilation failed to produce executable
FAIL: libmudflap.cth/pass37-frag.c (-static) (test for excess errors)
WARNING: libmudflap.cth/pass37-frag.c (-static) compilation failed to produce executable
FAIL: libmudflap.cth/pass39-frag.c (-static) (test for excess errors)
WARNING: libmudflap.cth/pass39-frag.c (-static) compilation failed to produce executable
FAIL: libmudflap.cth/pass40-frag.c (-static) (test for excess errors)
WARNING: libmudflap.cth/pass40-frag.c (-static) compilation failed to produce executable
FAIL: libmudflap.cth/pass37-frag.c (-O2) (test for excess errors)
WARNING: libmudflap.cth/pass37-frag.c (-O2) compilation failed to produce executable
FAIL: libmudflap.cth/pass39-frag.c (-O2) (test for excess errors)
WARNING: libmudflap.cth/pass39-frag.c (-O2) compilation failed to produce executable
FAIL: libmudflap.cth/pass40-frag.c (-O2) (test for excess errors)
WARNING: libmudflap.cth/pass40-frag.c (-O2) compilation failed to produce executable
FAIL: libmudflap.cth/pass37-frag.c (-O3) (test for excess errors)
WARNING: libmudflap.cth/pass37-frag.c (-O3) compilation failed to produce executable
FAIL: libmudflap.cth/pass39-frag.c (-O3) (test for excess errors)
WARNING: libmudflap.cth/pass39-frag.c (-O3) compilation failed to produce executable
FAIL: libmudflap.cth/pass40-frag.c (-O3) (test for excess errors)
WARNING: libmudflap.cth/pass40-frag.c (-O3) compilation failed to produce executable
=== libmudflap Summary ===
# of unexpected failures 280
=== gcc tests ===
Running target unix
WARNING: program timed out.
FAIL: gcc.c-torture/compile/20001226-1.c (test for excess errors)
WARNING: program timed out.
FAIL: gcc.c-torture/compile/20001226-1.c (test for excess errors)
WARNING: program timed out.
FAIL: gcc.c-torture/compile/20001226-1.c (test for excess errors)
WARNING: program timed out.
FAIL: gcc.c-torture/compile/20001226-1.c (test for excess errors)
WARNING: program timed out.
FAIL: gcc.c-torture/compile/20001226-1.c (test for excess errors)
FAIL: gcc.c-torture/execute/20000603-1.c execution, -O3 -fomit-frame-pointer
FAIL: gcc.c-torture/execute/20000603-1.c execution, -O3 -g
FAIL: gcc.c-torture/execute/20010403-1.c execution, -O3 -fomit-frame-pointer
FAIL: gcc.c-torture/execute/20010403-1.c execution, -O3 -g
XPASS: gcc.c-torture/execute/20020720-1.c compilation, -O1
XPASS: gcc.c-torture/execute/20020720-1.c compilation, -O2
XPASS: gcc.c-torture/execute/20020720-1.c compilation, -O3 -fomit-frame-pointer
XPASS: gcc.c-torture/execute/20020720-1.c compilation, -O3 -g
XPASS: gcc.c-torture/execute/20020720-1.c compilation, -Os
FAIL: gcc.c-torture/execute/20030125-1.c execution, -O1
FAIL: gcc.c-torture/execute/20030125-1.c execution, -O2
FAIL: gcc.c-torture/execute/20030125-1.c execution, -O3 -fomit-frame-pointer
FAIL: gcc.c-torture/execute/20030125-1.c execution, -O3 -g
FAIL: gcc.c-torture/execute/20030125-1.c execution, -Os
XPASS: gcc.c-torture/execute/990208-1.c execution, -O3 -fomit-frame-pointer
XPASS: gcc.c-torture/execute/990208-1.c execution, -O3 -g
FAIL: gcc.c-torture/execute/bcp-1.c execution, -O1
XPASS: gcc.c-torture/execute/string-opt-18.c execution, -O0
XPASS: gcc.c-torture/execute/string-opt-18.c execution, -O1
XPASS: gcc.c-torture/execute/string-opt-18.c execution, -O2
XPASS: gcc.c-torture/execute/string-opt-18.c execution, -O3 -fomit-frame-pointer
XPASS: gcc.c-torture/execute/string-opt-18.c execution, -O3 -g
XPASS: gcc.c-torture/execute/string-opt-18.c execution, -Os
FAIL: gcc.c-torture/execute/string-opt-7.c execution, -O1
FAIL: gcc.c-torture/execute/string-opt-7.c execution, -O2
FAIL: gcc.c-torture/execute/string-opt-7.c execution, -O3 -fomit-frame-pointer
FAIL: gcc.c-torture/execute/string-opt-7.c execution, -O3 -g
FAIL: gcc.c-torture/execute/string-opt-7.c execution, -Os
UNRESOLVED: gcc.c-torture/execute/wchar_t-1.c execution, -O0
UNRESOLVED: gcc.c-torture/execute/wchar_t-1.c execution, -O1
UNRESOLVED: gcc.c-torture/execute/wchar_t-1.c execution, -O2
UNRESOLVED: gcc.c-torture/execute/wchar_t-1.c execution, -O3 -fomit-frame-pointer
UNRESOLVED: gcc.c-torture/execute/wchar_t-1.c execution, -O3 -g
UNRESOLVED: gcc.c-torture/execute/wchar_t-1.c execution, -Os
FAIL: gcc.c-torture/execute/ieee/fp-cmp-8.c compilation, -O1
UNRESOLVED: gcc.c-torture/execute/ieee/fp-cmp-8.c execution, -O1
FAIL: gcc.c-torture/execute/ieee/fp-cmp-8.c compilation, -O2
UNRESOLVED: gcc.c-torture/execute/ieee/fp-cmp-8.c execution, -O2
FAIL: gcc.c-torture/execute/ieee/fp-cmp-8.c compilation, -O3 -fomit-frame-pointer
UNRESOLVED: gcc.c-torture/execute/ieee/fp-cmp-8.c execution, -O3 -fomit-frame-pointer
FAIL: gcc.c-torture/execute/ieee/fp-cmp-8.c compilation, -O3 -fomit-frame-pointer -funroll-loops
UNRESOLVED: gcc.c-torture/execute/ieee/fp-cmp-8.c execution, -O3 -fomit-frame-pointer -funroll-loops
FAIL: gcc.c-torture/execute/ieee/fp-cmp-8.c compilation, -O3 -fomit-frame-pointer -funroll-all-loops -finline-functions
UNRESOLVED: gcc.c-torture/execute/ieee/fp-cmp-8.c execution, -O3 -fomit-frame-pointer -funroll-all-loops -finline-functions
FAIL: gcc.c-torture/execute/ieee/fp-cmp-8.c compilation, -O3 -g
UNRESOLVED: gcc.c-torture/execute/ieee/fp-cmp-8.c execution, -O3 -g
FAIL: gcc.c-torture/execute/ieee/fp-cmp-8.c compilation, -Os
UNRESOLVED: gcc.c-torture/execute/ieee/fp-cmp-8.c execution, -Os
FAIL: gcc.dg/compat/vector-1 c_compat_x_tst.o-c_compat_y_tst.o execute
FAIL: gcc.dg/cpp/lexident.c (test for excess errors)
FAIL: gcc.dg/debug/debug-1.c scan-assembler xyzzy
FAIL: gcc.dg/debug/debug-1.c scan-assembler xyzzy
FAIL: gcc.dg/debug/debug-1.c scan-assembler xyzzy
FAIL: gcc.dg/debug/debug-1.c scan-assembler xyzzy
FAIL: gcc.dg/debug/debug-1.c scan-assembler xyzzy
FAIL: gcc.dg/debug/debug-1.c scan-assembler xyzzy
FAIL: gcc.dg/debug/debug-1.c scan-assembler xyzzy
FAIL: gcc.dg/debug/debug-1.c scan-assembler xyzzy
FAIL: gcc.dg/debug/debug-2.c scan-assembler xyzzy
FAIL: gcc.dg/debug/debug-2.c scan-assembler xyzzy
FAIL: gcc.dg/debug/debug-2.c scan-assembler xyzzy
FAIL: gcc.dg/debug/debug-2.c scan-assembler xyzzy
FAIL: gcc.dg/debug/debug-2.c scan-assembler xyzzy
FAIL: gcc.dg/debug/debug-2.c scan-assembler xyzzy
FAIL: gcc.dg/debug/debug-2.c scan-assembler xyzzy
FAIL: gcc.dg/debug/debug-2.c scan-assembler xyzzy
FAIL: gcc.dg/20020304-1.c (test for excess errors)
FAIL: gcc.dg/20030331-2.c (test for excess errors)
FAIL: gcc.dg/builtins-10.c (test for excess errors)
FAIL: gcc.dg/builtins-20.c (test for excess errors)
FAIL: gcc.dg/builtins-26.c (test for excess errors)
FAIL: gcc.dg/builtins-7.c (test for excess errors)
WARNING: program timed out.
FAIL: gcc.dg/c99-intconst-1.c (test for excess errors)
FAIL: gcc.dg/pack-test-1.c (test for excess errors)
FAIL: gcc.dg/pack-test-2.c (test for errors, line 7)
FAIL: gcc.dg/pack-test-2.c (test for errors, line 14)
FAIL: gcc.dg/pack-test-2.c (test for errors, line 19)
FAIL: gcc.dg/pack-test-2.c (test for excess errors)
XPASS: gcc.dg/uninit-4.c uninitialized variable warning (test for bogus messages, line 26)
XPASS: gcc.dg/uninit-5.c uninitialized variable warning (test for bogus messages, line 13)
XPASS: gcc.dg/uninit-5.c uninitialized variable warning (test for bogus messages, line 27)
XPASS: gcc.dg/uninit-8.c uninitialized variable warning (test for bogus messages, line 14)
FAIL: gcc.dg/uninit-D.c (test for excess errors)
FAIL: gcc.dg/warn-1.c (test for warnings, line 8)
FAIL: gcc.dg/torture/builtin-explog-1.c (test for excess errors)
FAIL: gcc.dg/torture/builtin-explog-1.c (test for excess errors)
FAIL: gcc.dg/torture/builtin-explog-1.c (test for excess errors)
FAIL: gcc.dg/torture/builtin-explog-1.c (test for excess errors)
FAIL: gcc.dg/torture/builtin-explog-1.c (test for excess errors)
FAIL: gcc.dg/torture/builtin-explog-1.c (test for excess errors)
FAIL: gcc.dg/tree-ssa/20030731-1.c scan-tree-dump-times target.*!= 0 0
FAIL: gcc.dg/tree-ssa/20030807-3.c scan-tree-dump-times if 2
FAIL: gcc.dg/tree-ssa/20030807-4.c scan-tree-dump-times if 2
FAIL: gcc.dg/tree-ssa/20030807-7.c scan-tree-dump-times if 1
FAIL: gcc.dg/tree-ssa/20030814-6.c scan-tree-dump-times common.code 1
FAIL: gcc.dg/tree-ssa/20030824-2.c scan-tree-dump-times return y \\+ x 1
FAIL: gcc.dg/tree-ssa/20030922-1.c scan-tree-dump-times if 0
FAIL: gcc.dg/tree-ssa/20030922-2.c scan-tree-dump-times if 2
FAIL: gcc.dg/tree-ssa/20031106-1.c scan-tree-dump-times testarray 1
FAIL: gcc.dg/tree-ssa/20031106-2.c scan-tree-dump-times teststruct 1
FAIL: gcc.dg/tree-ssa/20031106-3.c scan-tree-dump-times link_error 0
FAIL: gcc.dg/tree-ssa/20031106-4.c scan-tree-dump-times link_error 0
FAIL: gcc.dg/tree-ssa/20031106-5.c scan-tree-dump-times link_error 0
FAIL: gcc.dg/tree-ssa/20031106-6.c scan-tree-dump-times temp_struct 0
FAIL: gcc.dg/tree-ssa/cfgcleanup-1.c scan-tree-dump-times goto 0
FAIL: gcc.dg/tree-ssa/ssa-ccp-3.c scan-tree-dump-times link_error 0
FAIL: gcc.dg/tree-ssa/ssa-ccp-4.c scan-tree-dump-times link_error 0
FAIL: gcc.dg/tree-ssa/ssa-ccp-5.c scan-tree-dump-times link_error 0
FAIL: gcc.dg/tree-ssa/ssa-ccp-6.c scan-tree-dump-times link_error 0
FAIL: gcc.dg/tree-ssa/ssa-ccp-8.c scan-tree-dump-times link_error 0
FAIL: 209: expected branch percentages not found: 25
FAIL: gcc.misc-tests/gcov-4b.c gcov: 0 failures in line counts, 1 in branch percentages, 0 in return percentages
=== gcc Summary ===
# of expected passes 23889
# of unexpected failures 87
# of unexpected successes 17
# of expected failures 72
# of unresolved testcases 13
# of untested testcases 7
# of unsupported tests 281
/usr/src/cvs-others/gcc-trees/gcc-tree-ssa-20020619-branch/build-tmp-0/gcc/xgcc version 3.5-tree-ssa 20031115 (merged 20031111)
Compiler version: 3.5-tree-ssa 20031115 (merged 20031111)
Platform: armv5l-unknown-linux-gnu
configure flags: --prefix=/usr/local/gcc-3.5-cvs --enable-languages=c --disable-werror --with-libbanshee