This is the mail archive of the gcc-testresults@gcc.gnu.org mailing list for the GCC project.
Index Nav: | [Date Index] [Subject Index] [Author Index] [Thread Index] | |
---|---|---|
Message Nav: | [Date Prev] [Date Next] | [Thread Prev] [Thread Next] |
Other format: | [Raw text] |
LAST_UPDATED: Native configuration is sparc64-sun-solaris2.7 === g++ tests === Running target unix FAIL: g++.dg/eh/simd-1.C (test for excess errors) WARNING: g++.dg/eh/simd-1.C compilation failed to produce executable FAIL: g++.dg/eh/simd-2.C (test for excess errors) WARNING: g++.dg/eh/simd-2.C compilation failed to produce executable XPASS: g++.dg/ext/lvalue1.C not an lvalue (test for errors, line 7) FAIL: g++.dg/ext/pretty1.C scan-assembler top level FAIL: g++.dg/ext/pretty2.C (test for excess errors) WARNING: g++.dg/ext/pretty2.C compilation failed to produce executable FAIL: g++.dg/parse/crash10.C (test for errors, line 14) FAIL: g++.dg/parse/stack1.C (test for excess errors) XPASS: g++.dg/warn/Wunused-2.C (test for warnings, line 5) FAIL: g++.dg/special/conpr-4.C execution test WARNING: g++.old-deja/g++.mike/p10769a.C compilation failed to produce executable FAIL: g++.old-deja/g++.other/comdat1.C (test for excess errors) WARNING: g++.old-deja/g++.other/comdat1.C compilation failed to produce executable FAIL: g++.old-deja/g++.other/comdat2.C (test for excess errors) WARNING: g++.old-deja/g++.other/comdat2.C compilation failed to produce executable FAIL: g++.old-deja/g++.other/comdat3.C (test for excess errors) WARNING: g++.old-deja/g++.other/comdat3.C compilation failed to produce executable FAIL: g++.old-deja/g++.other/crash34.C (test for excess errors) FAIL: g++.old-deja/g++.other/ctor1.C (test for excess errors) WARNING: g++.old-deja/g++.other/ctor1.C compilation failed to produce executable WARNING: g++.old-deja/g++.other/enum5.C compilation failed to produce executable WARNING: g++.old-deja/g++.pt/friend44.C compilation failed to produce executable FAIL: g++.old-deja/g++.pt/instantiate5.C (test for excess errors) FAIL: g++.old-deja/g++.pt/vaarg3.C (test for excess errors) === g++ Summary === # of expected passes 8996 # of unexpected failures 14 # of unexpected successes 2 # of expected failures 63 # of unsupported tests 60 /teal/tmpdisk/ghazi/gcc-testing/v9-34/build/gcc/testsuite/../g++ version 3.4 20031103 (experimental) === g77 tests === Running target unix === g77 Summary === # of expected passes 1752 # of expected failures 1 # of untested testcases 1 # of unsupported tests 6 /teal/tmpdisk/ghazi/gcc-testing/v9-34/build/gcc/testsuite/../g77 version 3.4 20031103 (experimental) === gcc tests === Running target unix FAIL: gcc.c-torture/compile/20031023-4.c (test for excess errors) FAIL: gcc.c-torture/compile/20031023-4.c (test for excess errors) FAIL: gcc.c-torture/compile/20031023-4.c (test for excess errors) FAIL: gcc.c-torture/compile/20031023-4.c (test for excess errors) FAIL: gcc.c-torture/compile/20031023-4.c (test for excess errors) FAIL: gcc.c-torture/compile/20031023-4.c (test for excess errors) XPASS: gcc.c-torture/compile/simd-5.c (test for excess errors) XPASS: gcc.c-torture/compile/simd-5.c (test for excess errors) XPASS: gcc.c-torture/compile/simd-5.c (test for excess errors) XPASS: gcc.c-torture/compile/simd-5.c (test for excess errors) FAIL: gcc.c-torture/execute/simd-4.c compilation, -O0 UNRESOLVED: gcc.c-torture/execute/simd-4.c execution, -O0 FAIL: gcc.c-torture/execute/va-arg-25.c compilation, -O0 UNRESOLVED: gcc.c-torture/execute/va-arg-25.c execution, -O0 FAIL: gcc.c-torture/execute/va-arg-25.c compilation, -O1 UNRESOLVED: gcc.c-torture/execute/va-arg-25.c execution, -O1 FAIL: gcc.c-torture/execute/va-arg-25.c compilation, -O2 UNRESOLVED: gcc.c-torture/execute/va-arg-25.c execution, -O2 FAIL: gcc.c-torture/execute/va-arg-25.c compilation, -O3 -fomit-frame-pointer UNRESOLVED: gcc.c-torture/execute/va-arg-25.c execution, -O3 -fomit-frame-pointer FAIL: gcc.c-torture/execute/va-arg-25.c compilation, -O3 -g UNRESOLVED: gcc.c-torture/execute/va-arg-25.c execution, -O3 -g FAIL: gcc.c-torture/execute/va-arg-25.c compilation, -Os UNRESOLVED: gcc.c-torture/execute/va-arg-25.c execution, -Os UNRESOLVED: gcc.c-torture/execute/wchar_t-1.c execution, -O0 UNRESOLVED: gcc.c-torture/execute/wchar_t-1.c execution, -O1 UNRESOLVED: gcc.c-torture/execute/wchar_t-1.c execution, -O2 UNRESOLVED: gcc.c-torture/execute/wchar_t-1.c execution, -O3 -fomit-frame-pointer UNRESOLVED: gcc.c-torture/execute/wchar_t-1.c execution, -O3 -g UNRESOLVED: gcc.c-torture/execute/wchar_t-1.c execution, -Os FAIL: gcc.dg/compat/vector-1 c_compat_x_tst.o compile FAIL: gcc.dg/compat/vector-1 c_compat_y_tst.o compile UNRESOLVED: gcc.dg/compat/vector-1 c_compat_x_tst.o-c_compat_y_tst.o link UNRESOLVED: gcc.dg/compat/vector-1 c_compat_x_tst.o-c_compat_y_tst.o execute FAIL: gcc.dg/compat/vector-2 c_compat_x_tst.o compile FAIL: gcc.dg/compat/vector-2 c_compat_y_tst.o compile UNRESOLVED: gcc.dg/compat/vector-2 c_compat_x_tst.o-c_compat_y_tst.o link UNRESOLVED: gcc.dg/compat/vector-2 c_compat_x_tst.o-c_compat_y_tst.o execute FAIL: gcc.dg/cpp/19990228-1.c scan-file-not [^\\n]# FAIL: gcc.dg/cpp/_Pragma4.c scan-file (^|\\n)#pragma bar(\$|\\n) FAIL: gcc.dg/cpp/avoidpaste2.c scan-file (^|\\n): : : - > - > FAIL: gcc.dg/cpp/avoidpaste2.c scan-file (^|\\n):2: :22 22: FAIL: gcc.dg/cpp/cmdlne-dD-dM.c scan-file (^|\\n)#define foo bar(\$|\\n) FAIL: gcc.dg/cpp/cmdlne-dM-M.c scan-file (^|\\n)#define foo bar(\$|\\n) FAIL: gcc.dg/cpp/cmdlne-dM-dD.c scan-file (^|\\n)#define foo bar(\$|\\n) FAIL: gcc.dg/cpp/maccom1.c scan-file (^|\\n)passed FAIL: gcc.dg/debug/debug-1.c scan-assembler xyzzy FAIL: gcc.dg/debug/debug-1.c scan-assembler xyzzy FAIL: gcc.dg/debug/debug-1.c scan-assembler xyzzy FAIL: gcc.dg/debug/debug-1.c scan-assembler xyzzy FAIL: gcc.dg/debug/debug-1.c scan-assembler xyzzy FAIL: gcc.dg/debug/debug-1.c scan-assembler xyzzy FAIL: gcc.dg/debug/debug-1.c scan-assembler xyzzy FAIL: gcc.dg/debug/debug-1.c scan-assembler xyzzy FAIL: gcc.dg/debug/debug-2.c scan-assembler xyzzy FAIL: gcc.dg/debug/debug-2.c scan-assembler xyzzy FAIL: gcc.dg/debug/debug-2.c scan-assembler xyzzy FAIL: gcc.dg/debug/debug-2.c scan-assembler xyzzy FAIL: gcc.dg/debug/debug-2.c scan-assembler xyzzy FAIL: gcc.dg/debug/debug-2.c scan-assembler xyzzy FAIL: gcc.dg/debug/debug-2.c scan-assembler xyzzy FAIL: gcc.dg/debug/debug-2.c scan-assembler xyzzy WARNING: gcc.dg/20021014-1.c compilation failed to produce executable ERROR: gcc.dg/const-elim-2.c: error executing dg-final: bad switch "-inline": must be -indices, -nocase, or -- UNRESOLVED: gcc.dg/const-elim-2.c: error executing dg-final: bad switch "-inline": must be -indices, -nocase, or -- XPASS: gcc.dg/uninit-4.c uninitialized variable warning (test for bogus messages, line 26) === gcc Summary === # of expected passes 24176 # of unexpected failures 41 # of unexpected successes 5 # of expected failures 84 # of unresolved testcases 18 # of untested testcases 7 # of unsupported tests 269 /teal/tmpdisk/ghazi/gcc-testing/v9-34/build/gcc/xgcc version 3.4 20031103 (experimental) === objc tests === Running target unix FAIL: objc.dg/call-super-2.m (test for excess errors) FAIL: objc.dg/desig-init-1.m (test for excess errors) FAIL: objc.dg/encode-2.m execution test FAIL: objc.dg/encode-3.m execution test FAIL: objc.dg/proto-qual-1.m execution test === objc Summary === # of expected passes 1332 # of unexpected failures 5 # of unsupported tests 7 /teal/tmpdisk/ghazi/gcc-testing/v9-34/build/gcc/xgcc version 3.4 20031103 (experimental) === libffi tests === Running target unix FAIL: libffi.call/cls_12byte.c execution test FAIL: libffi.call/cls_16byte.c execution test FAIL: libffi.call/cls_1_1byte.c execution test FAIL: libffi.call/cls_20byte.c execution test FAIL: libffi.call/cls_24byte.c execution test FAIL: libffi.call/cls_2byte.c execution test FAIL: libffi.call/cls_3_1byte.c execution test FAIL: libffi.call/cls_3byte1.c execution test FAIL: libffi.call/cls_3byte2.c execution test FAIL: libffi.call/cls_4_1byte.c execution test FAIL: libffi.call/cls_4byte.c execution test FAIL: libffi.call/cls_5byte.c execution test FAIL: libffi.call/cls_6byte.c execution test FAIL: libffi.call/cls_7byte.c execution test FAIL: libffi.call/cls_8byte.c execution test FAIL: libffi.call/nested_struct.c execution test FAIL: libffi.call/nested_struct1.c execution test FAIL: libffi.call/problem1.c execution test FAIL: libffi.call/pyobjc-tc.c execution test FAIL: libffi.special/unwindtest.cc execution test === libffi Summary === # of expected passes 86 # of unexpected failures 20 # of unsupported tests 2 === libjava tests === Running target unix FAIL: linking cxxtest FAIL: Array_3 execution - gij test FAIL: Array_3 execution - gij test FAIL: FileHandleGcTest execution - source compiled test FAIL: FileHandleGcTest execution - gij test FAIL: FileHandleGcTest execution - bytecode->native test FAIL: FileHandleGcTest -O3 execution - source compiled test FAIL: FileHandleGcTest execution - gij test FAIL: FileHandleGcTest -O3 execution - bytecode->native test WARNING: program timed out. FAIL: Thread_Wait_2 execution - gij test WARNING: program timed out. FAIL: Thread_Wait_2 execution - gij test FAIL: Thread_Wait_Interrupt execution - gij test FAIL: Thread_Wait_Interrupt execution - gij test === libjava Summary === # of expected passes 3179 # of unexpected failures 13 # of expected failures 11 # of untested testcases 20 === libstdc++ tests === Running target unix === libstdc++ Summary === # of expected passes 2203 # of expected failures 12 Compiler version: 3.4 20031103 (experimental) Platform: sparc64-sun-solaris2.7 configure flags: --verbose --enable-werror=no sparc64-sun-solaris2.7
Index Nav: | [Date Index] [Subject Index] [Author Index] [Thread Index] | |
---|---|---|
Message Nav: | [Date Prev] [Date Next] | [Thread Prev] [Thread Next] |