This is the mail archive of the
gcc-testresults@gcc.gnu.org
mailing list for the GCC project.
Results for 3.4 20031025 (experimental) testsuite on sparc-sun-solaris2.8
- From: Eric Botcazou <eric at localhost dot localdomain>
- To: gcc-testresults at gcc dot gnu dot org
- Date: Mon, 27 Oct 2003 12:56:00 +0100
- Subject: Results for 3.4 20031025 (experimental) testsuite on sparc-sun-solaris2.8
LAST_UPDATED: Sat Oct 25 04:22:29 UTC 2003
Native configuration is sparc-sun-solaris2.8
=== g++ tests ===
Running target unix
ERROR: g++.dg/abi/rtti1.C: error executing dg-final: couldn't execute "c++filt": no such file or directory
UNRESOLVED: g++.dg/abi/rtti1.C: error executing dg-final: couldn't execute "c++filt": no such file or directory
FAIL: g++.dg/eh/simd-1.C (test for excess errors)
WARNING: g++.dg/eh/simd-1.C compilation failed to produce executable
FAIL: g++.dg/eh/simd-2.C (test for excess errors)
WARNING: g++.dg/eh/simd-2.C compilation failed to produce executable
XPASS: g++.dg/ext/lvalue1.C not an lvalue (test for errors, line 7)
FAIL: g++.dg/ext/pretty1.C scan-assembler top level
FAIL: g++.dg/ext/pretty2.C (test for excess errors)
WARNING: g++.dg/ext/pretty2.C compilation failed to produce executable
FAIL: g++.dg/parse/crash10.C (test for errors, line 14)
WARNING: program timed out.
FAIL: g++.dg/parse/stack1.C (test for excess errors)
XPASS: g++.dg/warn/Wunused-2.C (test for warnings, line 5)
FAIL: g++.dg/special/conpr-4.C execution test
WARNING: g++.old-deja/g++.mike/p10769a.C compilation failed to produce executable
WARNING: g++.old-deja/g++.other/enum5.C compilation failed to produce executable
WARNING: g++.old-deja/g++.pt/friend44.C compilation failed to produce executable
FAIL: g++.old-deja/g++.pt/vaarg3.C (test for excess errors)
=== g++ Summary ===
# of expected passes 9003
# of unexpected failures 8
# of unexpected successes 2
# of expected failures 63
# of unresolved testcases 1
# of unsupported tests 58
/opt/build/eric/gcc/gcc/testsuite/../g++ version 3.4 20031025 (experimental)
=== g77 tests ===
Running target unix
=== g77 Summary ===
# of expected passes 1752
# of expected failures 1
# of untested testcases 1
# of unsupported tests 6
/opt/build/eric/gcc/gcc/testsuite/../g77 version 3.4 20031025 (experimental)
=== gcc tests ===
Running target unix
WARNING: program timed out.
FAIL: gcc.c-torture/compile/20001226-1.c (test for excess errors)
WARNING: program timed out.
FAIL: gcc.c-torture/compile/20001226-1.c (test for excess errors)
FAIL: gcc.c-torture/execute/20030307-1.c execution, -O2
FAIL: gcc.c-torture/execute/20030307-1.c execution, -Os
WARNING: gcc.dg/20021014-1.c compilation failed to produce executable
XPASS: gcc.dg/uninit-4.c uninitialized variable warning (test for bogus messages, line 26)
=== gcc Summary ===
# of expected passes 23496
# of unexpected failures 4
# of unexpected successes 1
# of expected failures 89
# of untested testcases 24
# of unsupported tests 266
/opt/build/eric/gcc/gcc/xgcc version 3.4 20031025 (experimental)
=== objc tests ===
Running target unix
=== objc Summary ===
# of expected passes 1337
# of unsupported tests 7
/opt/build/eric/gcc/gcc/xgcc version 3.4 20031025 (experimental)
=== libffi tests ===
Running target unix
FAIL: libffi.call/cls_12byte.c execution test
FAIL: libffi.call/cls_16byte.c execution test
FAIL: libffi.call/cls_1_1byte.c execution test
FAIL: libffi.call/cls_20byte.c execution test
FAIL: libffi.call/cls_24byte.c execution test
FAIL: libffi.call/cls_2byte.c execution test
FAIL: libffi.call/cls_3_1byte.c execution test
FAIL: libffi.call/cls_3byte1.c execution test
FAIL: libffi.call/cls_3byte2.c execution test
FAIL: libffi.call/cls_4_1byte.c execution test
FAIL: libffi.call/cls_4byte.c execution test
FAIL: libffi.call/cls_5byte.c execution test
FAIL: libffi.call/cls_6byte.c execution test
FAIL: libffi.call/cls_7byte.c execution test
FAIL: libffi.call/cls_8byte.c execution test
FAIL: libffi.call/nested_struct.c execution test
FAIL: libffi.call/nested_struct1.c execution test
FAIL: libffi.call/problem1.c execution test
FAIL: libffi.call/struct3.c execution test
=== libffi Summary ===
# of expected passes 88
# of unexpected failures 19
# of unsupported tests 2
=== libstdc++ tests ===
Running target unix
=== libstdc++ Summary ===
# of expected passes 2195
# of expected failures 12
Compiler version: 3.4 20031025 (experimental)
Platform: sparc-sun-solaris2.8
configure flags: --prefix=/opt/build/eric/gcc34 --disable-multilib --enable-checking=misc,tree,rtlflag