This is the mail archive of the gcc-testresults@gcc.gnu.org mailing list for the GCC project.


Index Nav: [Date Index] [Subject Index] [Author Index] [Thread Index]
Message Nav: [Date Prev] [Date Next] [Thread Prev] [Thread Next]
Other format: [Raw text]

Results for 3.3.3 20031023 (prerelease) testsuite on ia64-unknown-linux-gnu


LAST_UPDATED: Thu Oct 23 02:28:49 UTC 2003

Native configuration is ia64-unknown-linux-gnu

		=== g77 tests ===


Running target unix

		=== g77 Summary ===

# of expected passes		1686
# of unsupported tests		8
/export/build/gnu/gcc-3.3/build-ia64-linux/gcc/testsuite/../g77 version 3.3.3 20031023 (prerelease)

		=== gcc tests ===


Running target unix
XPASS: gcc.c-torture/compile/981223-1.c,  -O2  
XPASS: gcc.c-torture/compile/981223-1.c,  -O3 -fomit-frame-pointer  
XPASS: gcc.c-torture/compile/981223-1.c,  -O3 -g  
XPASS: gcc.c-torture/compile/981223-1.c,  -Os  
XPASS: gcc.c-torture/execute/20020227-1.c execution,  -O0 
FAIL: gcc.c-torture/execute/20020227-1.c compilation,  -O2 
UNRESOLVED: gcc.c-torture/execute/20020227-1.c execution,  -O2 
FAIL: gcc.c-torture/execute/20020227-1.c compilation,  -O3 -fomit-frame-pointer 
UNRESOLVED: gcc.c-torture/execute/20020227-1.c execution,  -O3 -fomit-frame-pointer 
FAIL: gcc.c-torture/execute/20020227-1.c compilation,  -O3 -g 
UNRESOLVED: gcc.c-torture/execute/20020227-1.c execution,  -O3 -g 
FAIL: gcc.c-torture/execute/20020227-1.c compilation,  -Os 
UNRESOLVED: gcc.c-torture/execute/20020227-1.c execution,  -Os 
FAIL: gcc.dg/duff-2.c (test for excess errors)

		=== gcc Summary ===

# of expected passes		20641
# of unexpected failures	5
# of unexpected successes	5
# of expected failures		78
# of unresolved testcases	4
# of unsupported tests		168
/export/build/gnu/gcc-3.3/build-ia64-linux/gcc/xgcc version 3.3.3 20031023 (prerelease)

		=== g++ tests ===


Running target unix

		=== g++ Summary ===

# of expected passes		7874
# of expected failures		95
# of untested testcases		23
# of unsupported tests		28
/export/build/gnu/gcc-3.3/build-ia64-linux/gcc/testsuite/../g++ version 3.3.3 20031023 (prerelease)

		=== objc tests ===


Running target unix

		=== objc Summary ===

# of expected passes		1153
/export/build/gnu/gcc-3.3/build-ia64-linux/gcc/xgcc version 3.3.3 20031023 (prerelease)

		=== libjava tests ===


Running target unix

		=== libjava Summary ===

# of expected passes		2991
# of expected failures		16
# of untested testcases		12
		=== libstdc++-v3 tests ===


Running target unix
XPASS: 22_locale/ctype_is_char.cc execution test
XPASS: 22_locale/ctype_is_wchar_t.cc execution test
XPASS: 22_locale/members.cc execution test
XPASS: 22_locale/messages_byname.cc execution test
XPASS: 22_locale/messages_members_char.cc execution test
XPASS: 22_locale/money_get_members_char.cc execution test
XPASS: 22_locale/money_get_members_wchar_t.cc execution test
XPASS: 22_locale/money_put_members_char.cc execution test
XPASS: 22_locale/money_put_members_wchar_t.cc execution test
XPASS: 22_locale/moneypunct_byname.cc execution test
XPASS: 22_locale/moneypunct_members_char.cc execution test
XPASS: 22_locale/moneypunct_members_wchar_t.cc execution test
XPASS: 22_locale/num_get_members_char.cc execution test
XPASS: 22_locale/num_get_members_wchar_t.cc execution test
XPASS: 22_locale/num_put_members_char.cc execution test
XPASS: 22_locale/numpunct_byname.cc execution test
XPASS: 22_locale/numpunct_members_char.cc execution test
XPASS: 22_locale/numpunct_members_wchar_t.cc execution test
XPASS: 22_locale/time_get_members_char.cc execution test
XPASS: 22_locale/time_get_members_wchar_t.cc execution test
XPASS: 22_locale/time_put_members_char.cc execution test
XPASS: 22_locale/time_put_members_wchar_t.cc execution test

		=== libstdc++-v3 Summary ===

# of expected passes		453
# of unexpected successes	22
# of expected failures		6

Compiler version: 3.3.3 20031023 (prerelease) 
Platform: ia64-unknown-linux-gnu
configure flags: --host=ia64-unknown-linux-gnu --enable-clocale=gnu --with-system-zlib --disable-multilib --enable-shared --enable-threads=posix --enable-haifa --disable-checking --prefix=/usr/gcc-3.3 --with-local-prefix=/usr/local


Index Nav: [Date Index] [Subject Index] [Author Index] [Thread Index]
Message Nav: [Date Prev] [Date Next] [Thread Prev] [Thread Next]