This is the mail archive of the
gcc-testresults@gcc.gnu.org
mailing list for the GCC project.
Results for 3.3.3 20031023 (prerelease) testsuite on sparc64-sun-solaris2.9
- From: Eric Botcazou <eric at localhost dot localdomain>
- To: gcc-testresults at gcc dot gnu dot org
- Date: Thu, 23 Oct 2003 17:02:41 +0200
- Subject: Results for 3.3.3 20031023 (prerelease) testsuite on sparc64-sun-solaris2.9
Native configuration is sparc64-sun-solaris2.9
=== g++ tests ===
Running target unix
ERROR: g++.dg/abi/rtti1.C: error executing dg-final: couldn't execute "c++filt": no such file or directory
UNRESOLVED: g++.dg/abi/rtti1.C: error executing dg-final: couldn't execute "c++filt": no such file or directory
FAIL: g++.dg/parse/stack1.C (test for excess errors)
FAIL: g++.other/decl5.C caused compiler crash
=== g++ Summary ===
# of expected passes 8073
# of unexpected failures 2
# of expected failures 93
# of unresolved testcases 1
# of untested testcases 23
# of unsupported tests 27
/opt/build/eric/gcc-3_3-branch/gcc/testsuite/../g++ version 3.3.3 20031023 (prerelease)
=== g77 tests ===
Running target unix
=== g77 Summary ===
# of expected passes 1686
# of unsupported tests 8
/opt/build/eric/gcc-3_3-branch/gcc/testsuite/../g77 version 3.3.3 20031023 (prerelease)
=== gcc tests ===
Running target unix
FAIL: gcc.dg/20001013-1.c (test for excess errors)
WARNING: gcc.dg/20001013-1.c compilation failed to produce executable
FAIL: gcc.dg/20001101-1.c (test for excess errors)
WARNING: gcc.dg/20001101-1.c compilation failed to produce executable
FAIL: gcc.dg/20001102-1.c (test for excess errors)
WARNING: gcc.dg/20001102-1.c compilation failed to produce executable
WARNING: gcc.dg/20021014-1.c compilation failed to produce executable
FAIL: gcc.dg/duff-2.c (test for excess errors)
=== gcc Summary ===
# of expected passes 20989
# of unexpected failures 4
# of expected failures 77
# of unsupported tests 167
/opt/build/eric/gcc-3_3-branch/gcc/xgcc version 3.3.3 20031023 (prerelease)
=== objc tests ===
Running target unix
=== objc Summary ===
# of expected passes 1153
/opt/build/eric/gcc-3_3-branch/gcc/xgcc version 3.3.3 20031023 (prerelease)
=== libstdc++-v3 tests ===
Running target unix
FAIL: 22_locale/codecvt/max_length/char/wrapped_env.cc (test for excess errors)
WARNING: 22_locale/codecvt/max_length/char/wrapped_env.cc compilation failed to produce executable
FAIL: 22_locale/codecvt/max_length/char/wrapped_locale.cc (test for excess errors)
WARNING: 22_locale/codecvt/max_length/char/wrapped_locale.cc compilation failed to produce executable
=== libstdc++-v3 Summary ===
# of expected passes 431
# of unexpected failures 2
# of expected failures 18
Compiler version: 3.3.3 20031023 (prerelease)
Platform: sparc64-sun-solaris2.9
configure flags: --host=sparc64-sun-solaris2.9 --prefix=/opt/build/eric/gcc333 --disable-multilib --enable-checking=misc,tree,rtlflag