This is the mail archive of the
gcc-testresults@gcc.gnu.org
mailing list for the GCC project.
Results for 3.420031021(experimental) testsuite on hppa1.1-unknown-linux-gnu
- From: Andreas Tobler <toa at pop dot agri dot ch>
- To: gcc-results <gcc-testresults at gcc dot gnu dot org>
- Date: Wed, 22 Oct 2003 07:03:49 +0200
- Subject: Results for 3.420031021(experimental) testsuite on hppa1.1-unknown-linux-gnu
LAST_UPDATED: Tue Oct 21 04:15:17 UTC 2003
Native configuration is hppa1.1-unknown-linux-gnu
=== g++ tests ===
Running target unix
XPASS: g++.dg/ext/lvalue1.C not an lvalue (test for errors, line 7)
FAIL: g++.dg/ext/pretty1.C scan-assembler top level
FAIL: g++.dg/ext/pretty2.C (test for excess errors)
WARNING: g++.dg/ext/pretty2.C compilation failed to produce executable
FAIL: g++.dg/parse/crash10.C (test for errors, line 14)
XPASS: g++.dg/warn/Wunused-2.C (test for warnings, line 5)
FAIL: g++.old-deja/g++.law/profile1.C execution test
WARNING: g++.old-deja/g++.mike/p10769a.C compilation failed to produce executable
WARNING: g++.old-deja/g++.other/enum5.C compilation failed to produce executable
WARNING: g++.old-deja/g++.pt/friend44.C compilation failed to produce executable
FAIL: g++.old-deja/g++.pt/vaarg3.C (test for excess errors)
=== g++ Summary ===
# of expected passes 8985
# of unexpected failures 5
# of unexpected successes 2
# of expected failures 61
# of unsupported tests 62
/home/andreas/gcc-dev/gcc-cvs/objdir/gcc/testsuite/../g++ version 3.4 20031021 (experimental)
=== gcc tests ===
Running target unix
WARNING: program timed out.
FAIL: gcc.c-torture/compile/20001226-1.c (test for excess errors)
WARNING: program timed out.
FAIL: gcc.c-torture/compile/20001226-1.c (test for excess errors)
WARNING: program timed out.
FAIL: gcc.c-torture/compile/950512-1.c (test for excess errors)
WARNING: program timed out.
FAIL: gcc.c-torture/compile/950512-1.c (test for excess errors)
WARNING: program timed out.
FAIL: gcc.c-torture/compile/950512-1.c (test for excess errors)
WARNING: program timed out.
FAIL: gcc.c-torture/compile/950512-1.c (test for excess errors)
WARNING: program timed out.
FAIL: gcc.c-torture/compile/950512-1.c (test for excess errors)
FAIL: gcc.c-torture/execute/20030307-1.c execution, -O2
FAIL: gcc.c-torture/execute/20030307-1.c execution, -Os
UNRESOLVED: gcc.c-torture/execute/wchar_t-1.c execution, -O0
UNRESOLVED: gcc.c-torture/execute/wchar_t-1.c execution, -O1
UNRESOLVED: gcc.c-torture/execute/wchar_t-1.c execution, -O2
UNRESOLVED: gcc.c-torture/execute/wchar_t-1.c execution, -O3 -fomit-frame-pointer
UNRESOLVED: gcc.c-torture/execute/wchar_t-1.c execution, -O3 -g
UNRESOLVED: gcc.c-torture/execute/wchar_t-1.c execution, -Os
FAIL: gcc.dg/compat/vector-1 c_compat_x_tst.o-c_compat_y_tst.o execute
FAIL: gcc.dg/debug/debug-1.c scan-assembler xyzzy
FAIL: gcc.dg/debug/debug-1.c scan-assembler xyzzy
FAIL: gcc.dg/debug/debug-1.c scan-assembler xyzzy
FAIL: gcc.dg/debug/debug-1.c scan-assembler xyzzy
FAIL: gcc.dg/debug/debug-1.c scan-assembler xyzzy
FAIL: gcc.dg/debug/debug-1.c scan-assembler xyzzy
FAIL: gcc.dg/debug/debug-2.c scan-assembler xyzzy
FAIL: gcc.dg/debug/debug-2.c scan-assembler xyzzy
FAIL: gcc.dg/debug/debug-2.c scan-assembler xyzzy
FAIL: gcc.dg/debug/debug-2.c scan-assembler xyzzy
FAIL: gcc.dg/debug/debug-2.c scan-assembler xyzzy
FAIL: gcc.dg/debug/debug-2.c scan-assembler xyzzy
FAIL: gcc.dg/const-elim-1.c scan-assembler-not L\\\$?C[^A-Z]
FAIL: gcc.dg/nest.c execution test
FAIL: gcc.dg/old-style-asm-1.c scan-assembler-times (?n)jump_insn.*set.*pc 2
=== gcc Summary ===
# of expected passes 24148
# of unexpected failures 25
# of expected failures 79
# of unresolved testcases 6
# of untested testcases 7
# of unsupported tests 280
/home/andreas/gcc-dev/gcc-cvs/objdir/gcc/xgcc version 3.4 20031021 (experimental)
=== libffi tests ===
Running target unix
FAIL: libffi.call/cls_12byte.c execution test
FAIL: libffi.call/cls_16byte.c execution test
FAIL: libffi.call/cls_1_1byte.c execution test
FAIL: libffi.call/cls_20byte.c execution test
FAIL: libffi.call/cls_24byte.c execution test
FAIL: libffi.call/cls_2byte.c execution test
FAIL: libffi.call/cls_3_1byte.c execution test
FAIL: libffi.call/cls_3byte1.c execution test
FAIL: libffi.call/cls_3byte2.c execution test
FAIL: libffi.call/cls_4_1byte.c execution test
FAIL: libffi.call/cls_4byte.c execution test
FAIL: libffi.call/cls_5byte.c execution test
FAIL: libffi.call/cls_6byte.c execution test
FAIL: libffi.call/cls_7byte.c execution test
FAIL: libffi.call/cls_8byte.c execution test
FAIL: libffi.call/nested_struct.c execution test
FAIL: libffi.call/nested_struct1.c execution test
FAIL: libffi.call/problem1.c execution test
FAIL: libffi.call/pyobjc-tc.c execution test
FAIL: libffi.call/struct3.c execution test
FAIL: libffi.call/struct5.c execution test
FAIL: libffi.call/struct9.c execution test
=== libffi Summary ===
# of expected passes 85
# of unexpected failures 22
# of unsupported tests 2
=== libjava tests ===
Running target unix
WARNING: program timed out.
FAIL: SyncTest execution - source compiled test
WARNING: program timed out.
FAIL: SyncTest execution - gij test
WARNING: program timed out.
FAIL: SyncTest execution - bytecode->native test
FAIL: SyncTest -O3 execution - source compiled test
WARNING: program timed out.
FAIL: SyncTest execution - gij test
FAIL: SyncTest -O3 execution - bytecode->native test
FAIL: Throw_2 execution - source compiled test
FAIL: Throw_2 execution - gij test
FAIL: Throw_2 execution - bytecode->native test
FAIL: Throw_2 -O3 execution - source compiled test
FAIL: Throw_2 execution - gij test
FAIL: Throw_2 -O3 execution - bytecode->native test
FAIL: negzero execution - gij test
FAIL: negzero execution - gij test
=== libjava Summary ===
# of expected passes 3141
# of unexpected failures 14
# of expected failures 10
# of untested testcases 22
=== libstdc++-v3 check-abi Summary ===
# of added symbols: 247
# of missing symbols: 262
# of incompatible symbols: 266
=== libstdc++ tests ===
Running target unix
FAIL: 22_locale/money_get/get/char/5.cc execution test
FAIL: 22_locale/money_get/get/wchar_t/5.cc execution test
FAIL: 22_locale/num_get/get/char/4.cc execution test
FAIL: 22_locale/num_get/get/wchar_t/4.cc execution test
XPASS: 26_numerics/c99_classification_macros_c.cc (test for excess errors)
FAIL: 26_numerics/complex_inserters_extractors.cc execution test
FAIL: 27_io/basic_filebuf/sgetn/char/1-in.cc execution test
FAIL: 27_io/basic_filebuf/sgetn/char/1-io.cc execution test
FAIL: 27_io/basic_filebuf/sgetn/char/2-in.cc execution test
FAIL: 27_io/basic_filebuf/sgetn/char/2-io.cc execution test
FAIL: 27_io/basic_istream/extractors_arithmetic/char/01.cc execution test
FAIL: 27_io/basic_istream/readsome/char/6746-2.cc execution test
WARNING: program timed out.
FAIL: thread/pthread5.cc execution test
=== libstdc++ Summary ===
# of expected passes 2166
# of unexpected failures 12
# of unexpected successes 1
# of expected failures 11
Compiler version: 3.420031021(experimental)
Platform: hppa1.1-unknown-linux-gnu
configure flags: --prefix=/var/tmp --enable-languages=c,c++,java --enable-libgcj --disable-multilib --disable-checking