This is the mail archive of the
gcc-testresults@gcc.gnu.org
mailing list for the GCC project.
Results for 3.3.3 20031021 (prerelease) testsuite on i686-pc-linux-gnu
- From: Andris Pavenis <pavenis at latnet dot lv>
- To: gcc-testresults at gcc dot gnu dot org
- Date: Tue, 21 Oct 2003 21:56:00 +0300
- Subject: Results for 3.3.3 20031021 (prerelease) testsuite on i686-pc-linux-gnu
Last updated from CVS: 2003 Oct 21 19:02 +0300
System: Linux kernel 2.4.22-rthal5
glibc-2.3.2
binutils-2.14.90.0.6 20030820
LAST_UPDATED: Tue Oct 21 16:02:25 UTC 2003
Native configuration is i686-pc-linux-gnu
=== g++ tests ===
Running target unix
=== g++ Summary ===
# of expected passes 8159
# of expected failures 95
# of untested testcases 9
# of unsupported tests 14
/disk2/cvs/gcc/3.3/build/build.lnx/gcc/testsuite/../g++ version 3.3.3 20031021 (prerelease)
=== g77 tests ===
Running target unix
=== g77 Summary ===
# of expected passes 1702
/disk2/cvs/gcc/3.3/build/build.lnx/gcc/testsuite/../g77 version 3.3.3 20031021 (prerelease)
=== gcc tests ===
Running target unix
FAIL: gcc.dg/duff-2.c (test for excess errors)
FAIL: gcc.dg/typespec-1.c unsigned long long int char (test for errors, line 929)
FAIL: gcc.dg/typespec-1.c unsigned long long int short (test for errors, line 930)
FAIL: gcc.dg/typespec-1.c unsigned long long int int (test for errors, line 931)
FAIL: gcc.dg/typespec-1.c unsigned long long int long (test for errors, line 932)
FAIL: gcc.dg/typespec-1.c unsigned long long int float (test for errors, line 933)
FAIL: gcc.dg/typespec-1.c unsigned long long int double (test for errors, line 934)
FAIL: gcc.dg/typespec-1.c unsigned long long int signed (test for errors, line 935)
FAIL: gcc.dg/typespec-1.c unsigned long long int unsigned (test for errors, line 936)
FAIL: gcc.dg/typespec-1.c unsigned long long int _Bool (test for errors, line 937)
FAIL: gcc.dg/typespec-1.c (test for excess errors)
FAIL: gcc.dg/format/ext-1.c printf_unlocked (test for warnings, line 125)
FAIL: gcc.dg/format/ext-1.c (test for excess errors)
FAIL: gcc.dg/format/ext-1.c printf_unlocked (test for warnings, line 125)
FAIL: gcc.dg/format/ext-1.c (test for excess errors)
=== gcc Summary ===
# of expected passes 21205
# of unexpected failures 15
# of expected failures 69
# of unsupported tests 87
/disk2/cvs/gcc/3.3/build/build.lnx/gcc/xgcc version 3.3.3 20031021 (prerelease)
=== objc tests ===
Running target unix
FAIL: objc.dg/comp-types-4.m (test for warnings, line 65)
FAIL: objc.dg/comp-types-4.m (test for excess errors)
=== objc Summary ===
# of expected passes 1151
# of unexpected failures 2
/disk2/cvs/gcc/3.3/build/build.lnx/gcc/xgcc version 3.3.3 20031021 (prerelease)
=== libstdc++-v3 check-abi Summary ===
# of added symbols: 0
# of missing symbols: 0
# of incompatible symbols: 0
=== libstdc++-v3 tests ===
Running target unix
XPASS: 22_locale/collate_byname.cc execution test
XPASS: 22_locale/collate_members_char.cc execution test
XPASS: 22_locale/collate_members_wchar_t.cc execution test
XPASS: 22_locale/ctype_is_char.cc execution test
XPASS: 22_locale/ctype_is_wchar_t.cc execution test
XPASS: 22_locale/members.cc execution test
XPASS: 22_locale/messages_byname.cc execution test
XPASS: 22_locale/messages_members_char.cc execution test
XPASS: 22_locale/money_get_members_char.cc execution test
XPASS: 22_locale/money_get_members_wchar_t.cc execution test
XPASS: 22_locale/money_put_members_char.cc execution test
XPASS: 22_locale/money_put_members_wchar_t.cc execution test
XPASS: 22_locale/moneypunct_byname.cc execution test
XPASS: 22_locale/moneypunct_members_char.cc execution test
XPASS: 22_locale/moneypunct_members_wchar_t.cc execution test
XPASS: 22_locale/num_get_members_char.cc execution test
XPASS: 22_locale/num_get_members_wchar_t.cc execution test
XPASS: 22_locale/num_put_members_char.cc execution test
XPASS: 22_locale/num_put_members_wchar_t.cc execution test
XPASS: 22_locale/numpunct_byname.cc execution test
XPASS: 22_locale/numpunct_members_char.cc execution test
XPASS: 22_locale/numpunct_members_wchar_t.cc execution test
XPASS: 22_locale/time_get_members_char.cc execution test
XPASS: 22_locale/time_get_members_wchar_t.cc execution test
XPASS: 22_locale/time_put_members_char.cc execution test
XPASS: 22_locale/time_put_members_wchar_t.cc execution test
=== libstdc++-v3 Summary ===
# of expected passes 453
# of unexpected successes 26
# of expected failures 2
Compiler version: 3.3.3 20031021 (prerelease)
Platform: i686-pc-linux-gnu
configure flags: --host=i686-pc-linux-gnu --prefix=/disk2/gcc33 --enable-shared --verbose --enable-languages=c,c++,f77,objc,ada --enable-threads=posix
Counting all warnings,
there are 25 warnings in stage3 of this bootstrap.
Number of warnings per file:
3 gcc/tlink.c
3 gcc/gcc.c
3 /usr/share/bison/bison.simple
2 insn-conditions.c
2 gcc/f/sta.c
2 gcc/crtstuff.c
1 gt-ada-utils.h
1 gt-ada-decl.h
1 gcc/unwind-pe.h
1 gcc/objc/lang-specs.h
1 gcc/function.c
1 gcc/emit-rtl.c
1 gcc/config/i386/i386.c
1 gcc/collect2.c
1 gcc/ada/tracebak.c
1 ada/b_gnatb.c
Number of warning types:
6 string length `???' is greater than the length `???' ISO C89 compilers are required to support
5 comparison of unsigned expression < 0 is always false
3 label `???' defined but not used
3 comparison between signed and unsigned
2 passing arg ??? of `???' discards qualifiers from pointer target type
2 dereferencing type-punned pointer will break strict-aliasing rules
1 unused variable `???'
1 unused parameter `???'
1 signed and unsigned type in conditional expression
1 `???' defined but not used