This is the mail archive of the gcc-testresults@gcc.gnu.org mailing list for the GCC project.


Index Nav: [Date Index] [Subject Index] [Author Index] [Thread Index]
Message Nav: [Date Prev] [Date Next] [Thread Prev] [Thread Next]
Other format: [Raw text]

Results for 3.5-tree-ssa 20031021 (merged 20031017) testsuite on i686-pc-linux-gnu


LAST_UPDATED: 
Native configuration is i686-pc-linux-gnu

		=== g77 tests ===


Running target unix
FAIL: g77.f-torture/compile/19990826-3.f,  -O1  
FAIL: g77.f-torture/compile/19990826-3.f,  -O2  
FAIL: g77.f-torture/compile/19990826-3.f,  -O3 -fomit-frame-pointer  
FAIL: g77.f-torture/compile/19990826-3.f,  -O3 -fomit-frame-pointer -funroll-loops  
FAIL: g77.f-torture/compile/19990826-3.f,  -O3 -fomit-frame-pointer -funroll-all-loops -finline-functions  
FAIL: g77.f-torture/compile/19990826-3.f,  -O3 -g  
FAIL: g77.f-torture/compile/19990826-3.f,  -Os  
FAIL: g77.f-torture/compile/20010519-1.f,  -O0  
FAIL: g77.f-torture/compile/20010519-1.f,  -O1  
FAIL: g77.f-torture/compile/20010519-1.f,  -O2  
FAIL: g77.f-torture/compile/20010519-1.f,  -O3 -fomit-frame-pointer  
FAIL: g77.f-torture/compile/20010519-1.f,  -O3 -fomit-frame-pointer -funroll-loops  
FAIL: g77.f-torture/compile/20010519-1.f,  -O3 -fomit-frame-pointer -funroll-all-loops -finline-functions  
FAIL: g77.f-torture/compile/20010519-1.f,  -O3 -g  
FAIL: g77.f-torture/compile/20010519-1.f,  -Os  
FAIL: g77.f-torture/compile/980310-3.f,  -O3 -fomit-frame-pointer -funroll-loops  
FAIL: g77.f-torture/compile/980310-3.f,  -O3 -fomit-frame-pointer -funroll-all-loops -finline-functions  
FAIL: g77.f-torture/execute/f90-intrinsic-bit.f compilation,  -O2 
FAIL: g77.f-torture/execute/f90-intrinsic-bit.f compilation,  -O3 -fomit-frame-pointer 
FAIL: g77.f-torture/execute/f90-intrinsic-bit.f compilation,  -O3 -fomit-frame-pointer -funroll-loops 
FAIL: g77.f-torture/execute/f90-intrinsic-bit.f compilation,  -O3 -fomit-frame-pointer -funroll-all-loops -finline-functions 
FAIL: g77.f-torture/execute/f90-intrinsic-bit.f compilation,  -O3 -g 
FAIL: g77.f-torture/execute/f90-intrinsic-bit.f compilation,  -Os 
FAIL: g77.f-torture/execute/intrinsic77.f compilation,  -O3 -fomit-frame-pointer 
FAIL: g77.f-torture/execute/intrinsic77.f compilation,  -O3 -g 

		=== g77 Summary ===

# of expected passes		1731
# of unexpected failures	25
# of expected failures		1
# of untested testcases		9
/notnfs/dnovillo/sbox/tree-ssa-branch/bld.toribio/gcc/testsuite/../g77 version 3.5-tree-ssa 20031021 (merged 20031017)

		=== gcc tests ===


Running target unix
FAIL: gcc.c-torture/execute/builtins/string-9.c execution,  -O1 
FAIL: gcc.c-torture/execute/builtins/string-9.c execution,  -O2 
FAIL: gcc.c-torture/execute/builtins/string-9.c execution,  -O3 -fomit-frame-pointer 
FAIL: gcc.c-torture/execute/builtins/string-9.c execution,  -O3 -fomit-frame-pointer -funroll-loops 
FAIL: gcc.c-torture/execute/builtins/string-9.c execution,  -O3 -fomit-frame-pointer -funroll-all-loops -finline-functions 
FAIL: gcc.c-torture/execute/builtins/string-9.c execution,  -O3 -g 
FAIL: gcc.c-torture/execute/20000603-1.c execution,  -O3 -fomit-frame-pointer 
FAIL: gcc.c-torture/execute/20000603-1.c execution,  -O3 -g 
XPASS: gcc.c-torture/execute/string-opt-18.c execution,  -O0 
XPASS: gcc.c-torture/execute/string-opt-18.c execution,  -O1 
XPASS: gcc.c-torture/execute/string-opt-18.c execution,  -O2 
XPASS: gcc.c-torture/execute/string-opt-18.c execution,  -O3 -fomit-frame-pointer 
XPASS: gcc.c-torture/execute/string-opt-18.c execution,  -O3 -g 
XPASS: gcc.c-torture/execute/string-opt-18.c execution,  -Os 
FAIL: gcc.c-torture/execute/string-opt-7.c execution,  -O1 
FAIL: gcc.c-torture/execute/string-opt-7.c execution,  -O2 
FAIL: gcc.c-torture/execute/string-opt-7.c execution,  -O3 -fomit-frame-pointer 
FAIL: gcc.c-torture/execute/string-opt-7.c execution,  -O3 -g 
FAIL: gcc.c-torture/execute/string-opt-7.c execution,  -Os 
FAIL: gcc.c-torture/execute/va-arg-25.c execution,  -O0 
FAIL: gcc.c-torture/execute/va-arg-25.c execution,  -O1 
FAIL: gcc.c-torture/execute/va-arg-25.c execution,  -O2 
FAIL: gcc.c-torture/execute/va-arg-25.c execution,  -O3 -fomit-frame-pointer 
FAIL: gcc.c-torture/execute/va-arg-25.c execution,  -O3 -g 
FAIL: gcc.c-torture/execute/va-arg-25.c execution,  -Os 
UNRESOLVED: gcc.c-torture/execute/wchar_t-1.c execution,  -O0 
UNRESOLVED: gcc.c-torture/execute/wchar_t-1.c execution,  -O1 
UNRESOLVED: gcc.c-torture/execute/wchar_t-1.c execution,  -O2 
UNRESOLVED: gcc.c-torture/execute/wchar_t-1.c execution,  -O3 -fomit-frame-pointer 
UNRESOLVED: gcc.c-torture/execute/wchar_t-1.c execution,  -O3 -g 
UNRESOLVED: gcc.c-torture/execute/wchar_t-1.c execution,  -Os 
FAIL: gcc.dg/20000724-1.c execution test
FAIL: gcc.dg/20020919-1.c  (test for errors, line 89)
FAIL: gcc.dg/20020919-1.c  (test for errors, line 105)
FAIL: gcc.dg/20020919-1.c  (test for errors, line 114)
FAIL: gcc.dg/20020919-1.c  (test for errors, line 123)
FAIL: gcc.dg/20020919-1.c  (test for errors, line 132)
FAIL: gcc.dg/20020919-1.c  (test for errors, line 141)
FAIL: gcc.dg/20020919-1.c  (test for errors, line 159)
FAIL: gcc.dg/20020919-1.c  (test for errors, line 177)
FAIL: gcc.dg/20020919-1.c  (test for errors, line 195)
FAIL: gcc.dg/20020919-1.c  (test for errors, line 222)
FAIL: gcc.dg/20020919-1.c  (test for errors, line 231)
FAIL: gcc.dg/20020919-1.c  (test for errors, line 244)
FAIL: gcc.dg/20030331-2.c (test for excess errors)
FAIL: gcc.dg/Wunreachable-4.c (test for excess errors)
FAIL: gcc.dg/builtins-10.c (test for excess errors)
FAIL: gcc.dg/builtins-26.c (test for excess errors)
FAIL: gcc.dg/builtins-7.c (test for excess errors)
FAIL: gcc.dg/cleanup-1.c (test for excess errors)
XPASS: gcc.dg/uninit-2.c uninitialized variable warning (test for bogus messages, line 28)
XPASS: gcc.dg/uninit-4.c uninitialized variable warning (test for bogus messages, line 26)
XPASS: gcc.dg/uninit-5.c uninitialized variable warning (test for bogus messages, line 13)
XPASS: gcc.dg/uninit-5.c uninitialized variable warning (test for bogus messages, line 27)
XPASS: gcc.dg/uninit-8.c uninitialized variable warning (test for bogus messages, line 14)
FAIL: gcc.dg/uninit-D.c (test for excess errors)
FAIL: gcc.dg/warn-1.c  (test for warnings, line 8)
FAIL: gcc.dg/warn-1.c  (test for warnings, line 15)
FAIL: gcc.dg/torture/builtin-explog-1.c (test for excess errors)
FAIL: gcc.dg/torture/builtin-explog-1.c (test for excess errors)
FAIL: gcc.dg/torture/builtin-explog-1.c (test for excess errors)
FAIL: gcc.dg/torture/builtin-explog-1.c (test for excess errors)
FAIL: gcc.dg/torture/builtin-explog-1.c (test for excess errors)
FAIL: gcc.dg/torture/builtin-explog-1.c (test for excess errors)
FAIL: gcc.dg/tree-ssa/20030703-2.c scan-tree-dump-times if  1
FAIL: gcc.dg/tree-ssa/20030708-1.c scan-tree-dump-times \\(short unsigned int\\) 0
FAIL: gcc.dg/tree-ssa/20030708-1.c scan-tree-dump-times if  0
FAIL: gcc.dg/tree-ssa/20030714-2.c scan-tree-dump-times if  3
FAIL: gcc.dg/tree-ssa/20030731-1.c scan-tree-dump-times target.*!= 0 0
FAIL: gcc.dg/tree-ssa/20030807-3.c scan-tree-dump-times if  2
FAIL: gcc.dg/tree-ssa/20030807-4.c scan-tree-dump-times if  2
FAIL: gcc.dg/tree-ssa/20030807-7.c scan-tree-dump-times if  1
FAIL: gcc.dg/tree-ssa/20030808-1.c scan-tree-dump-times ->code 0
FAIL: gcc.dg/tree-ssa/20030808-1.c scan-tree-dump-times if  0
FAIL: gcc.dg/tree-ssa/20030814-6.c scan-tree-dump-times common.code 1
FAIL: gcc.dg/tree-ssa/20030824-2.c scan-tree-dump-times return y \\+ x 1
FAIL: gcc.dg/tree-ssa/20030922-2.c scan-tree-dump-times if  2
FAIL: gcc.dg/tree-ssa/20031015-1.c scan-tree-dump-times VUSE  1
FAIL: gcc.dg/tree-ssa/ssa-ccp-2.c scan-tree-dump-times link_error 0
FAIL: gcc.dg/tree-ssa/ssa-ccp-3.c scan-tree-dump-times link_error 0
FAIL: gcc.dg/tree-ssa/ssa-ccp-4.c scan-tree-dump-times link_error 0
FAIL: gcc.dg/tree-ssa/ssa-ccp-5.c scan-tree-dump-times link_error 0
FAIL: gcc.dg/tree-ssa/ssa-ccp-6.c scan-tree-dump-times link_error 0
FAIL: gcc.dg/tree-ssa/ssa-ccp-8.c scan-tree-dump-times link_error 0

		=== gcc Summary ===

# of expected passes		24148
# of unexpected failures	67
# of unexpected successes	11
# of expected failures		75
# of unresolved testcases	6
# of untested testcases		7
# of unsupported tests		155
/notnfs/dnovillo/sbox/tree-ssa-branch/bld.toribio/gcc/xgcc version 3.5-tree-ssa 20031021 (merged 20031017)

		=== gfortran tests ===


Running target unix
FAIL: gfortran.fortran-torture/execute/forall_3.f90 execution,  -Os 

		=== gfortran Summary ===

# of expected passes		2239
# of unexpected failures	1
/notnfs/dnovillo/sbox/tree-ssa-branch/bld.toribio/gcc/testsuite/../gfortran version 3.5-tree-ssa 20031021 (merged 20031017)

		=== g++ tests ===


Running target unix
XPASS: g++.dg/ext/lvalue1.C not an lvalue (test for errors, line 7)
FAIL: g++.dg/ext/pretty1.C scan-assembler top level
FAIL: g++.dg/ext/pretty2.C (test for excess errors)
WARNING: g++.dg/ext/pretty2.C compilation failed to produce executable
WARNING: g++.dg/ext/stmtexpr1.C compilation failed to produce executable
FAIL: g++.dg/opt/nrv3.C execution test
FAIL: g++.dg/other/static11.C (test for excess errors)
XPASS: g++.dg/parse/stack1.C (test for excess errors)
XPASS: g++.dg/warn/Wunused-2.C  (test for warnings, line 5)
FAIL: 23:is 2:should be 1
FAIL: g++.dg/gcov/gcov-2.C gcov: 1 failures in line counts, 0 in branch percentages, 0 in return percentages
FAIL: g++.old-deja/g++.brendan/crash30.C (test for excess errors)
WARNING: g++.old-deja/g++.mike/p10769a.C compilation failed to produce executable
WARNING: g++.old-deja/g++.other/enum5.C compilation failed to produce executable
FAIL: g++.old-deja/g++.other/vaarg3.C  (test for errors, line 23)
FAIL: g++.old-deja/g++.other/vaarg3.C  (test for errors, line 26)
WARNING: g++.old-deja/g++.pt/friend44.C compilation failed to produce executable
WARNING: program timed out.
ERROR: tcl error sourcing /home/dnovillo/perf/sbox/tree-ssa-branch/local.i686/src/gcc/testsuite/g++.old-deja/old-deja.exp.
ERROR: couldn't fork child process: not enough memory

		=== g++ Summary ===

# of expected passes		8742
# of unexpected failures	9
# of unexpected successes	3
# of expected failures		61
# of unsupported tests		28
WARNING: g++_version failed:
		=== objc tests ===


Running target unix

		=== objc Summary ===

# of expected passes		1337
# of unsupported tests		7
/notnfs/dnovillo/sbox/tree-ssa-branch/bld.toribio/gcc/xgcc version 3.5-tree-ssa 20031021 (merged 20031017)

		=== libffi tests ===


Running target unix
FAIL: libffi.call/cls_1_1byte.c execution test
FAIL: libffi.call/cls_2byte.c execution test
FAIL: libffi.call/cls_3_1byte.c execution test
FAIL: libffi.call/cls_5byte.c execution test
FAIL: libffi.call/cls_6byte.c execution test

		=== libffi Summary ===

# of expected passes		115
# of unexpected failures	5
# of unsupported tests		2
		=== libjava tests ===


Running target unix
FAIL: Array_3 execution - source compiled test
FAIL: Array_3 execution - gij test
FAIL: Array_3 execution - bytecode->native test
FAIL: Array_3 -O3 execution - source compiled test
FAIL: Array_3 execution - gij test
FAIL: Array_3 -O3 execution - bytecode->native test
FAIL: Divide_1 execution - source compiled test
FAIL: Divide_1 execution - bytecode->native test
FAIL: Divide_1 -O3 execution - source compiled test
FAIL: Divide_1 -O3 execution - bytecode->native test
FAIL: InterfaceDispatch -O3 execution - bytecode->native test
FAIL: Invoke_1 execution - source compiled test
FAIL: Invoke_1 execution - bytecode->native test
FAIL: Invoke_1 -O3 execution - source compiled test
FAIL: Invoke_1 -O3 execution - bytecode->native test
WARNING: program timed out.
ERROR: tcl error sourcing /home/dnovillo/perf/sbox/tree-ssa-branch/local.i686/src/libjava/testsuite/libjava.lang/lang.exp.
ERROR: couldn't fork child process: not enough memory
FAIL: bytecompile /home/dnovillo/perf/sbox/tree-ssa-branch/local.i686/src/libjava/testsuite/libjava.loader/dummy.java
ERROR: tcl error sourcing /home/dnovillo/perf/sbox/tree-ssa-branch/local.i686/src/libjava/testsuite/libjava.mauve/mauve.exp.
ERROR: not enough memory

		=== libjava Summary ===

# of expected passes		1037
# of unexpected failures	16
# of expected failures		8
# of untested testcases		23
		=== libmudflap tests ===


Running target unix

		=== libmudflap Summary ===

# of expected passes		988
		=== libstdc++ tests ===


Running target unix
XPASS: 26_numerics/c99_classification_macros_c.cc (test for excess errors)
FAIL: demangle/abi_examples/13.cc execution test
FAIL: demangle/abi_examples/14.cc execution test
FAIL: demangle/abi_examples/19.cc execution test
FAIL: demangle/abi_examples/20.cc execution test
FAIL: demangle/abi_examples/21.cc execution test
FAIL: demangle/abi_examples/22.cc execution test
FAIL: demangle/abi_text/02.cc execution test
FAIL: demangle/regression/8897.cc execution test
FAIL: demangle/regression/cw-01.cc execution test
FAIL: demangle/regression/cw-03.cc execution test
FAIL: demangle/regression/cw-04.cc execution test
FAIL: demangle/regression/cw-05.cc execution test
FAIL: demangle/regression/cw-07.cc execution test
FAIL: demangle/regression/cw-08.cc execution test
FAIL: demangle/regression/cw-10.cc execution test
FAIL: ext/stdio_sync_filebuf_wchar_t.cc execution test

		=== libstdc++ Summary ===

# of expected passes		2156
# of unexpected failures	16
# of unexpected successes	1
# of expected failures		11

Compiler version: 3.5-tree-ssa 20031021 (merged 20031017) 
Platform: i686-pc-linux-gnu
configure flags: --prefix=/home/dnovillo/perf/sbox/tree-ssa-branch/local.i686/inst.toribio --srcdir=/home/dnovillo/perf/sbox/tree-ssa-branch/local.i686/src --disable-multilib --enable-threads --disable-checking --enable-languages=c,c++,f77,f95,java,objc --with-libbanshee


Index Nav: [Date Index] [Subject Index] [Author Index] [Thread Index]
Message Nav: [Date Prev] [Date Next] [Thread Prev] [Thread Next]