This is the mail archive of the gcc-testresults@gcc.gnu.org mailing list for the GCC project.


Index Nav: [Date Index] [Subject Index] [Author Index] [Thread Index]
Message Nav: [Date Prev] [Date Next] [Thread Prev] [Thread Next]
Other format: [Raw text]

Results for 3.3.2 testsuite on ia64-unknown-linux-gnu


This is a 2-processor, 900 MHz Itanium 2 system.
OS: Red Hat Advanced Workstation 2.1AW.
Bootstrap compiler is Red Hat's gcc 2.96-112.7.2
kernel: kernel-2.4.18-e.12 (from Red Hat)
glibc: 2.2.4-29.2 (from Red Hat)
binutils: 2.14 (FSF)
All languages other than Ada were tested
LAST_UPDATED: 
Native configuration is ia64-unknown-linux-gnu

		=== g77 tests ===


Running target unix

		=== g77 Summary ===

# of expected passes		1686
# of unsupported tests		8
/remote/atg2/jbuck/ia64scr/gcc/testsuite/../g77 version 3.3.2

		=== gcc tests ===


Running target unix
FAIL: gcc.c-torture/compile/930117-1.c,  -O1  
FAIL: gcc.c-torture/compile/930117-1.c,  -O2  
FAIL: gcc.c-torture/compile/930117-1.c,  -O3 -fomit-frame-pointer  
FAIL: gcc.c-torture/compile/930117-1.c,  -O3 -g  
FAIL: gcc.c-torture/compile/930117-1.c,  -Os  
XPASS: gcc.c-torture/compile/981223-1.c,  -O2  
XPASS: gcc.c-torture/compile/981223-1.c,  -O3 -fomit-frame-pointer  
XPASS: gcc.c-torture/compile/981223-1.c,  -O3 -g  
XPASS: gcc.c-torture/compile/981223-1.c,  -Os  
XPASS: gcc.c-torture/execute/20020227-1.c execution,  -O0 
FAIL: gcc.c-torture/execute/20020227-1.c compilation,  -O2 
UNRESOLVED: gcc.c-torture/execute/20020227-1.c execution,  -O2 
FAIL: gcc.c-torture/execute/20020227-1.c compilation,  -O3 -fomit-frame-pointer 
UNRESOLVED: gcc.c-torture/execute/20020227-1.c execution,  -O3 -fomit-frame-pointer 
FAIL: gcc.c-torture/execute/20020227-1.c compilation,  -O3 -g 
UNRESOLVED: gcc.c-torture/execute/20020227-1.c execution,  -O3 -g 
FAIL: gcc.c-torture/execute/20020227-1.c compilation,  -Os 
UNRESOLVED: gcc.c-torture/execute/20020227-1.c execution,  -Os 
FAIL: gcc.dg/20021014-1.c execution test
FAIL: gcc.dg/duff-2.c (test for excess errors)
FAIL: gcc.dg/nest.c execution test

		=== gcc Summary ===

# of expected passes		20633
# of unexpected failures	12
# of unexpected successes	5
# of expected failures		78
# of unresolved testcases	4
# of unsupported tests		168
/remote/atg2/jbuck/ia64scr/gcc/xgcc version 3.3.2

		=== g++ tests ===


Running target unix
FAIL: g++.law/profile1.C  Execution test

		=== g++ Summary ===

# of expected passes		7873
# of unexpected failures	1
# of expected failures		95
# of untested testcases		23
# of unsupported tests		28
/remote/atg2/jbuck/ia64scr/gcc/testsuite/../g++ version 3.3.2

		=== objc tests ===


Running target unix

		=== objc Summary ===

# of expected passes		1153
/remote/atg2/jbuck/ia64scr/gcc/xgcc version 3.3.2

		=== libjava tests ===


Running target unix

		=== libjava Summary ===

# of expected passes		2991
# of expected failures		16
# of untested testcases		12
		=== libstdc++-v3 tests ===


Running target unix
XPASS: 22_locale/ctype_is_char.cc execution test
XPASS: 22_locale/ctype_is_wchar_t.cc execution test
XPASS: 22_locale/members.cc execution test
XPASS: 22_locale/messages_byname.cc execution test
XPASS: 22_locale/messages_members_char.cc execution test
XPASS: 22_locale/money_get_members_char.cc execution test
XPASS: 22_locale/money_get_members_wchar_t.cc execution test
XPASS: 22_locale/money_put_members_char.cc execution test
XPASS: 22_locale/money_put_members_wchar_t.cc execution test
XPASS: 22_locale/moneypunct_byname.cc execution test
XPASS: 22_locale/moneypunct_members_char.cc execution test
XPASS: 22_locale/moneypunct_members_wchar_t.cc execution test
XPASS: 22_locale/num_get_members_char.cc execution test
XPASS: 22_locale/num_get_members_wchar_t.cc execution test
XPASS: 22_locale/num_put_members_char.cc execution test
XPASS: 22_locale/numpunct_byname.cc execution test
XPASS: 22_locale/numpunct_members_char.cc execution test
XPASS: 22_locale/numpunct_members_wchar_t.cc execution test
XPASS: 22_locale/time_get_members_char.cc execution test
XPASS: 22_locale/time_get_members_wchar_t.cc execution test
XPASS: 22_locale/time_put_members_char.cc execution test
XPASS: 22_locale/time_put_members_wchar_t.cc execution test
FAIL: 25_algorithms/sort.cc (test for excess errors)

		=== libstdc++-v3 Summary ===

# of expected passes		452
# of unexpected failures	1
# of unexpected successes	22
# of expected failures		6

Compiler version: 3.3.2 
Platform: ia64-unknown-linux-gnu
configure flags: --host=ia64-unknown-linux-gnu --prefix=/u/jbuck/cvs.ia64/3.3.2 --with-gnu-as --with-as=/u/jbuck/gnu.ia64/bin/as --with-gnu-ld --with-ld=/u/jbuck/gnu.ia64/bin/ld


Index Nav: [Date Index] [Subject Index] [Author Index] [Thread Index]
Message Nav: [Date Prev] [Date Next] [Thread Prev] [Thread Next]