This is the mail archive of the gcc-testresults@gcc.gnu.org mailing list for the GCC project.


Index Nav: [Date Index] [Subject Index] [Author Index] [Thread Index]
Message Nav: [Date Prev] [Date Next] [Thread Prev] [Thread Next]
Other format: [Raw text]

Results for 3.4 20031021 (experimental) testsuite on i686-pc-linux-gnu


Last updated from CVS:  2003 Oct 21  14:07  +0300 

System:   Linux kernel 2.4.22-rthal5
          glibc-2.3.2
          binutils-2.14.90.0.6 20030820

LAST_UPDATED: Tue Oct 21 11:07:07 UTC 2003

Native configuration is i686-pc-linux-gnu

		=== g++ tests ===


Running target unix
XPASS: g++.dg/ext/lvalue1.C not an lvalue (test for errors, line 7)
FAIL: g++.dg/ext/pretty1.C scan-assembler top level
FAIL: g++.dg/ext/pretty2.C (test for excess errors)
WARNING: g++.dg/ext/pretty2.C compilation failed to produce executable
FAIL: g++.dg/parse/crash10.C  (test for errors, line 14)
XPASS: g++.dg/warn/Wunused-2.C  (test for warnings, line 5)
WARNING: g++.old-deja/g++.mike/p10769a.C compilation failed to produce executable
WARNING: g++.old-deja/g++.other/enum5.C compilation failed to produce executable
WARNING: g++.old-deja/g++.pt/friend44.C compilation failed to produce executable
FAIL: g++.old-deja/g++.pt/vaarg3.C (test for excess errors)
FAIL: g++.old-deja/g++.robertl/eb42.C (test for excess errors)

		=== g++ Summary ===

# of expected passes		9070
# of unexpected failures	5
# of unexpected successes	2
# of expected failures		60
# of unsupported tests		29
/disk2/cvs/gcc/3.4/build/build.lnx/gcc/testsuite/../g++ version 3.4 20031021 (experimental)

		=== g77 tests ===


Running target unix

		=== g77 Summary ===

# of expected passes		1764
# of expected failures		1
# of untested testcases		1
/disk2/cvs/gcc/3.4/build/build.lnx/gcc/testsuite/../g77 version 3.4 20031021 (experimental)

		=== gcc tests ===


Running target unix
FAIL: gcc.c-torture/execute/va-arg-25.c execution,  -O0 
FAIL: gcc.c-torture/execute/va-arg-25.c execution,  -O1 
FAIL: gcc.c-torture/execute/va-arg-25.c execution,  -O2 
FAIL: gcc.c-torture/execute/va-arg-25.c execution,  -O3 -fomit-frame-pointer 
FAIL: gcc.c-torture/execute/va-arg-25.c execution,  -O3 -g 
FAIL: gcc.c-torture/execute/va-arg-25.c execution,  -Os 
UNRESOLVED: gcc.c-torture/execute/wchar_t-1.c execution,  -O0 
UNRESOLVED: gcc.c-torture/execute/wchar_t-1.c execution,  -O1 
UNRESOLVED: gcc.c-torture/execute/wchar_t-1.c execution,  -O2 
UNRESOLVED: gcc.c-torture/execute/wchar_t-1.c execution,  -O3 -fomit-frame-pointer 
UNRESOLVED: gcc.c-torture/execute/wchar_t-1.c execution,  -O3 -g 
UNRESOLVED: gcc.c-torture/execute/wchar_t-1.c execution,  -Os 
FAIL: gcc.dg/old-style-asm-1.c (test for excess errors)
ERROR: gcc.dg/old-style-asm-1.c: error executing dg-final: couldn't open "old-style-asm-1.s": no such file or directory
UNRESOLVED: gcc.dg/old-style-asm-1.c: error executing dg-final: couldn't open "old-style-asm-1.s": no such file or directory
FAIL: gcc.dg/format/c99-printf-1.c %hhn plain char (test for warnings, line 195)
FAIL: gcc.dg/format/c99-printf-1.c %hhn unsigned char (test for warnings, line 196)
FAIL: gcc.dg/format/c99-printf-1.c (test for excess errors)

		=== gcc Summary ===

# of expected passes		23846
# of unexpected failures	10
# of expected failures		81
# of unresolved testcases	7
# of untested testcases		7
# of unsupported tests		155
/disk2/cvs/gcc/3.4/build/build.lnx/gcc/xgcc version 3.4 20031021 (experimental)

		=== objc tests ===


Running target unix

		=== objc Summary ===

# of expected passes		1337
# of unsupported tests		7
/disk2/cvs/gcc/3.4/build/build.lnx/gcc/xgcc version 3.4 20031021 (experimental)


		=== libstdc++-v3 check-abi Summary ===

# of added symbols:		 201
# of missing symbols:		 216
# of incompatible symbols:	 220
		=== libstdc++ tests ===


Running target unix
XPASS: 26_numerics/c99_classification_macros_c.cc (test for excess errors)

		=== libstdc++ Summary ===

# of expected passes		2178
# of unexpected successes	1
# of expected failures		11

Compiler version: 3.4 20031021 (experimental) 
Platform: i686-pc-linux-gnu
configure flags: --prefix=/disk2/gcc34 --enable-shared --verbose --enable-languages=c,c++,f77,objc,ada --enable-threads=posix

Counting all warnings,
there are 19 warnings in stage3 of this bootstrap.

Number of warnings per file:
      4	insn-conditions.c
      3	gcc/gcc.c
      2	gcc/unwind-dw2.c
      2	gcc/objc/lang-specs.h
      2	gcc/f/sta.c
      2	gcc/crtstuff.c
      2	/usr/share/bison/bison.simple
      1	gcc/config/i386/i386.md
      1	gcc/ada/tracebak.c

Number of warning types:
      9	string length `???' is greater than the length `???' ISO C89 compilers are required to support
      2	passing arg ??? of `???' discards qualifiers from pointer target type
      2	label `???' defined but not used
      2	dereferencing type-punned pointer will break strict-aliasing rules
      2	comparison between signed and unsigned
      1	operand 1 missing mode?
      1	comparison of unsigned expression < 0 is always false


Index Nav: [Date Index] [Subject Index] [Author Index] [Thread Index]
Message Nav: [Date Prev] [Date Next] [Thread Prev] [Thread Next]