This is the mail archive of the gcc-testresults@gcc.gnu.org mailing list for the GCC project.


Index Nav: [Date Index] [Subject Index] [Author Index] [Thread Index]
Message Nav: [Date Prev] [Date Next] [Thread Prev] [Thread Next]
Other format: [Raw text]

Results for 3.3.2 testsuite on i686-pc-linux-gnu


LAST_UPDATED: 
Native configuration is i686-pc-linux-gnu

		=== binutils tests ===


Running target unix

		=== binutils Summary ===

# of expected passes		32
		=== gas tests ===


Running target unix

		=== gas Summary ===

# of expected passes		63
		=== ld tests ===


Running target unix

		=== ld Summary ===

# of expected passes		192
# of expected failures		1
		=== g++ tests ===


Running target unix

		=== g++ Summary ===

# of expected passes		8159
# of expected failures		95
# of untested testcases		9
# of unsupported tests		14
/opt/build/gcc-3.3.2/gcc/testsuite/../g++ version 3.3.2

		=== gcc tests ===


Running target unix
FAIL: gcc.dg/duff-2.c (test for excess errors)

		=== gcc Summary ===

# of expected passes		21219
# of unexpected failures	1
# of expected failures		65
# of unsupported tests		87
/opt/build/gcc-3.3.2/gcc/xgcc version 3.3.2

		=== libstdc++-v3 tests ===


Running target unix
FAIL: 22_locale/ctype_scan_wchar_t.cc execution test

		=== libstdc++-v3 Summary ===

# of expected passes		452
# of unexpected failures	1
# of expected failures		28

Compiler version: 3.3.2 
Platform: i686-pc-linux-gnu
configure flags: --host=i686-pc-linux-gnu --prefix=/usr/local/gcc-3.3.2 --with-local_prefix= --disable-nls


Index Nav: [Date Index] [Subject Index] [Author Index] [Thread Index]
Message Nav: [Date Prev] [Date Next] [Thread Prev] [Thread Next]