This is the mail archive of the gcc-testresults@gcc.gnu.org mailing list for the GCC project.


Index Nav: [Date Index] [Subject Index] [Author Index] [Thread Index]
Message Nav: [Date Prev] [Date Next] [Thread Prev] [Thread Next]
Other format: [Raw text]

Results for 3.4 20031018 (experimental) testsuite on i686-suse-linux-gnu


Bootstrap and regtesting on i686-suse-linux-gnu.
CVS sources: mainline.
LAST_UPDATED: Sat Oct 18 16:12:24 UTC 2003

Native configuration is i686-suse-linux-gnu

		=== g++ tests ===


Running target unix
XPASS: g++.dg/ext/lvalue1.C not an lvalue (test for errors, line 7)
FAIL: g++.dg/ext/pretty1.C scan-assembler top level
FAIL: g++.dg/ext/pretty2.C (test for excess errors)
WARNING: g++.dg/ext/pretty2.C compilation failed to produce executable
FAIL: g++.dg/other/static11.C (test for excess errors)
FAIL: g++.dg/parse/crash10.C  (test for errors, line 14)
XPASS: g++.dg/warn/Wunused-2.C  (test for warnings, line 5)
WARNING: g++.old-deja/g++.mike/p10769a.C compilation failed to produce executable
WARNING: g++.old-deja/g++.other/enum5.C compilation failed to produce executable
XPASS: g++.old-deja/g++.other/init5.C execution test
WARNING: g++.old-deja/g++.pt/friend44.C compilation failed to produce executable
FAIL: g++.old-deja/g++.pt/vaarg3.C (test for excess errors)

		=== g++ Summary ===

# of expected passes		9064
# of unexpected failures	5
# of unexpected successes	3
# of expected failures		59
# of unsupported tests		29
/builds/gcc/misc/gcc/testsuite/../g++ version 3.4 20031018 (experimental)

		=== g77 tests ===


Running target unix

		=== g77 Summary ===

# of expected passes		1764
# of expected failures		1
# of untested testcases		1
/builds/gcc/misc/gcc/testsuite/../g77 version 3.4 20031018 (experimental)

		=== gcc tests ===


Running target unix
WARNING: program timed out.
FAIL: gcc.c-torture/compile/20001226-1.c (test for excess errors)
FAIL: gcc.c-torture/execute/va-arg-25.c execution,  -O0 
FAIL: gcc.c-torture/execute/va-arg-25.c execution,  -O1 
FAIL: gcc.c-torture/execute/va-arg-25.c execution,  -O2 
FAIL: gcc.c-torture/execute/va-arg-25.c execution,  -O3 -fomit-frame-pointer 
FAIL: gcc.c-torture/execute/va-arg-25.c execution,  -O3 -g 
FAIL: gcc.c-torture/execute/va-arg-25.c execution,  -Os 
UNRESOLVED: gcc.c-torture/execute/wchar_t-1.c execution,  -O0 
UNRESOLVED: gcc.c-torture/execute/wchar_t-1.c execution,  -O1 
UNRESOLVED: gcc.c-torture/execute/wchar_t-1.c execution,  -O2 
UNRESOLVED: gcc.c-torture/execute/wchar_t-1.c execution,  -O3 -fomit-frame-pointer 
UNRESOLVED: gcc.c-torture/execute/wchar_t-1.c execution,  -O3 -g 
UNRESOLVED: gcc.c-torture/execute/wchar_t-1.c execution,  -Os 
FAIL: gcc.dg/compat/struct-align-1 c_compat_x_tst.o-c_compat_y_alt.o execute 
FAIL: gcc.dg/compat/struct-align-1 c_compat_x_alt.o-c_compat_y_tst.o execute 
FAIL: gcc.dg/compat/struct-align-2 c_compat_x_tst.o-c_compat_y_alt.o execute 
FAIL: gcc.dg/compat/struct-align-2 c_compat_x_alt.o-c_compat_y_tst.o execute 
FAIL: gcc.dg/compat/vector-1 c_compat_x_alt.o compile
FAIL: gcc.dg/compat/vector-1 c_compat_y_alt.o compile
UNRESOLVED: gcc.dg/compat/vector-1 c_compat_x_tst.o-c_compat_y_alt.o link 
UNRESOLVED: gcc.dg/compat/vector-1 c_compat_x_tst.o-c_compat_y_alt.o execute 
UNRESOLVED: gcc.dg/compat/vector-1 c_compat_x_alt.o-c_compat_y_tst.o link 
UNRESOLVED: gcc.dg/compat/vector-1 c_compat_x_alt.o-c_compat_y_tst.o execute 
UNRESOLVED: gcc.dg/compat/vector-1 c_compat_x_alt.o-c_compat_y_alt.o link 
UNRESOLVED: gcc.dg/compat/vector-1 c_compat_x_alt.o-c_compat_y_alt.o execute 
FAIL: gcc.dg/compat/vector-2 c_compat_x_alt.o compile
FAIL: gcc.dg/compat/vector-2 c_compat_y_alt.o compile
UNRESOLVED: gcc.dg/compat/vector-2 c_compat_x_tst.o-c_compat_y_alt.o link 
UNRESOLVED: gcc.dg/compat/vector-2 c_compat_x_tst.o-c_compat_y_alt.o execute 
UNRESOLVED: gcc.dg/compat/vector-2 c_compat_x_alt.o-c_compat_y_tst.o link 
UNRESOLVED: gcc.dg/compat/vector-2 c_compat_x_alt.o-c_compat_y_tst.o execute 
UNRESOLVED: gcc.dg/compat/vector-2 c_compat_x_alt.o-c_compat_y_alt.o link 
UNRESOLVED: gcc.dg/compat/vector-2 c_compat_x_alt.o-c_compat_y_alt.o execute 
XPASS: gcc.dg/cpp/cmdlne-dI-M.c scan-file (^|\\n)cmdlne-dI-M.*:[^\\n]*cmdlne-dI-M.c
XPASS: gcc.dg/cpp/cmdlne-dM-M.c scan-file (^|\\n)cmdlne-dM-M[^\\n]*:[^\\n]*cmdlne-dM-M.c

		=== gcc Summary ===

# of expected passes		24793
# of unexpected failures	15
# of unexpected successes	2
# of expected failures		79
# of unresolved testcases	18
# of untested testcases		7
# of unsupported tests		155
/builds/gcc/misc/gcc/xgcc version 3.4 20031018 (experimental)

		=== objc tests ===


Running target unix

		=== objc Summary ===

# of expected passes		1337
# of unsupported tests		7
/builds/gcc/misc/gcc/xgcc version 3.4 20031018 (experimental)

		=== treelang tests ===


Running target unix

		=== treelang Summary ===

# of expected passes		1
		=== libstdc++ tests ===


Running target unix
FAIL: 22_locale/messages/members/char/1.cc execution test
FAIL: 22_locale/messages/members/char/2.cc execution test
FAIL: 22_locale/messages/members/char/wrapped_env.cc execution test
FAIL: 22_locale/messages/members/char/wrapped_locale.cc execution test
FAIL: 22_locale/messages_byname/1.cc execution test
XPASS: 26_numerics/c99_classification_macros_c.cc (test for excess errors)

		=== libstdc++ Summary ===

# of expected passes		2167
# of unexpected failures	5
# of unexpected successes	1
# of expected failures		11

Compiler version: 3.4 20031018 (experimental) 
Platform: i686-suse-linux-gnu
configure flags: --prefix=/opt/gcc/3.4-devel --disable-nls --enable-threads=posix --enable-clocale=gnu --enable-__cxa_atexit --enable-shared --enable-languages=c,c++,ada,treelang,f77,objc --enable-checking=misc,tree,rtl,gc,rtlflag --with-system-zlib i686-suse-linux-gnu


Index Nav: [Date Index] [Subject Index] [Author Index] [Thread Index]
Message Nav: [Date Prev] [Date Next] [Thread Prev] [Thread Next]