This is the mail archive of the gcc-testresults@gcc.gnu.org mailing list for the GCC project.


Index Nav: [Date Index] [Subject Index] [Author Index] [Thread Index]
Message Nav: [Date Prev] [Date Next] [Thread Prev] [Thread Next]
Other format: [Raw text]

Results for 3.4 20031018 (experimental) testsuite on hppa-unknown-linux-gnu


LAST_UPDATED: Sat Oct 18 18:03:26 UTC 2003

Native configuration is hppa-unknown-linux-gnu

		=== g++ tests ===


Running target unix
XPASS: g++.dg/ext/lvalue1.C not an lvalue (test for errors, line 7)
FAIL: g++.dg/ext/pretty1.C scan-assembler top level
FAIL: g++.dg/ext/pretty2.C (test for excess errors)
WARNING: g++.dg/ext/pretty2.C compilation failed to produce executable
XPASS: g++.dg/other/packed1.C execution test
FAIL: g++.dg/parse/crash10.C  (test for errors, line 14)
XPASS: g++.dg/warn/Wunused-2.C  (test for warnings, line 5)
WARNING: g++.old-deja/g++.mike/p10769a.C compilation failed to produce executable
WARNING: g++.old-deja/g++.other/enum5.C compilation failed to produce executable
XPASS: g++.old-deja/g++.other/init5.C execution test
WARNING: g++.old-deja/g++.pt/friend44.C compilation failed to produce executable
FAIL: g++.old-deja/g++.pt/vaarg3.C (test for excess errors)

		=== g++ Summary ===

# of expected passes		8982
# of unexpected failures	4
# of unexpected successes	4
# of expected failures		59
# of unsupported tests		62
/home/dave/gcc-3.4/objdir/gcc/testsuite/../g++ version 3.4 20031018 (experimental)

		=== g77 tests ===


Running target unix

		=== g77 Summary ===

# of expected passes		1752
# of expected failures		1
# of untested testcases		1
# of unsupported tests		6
/home/dave/gcc-3.4/objdir/gcc/testsuite/../g77 version 3.4 20031018 (experimental)

		=== gcc tests ===


Running target unix
WARNING: program timed out.
FAIL: gcc.c-torture/compile/950512-1.c (test for excess errors)
WARNING: program timed out.
FAIL: gcc.c-torture/compile/950512-1.c (test for excess errors)
WARNING: program timed out.
FAIL: gcc.c-torture/compile/950512-1.c (test for excess errors)
WARNING: program timed out.
FAIL: gcc.c-torture/compile/950512-1.c (test for excess errors)
WARNING: program timed out.
FAIL: gcc.c-torture/compile/950512-1.c (test for excess errors)
UNRESOLVED: gcc.c-torture/execute/wchar_t-1.c execution,  -O0 
UNRESOLVED: gcc.c-torture/execute/wchar_t-1.c execution,  -O1 
UNRESOLVED: gcc.c-torture/execute/wchar_t-1.c execution,  -O2 
UNRESOLVED: gcc.c-torture/execute/wchar_t-1.c execution,  -O3 -fomit-frame-pointer 
UNRESOLVED: gcc.c-torture/execute/wchar_t-1.c execution,  -O3 -g 
UNRESOLVED: gcc.c-torture/execute/wchar_t-1.c execution,  -Os 
FAIL: gcc.dg/debug/debug-1.c scan-assembler xyzzy
FAIL: gcc.dg/debug/debug-1.c scan-assembler xyzzy
FAIL: gcc.dg/debug/debug-1.c scan-assembler xyzzy
FAIL: gcc.dg/debug/debug-1.c scan-assembler xyzzy
FAIL: gcc.dg/debug/debug-1.c scan-assembler xyzzy
FAIL: gcc.dg/debug/debug-1.c scan-assembler xyzzy
FAIL: gcc.dg/debug/debug-2.c scan-assembler xyzzy
FAIL: gcc.dg/debug/debug-2.c scan-assembler xyzzy
FAIL: gcc.dg/debug/debug-2.c scan-assembler xyzzy
FAIL: gcc.dg/debug/debug-2.c scan-assembler xyzzy
FAIL: gcc.dg/debug/debug-2.c scan-assembler xyzzy
FAIL: gcc.dg/debug/debug-2.c scan-assembler xyzzy
FAIL: gcc.dg/const-elim-1.c scan-assembler-not L\\\$?C[^A-Z]

		=== gcc Summary ===

# of expected passes		24133
# of unexpected failures	18
# of expected failures		79
# of unresolved testcases	6
# of untested testcases		7
# of unsupported tests		280
/home/dave/gcc-3.4/objdir/gcc/xgcc version 3.4 20031018 (experimental)

		=== objc tests ===


Running target unix

		=== objc Summary ===

# of expected passes		1337
# of unsupported tests		7
/home/dave/gcc-3.4/objdir/gcc/xgcc version 3.4 20031018 (experimental)


		=== libstdc++-v3 check-abi Summary ===

# of added symbols:		 201
# of missing symbols:		 216
# of incompatible symbols:	 220
		=== libstdc++ tests ===


Running target unix
FAIL: 22_locale/messages/members/char/1.cc execution test
FAIL: 22_locale/messages/members/char/2.cc execution test
FAIL: 22_locale/messages/members/char/wrapped_env.cc execution test
FAIL: 22_locale/messages/members/char/wrapped_locale.cc execution test
FAIL: 22_locale/messages_byname/1.cc execution test
XPASS: 26_numerics/c99_classification_macros_c.cc (test for excess errors)

		=== libstdc++ Summary ===

# of expected passes		2167
# of unexpected failures	5
# of unexpected successes	1
# of expected failures		11

Compiler version: 3.4 20031018 (experimental) 
Platform: hppa-unknown-linux-gnu
configure flags: --with-gnu-as --with-as=/home/dave/opt/gnu/bin/as --with-gnu-ld --with-ld=/home/dave/opt/gnu/bin/ld --enable-shared --disable-nls --prefix=/home/dave/opt/gnu --with-local-prefix=/home/dave/opt/gnu --enable-threads=posix --enable-__cxa_atexit --host=hppa-linux --enable-languages=c,c++,f77,java,objc


Index Nav: [Date Index] [Subject Index] [Author Index] [Thread Index]
Message Nav: [Date Prev] [Date Next] [Thread Prev] [Thread Next]