This is the mail archive of the mailing list for the GCC project.

Index Nav: [Date Index] [Subject Index] [Author Index] [Thread Index]
Message Nav: [Date Prev] [Date Next] [Thread Prev] [Thread Next]
Other format: [Raw text]

Results for 3.3.2 (Debian) testsuite on hppa-unknown-linux-gnu

Native configuration is hppa-unknown-linux-gnu

		=== g++ tests ===

Running target unix
FAIL: g++.dg/compat/break/bitfield7 x_tst.o compile
UNRESOLVED: g++.dg/compat/break/bitfield7 x_tst.o-y_tst.o link 
UNRESOLVED: g++.dg/compat/break/bitfield7 x_tst.o-y_tst.o execute 
XPASS: g++.dg/other/packed1.C execution test
XPASS: g++.other/init5.C  Execution test

		=== g++ Summary ===

# of expected passes		8080
# of unexpected failures	1
# of unexpected successes	2
# of expected failures		94
# of unresolved testcases	2
# of untested testcases		23
# of unsupported tests		29
/build/packages/gcc/3.3/gcc-3.3-3.3.2ds4/build/gcc/testsuite/../g++ version 3.3.2 (Debian)

		=== g77 tests ===

Running target unix

		=== g77 Summary ===

# of expected passes		1686
# of unsupported tests		8
/build/packages/gcc/3.3/gcc-3.3-3.3.2ds4/build/gcc/testsuite/../g77 version 3.3.2 (Debian)

		=== gcc tests ===

Running target unix
FAIL: gcc.dg/duff-2.c (test for excess errors)

		=== gcc Summary ===

# of expected passes		21388
# of unexpected failures	1
# of expected failures		67
# of unsupported tests		179
/build/packages/gcc/3.3/gcc-3.3-3.3.2ds4/build/gcc/xgcc version 3.3.2 (Debian)

		=== objc tests ===

Running target unix

		=== objc Summary ===

# of expected passes		1153
/build/packages/gcc/3.3/gcc-3.3-3.3.2ds4/build/gcc/xgcc version 3.3.2 (Debian)

		=== treelang tests ===

Running target unix
WARNING: /build/packages/gcc/3.3/gcc-3.3-3.3.2ds4/src/gcc/testsuite/treelang/a01gcc.out01 doesn't exist
WARNING: /build/packages/gcc/3.3/gcc-3.3-3.3.2ds4/src/gcc/testsuite/treelang/a01gcc.out01err doesn't exist
WARNING: /build/packages/gcc/3.3/gcc-3.3-3.3.2ds4/src/gcc/testsuite/treelang/a01gcco01runpgmerr doesn't exist
UNRESOLVED: gcc 01 01 fail code=11. gcc 01 01 diff stdout failed rc=0

		=== treelang Summary ===

# of unresolved testcases	1

		=== libstdc++-v3 check-abi Summary ===

# of added symbols:		 1
# of missing symbols:		 1
# of incompatible symbols:	 1

using: /build/packages/gcc/3.3/gcc-3.3-3.3.2ds4/src/libstdc++-v3/config/abi/hppa-linux-gnu/baseline_symbols.txt

		=== libstdc++-v3 tests ===

Running target unix
XPASS: 22_locale/ execution test
XPASS: 22_locale/ execution test
XPASS: 22_locale/ execution test
XPASS: 22_locale/ execution test
XPASS: 22_locale/ execution test
XPASS: 22_locale/ execution test
XPASS: 22_locale/ execution test
XPASS: 22_locale/ execution test
XPASS: 22_locale/ execution test
XPASS: 22_locale/ execution test
XPASS: 22_locale/ execution test
XPASS: 22_locale/ execution test
XPASS: 22_locale/ execution test
XPASS: 22_locale/ execution test
FAIL: thread/ execution test

		=== libstdc++-v3 Summary ===

# of expected passes		452
# of unexpected failures	1
# of unexpected successes	14
# of expected failures		14

Compiler version: 3.3.2 (Debian) 
Platform: hppa-unknown-linux-gnu
configure flags: --host=hppa-linux -v --enable-languages=c,c++,f77,pascal,objc,ada,treelang --prefix=/usr --mandir=/usr/share/man --infodir=/usr/share/info --with-gxx-include-dir=/usr/include/c++/3.3 --enable-shared --with-system-zlib --enable-nls --without-included-gettext --enable-__cxa_atexit --enable-sjlj-exceptions --enable-clocale=gnu --enable-debug --enable-objc-gc

Build Dependencies:
| Status=Not/Installed/Config-files/Unpacked/Failed-config/Half-installed
|/ Err?=(none)/Hold/Reinst-required/X=both-problems (Status,Err: uppercase=bad)
||/ Name           Version        Description
ii  binutils  The GNU assembler, linker and binary utiliti
ii  libc6-dev      2.3.1-17.0.3   GNU C Library: Development Libraries and Hea

Patches that Debian applied in this version:

  versioned gcc names

  Add "(Debian)" to the gcc version string

  Build and install libstdc++_pic.a library.

  link local libstdc++ documentation to local source-level documentation 

  Use sensible-editor instead of vi as fallback editor

  2003-03-10  Andreas Schwab  <schwab at suse dot de>
  With the introduction of multi-os-directory the libdir specification in
  *.la files have /. appended to \$(libdir).  This confuses libtool when it
  tries to find out whether to add -rpath, because it only matches literally
  against sys_lib_dlsearch_path members.  Tested on i386-linux.

  Fix #207915 (PR11716).
  Make GCC think that the maximum length of a short branch is
  64K instead of 128K.  It's a big hammer, but it works.

  2003-05-16  Jakub Jelinek  <>
  	* config/ia64/unwind-ia64.c (uw_update_reg_address): Handle
  	.save XX, r0.

  add libstdc++-v3's check summary to the test summary

  build protoize/unprotoize by default

  Find gc.h header in /usr/include/gc for --enable-objc-gc enabled builds.

  versioned g77 names

  Install treelang info pages under versioned name

  use gcc-3.3 instead of gcc and gnatXXX-3.15 instead of gnatXXX
  as the command names.

  update the gpc diffs to recent gcc sources

  The gpc patch from the gpc tarball.

  gpc-20030830 have a memory management bug which is probably 
  responsible for crashes reported by Adriaan van Os and 
  Maurice Lombardi. Mainly builds with gcc-3.3.x are affected
  (I do not know if it is possible to trigger the bug with 
  earlier gcc version). The patch below fixes the problem:

  versioned gpc names

  <compiler> --help gives hint to /usr/share/doc/debian/bug-reporting.txt

  autoreconf several directories for proper mipsen libtool support

Counting all warnings,
there are 355 warnings in stage3 of this bootstrap.

Number of warnings per file:
    225 SYSCALLS.c
     49 parse.c
     11 gcc/treelang/lex.c
      6 ./ffe.texi
      5 gcc/treelang/parse.c
      4 gcc/p/statements.c
      4 gcc/p/lang-specs.h
      4 gcc/p/gpc.c
      4 gcc/gcc.c
      4 gcc/ada/tracebak.c
      4 ./intdoc.texi
      3 gcc/unwind-sjlj.c
      3 gcc/tlink.c
      3 gcc/reload1.c
      3 /usr/share/bison/bison.simple
      2 gcc/unwind-pe.h
      2 gcc/p/rts/endian.pas
      2 gcc/objc/lang-specs.h
      2 gcc/function.c
      2 gcc/f/sta.c
      2 gcc/crtstuff.c
      1 libiberty/choose-temp.c
      1 gt-ada-utils.h
      1 gt-ada-decl.h
      1 gcc/reload.c
      1 gcc/regmove.c
      1 gcc/recog.c
      1 gcc/p/objects.c
      1 gcc/p/gpc-lex.c
      1 gcc/emit-rtl.c
      1 gcc/collect2.c
      1 ada/b_gnatb.c

Number of warning types:
    224 function declaration isn't a prototype
     55 traditional C rejects ISO C style function definitions
     11 no previous prototype for `???'
     11 comparison between signed and unsigned
      8 string length `???' is greater than the length `???' ISO C89 compilers are required to support
      6 undefined flag: srcdir.
      4 comparison of unsigned expression < 0 is always false
      3 unused parameter `???'
      3 label `???' defined but not used
      3 assignment makes pointer from integer without a cast
      2 variable `???' might be clobbered by `longjmp' or `vfork'
      2 unlikely character ) in @var.
      2 unlikely character ( in @var.
      2 traditional C rejects string concatenation
      2 statement with no effect
      2 signed and unsigned type in conditional expression
      2 passing arg ??? of `???' discards qualifiers from pointer target type
      2 dereferencing type-punned pointer will break strict-aliasing rules
      2 conflicting types for built-in function `???'
      2 `???' might be used uninitialized in this function
      2 `???' defined but not used
      1 unused variable `???'
      1 the use of `???' is dangerous, better use `???'
      1 return makes integer from pointer without a cast
      1 initialization makes pointer from integer without a cast
      1 implicit declaration of function `???'

Index Nav: [Date Index] [Subject Index] [Author Index] [Thread Index]
Message Nav: [Date Prev] [Date Next] [Thread Prev] [Thread Next]