This is the mail archive of the
gcc-testresults@gcc.gnu.org
mailing list for the GCC project.
Results for 3.4 20031017 (experimental) testsuite on powerpc-ibm-aix4.3.3.0
- From: David Edelsohn <dje at watson dot ibm dot com>
- To: gcc-testresults at gcc dot gnu dot org
- Date: Fri, 17 Oct 2003 10:49:17 -0400
- Subject: Results for 3.4 20031017 (experimental) testsuite on powerpc-ibm-aix4.3.3.0
LAST_UPDATED: Fri Oct 17 03:01:44 UTC 2003
Native configuration is powerpc-ibm-aix4.3.3.0
=== g++ tests ===
Running target unix
FAIL: g++.dg/ext/altivec-1.C (test for excess errors)
FAIL: g++.dg/ext/complit1.C (test for excess errors)
XPASS: g++.dg/ext/lvalue1.C not an lvalue (test for errors, line 7)
FAIL: g++.dg/ext/pretty1.C scan-assembler top level
FAIL: g++.dg/ext/pretty2.C (test for excess errors)
WARNING: g++.dg/ext/pretty2.C compilation failed to produce executable
FAIL: g++.dg/init/init-ref4.C (test for excess errors)
WARNING: g++.dg/init/init-ref4.C compilation failed to produce executable
XPASS: g++.dg/other/packed1.C execution test
FAIL: g++.dg/parse/constant4.C (test for excess errors)
FAIL: g++.dg/parse/crash10.C (test for errors, line 14)
FAIL: g++.dg/template/explicit-instantiation2.C scan-assembler _Z1fIiET_S0_
FAIL: g++.dg/template/non-dependent2.C (test for excess errors)
FAIL: g++.dg/template/non-dependent3.C (test for excess errors)
XPASS: g++.dg/warn/Wunused-2.C (test for warnings, line 5)
FAIL: g++.dg/pch/system-1.C -g assembly comparison
FAIL: g++.dg/pch/system-2.C -g assembly comparison
FAIL: g++.dg/pch/uninst.C -g assembly comparison
FAIL: g++.old-deja/g++.abi/cxa_vec.C execution test
FAIL: g++.old-deja/g++.brendan/new3.C execution test
FAIL: g++.old-deja/g++.ext/attrib5.C (test for excess errors)
WARNING: g++.old-deja/g++.ext/attrib5.C compilation failed to produce executable
WARNING: g++.old-deja/g++.mike/p10769a.C compilation failed to produce executable
FAIL: g++.old-deja/g++.other/comdat3.C (test for excess errors)
WARNING: g++.old-deja/g++.other/comdat3.C compilation failed to produce executable
WARNING: g++.old-deja/g++.other/enum5.C compilation failed to produce executable
FAIL: g++.old-deja/g++.other/mangle3.C (test for excess errors)
FAIL: g++.old-deja/g++.pt/const2.C (test for errors, line )
WARNING: g++.old-deja/g++.pt/friend44.C compilation failed to produce executable
FAIL: g++.old-deja/g++.pt/static3.C (test for excess errors)
WARNING: g++.old-deja/g++.pt/static3.C compilation failed to produce executable
FAIL: g++.old-deja/g++.pt/static6.C (test for excess errors)
FAIL: g++.old-deja/g++.pt/vaarg3.C (test for excess errors)
=== g++ Summary ===
# of expected passes 8814
# of unexpected failures 22
# of unexpected successes 3
# of expected failures 60
# of unsupported tests 61
/gcc/dje/build/powerpc-ibm-aix4.3.3.0-20031016/gcc/testsuite/../g++ version 3.4 20031017 (experimental)
=== g77 tests ===
Running target unix
FAIL: g77.f-torture/execute/19990325-0.f execution, -O0
WARNING: program timed out.
FAIL: g77.f-torture/execute/labug1.f compilation, -O3 -fomit-frame-pointer
WARNING: program timed out.
FAIL: g77.f-torture/execute/labug1.f compilation, -O3 -fomit-frame-pointer -funroll-loops
WARNING: program timed out.
FAIL: g77.f-torture/execute/labug1.f compilation, -O3 -fomit-frame-pointer -funroll-all-loops -finline-functions
WARNING: program timed out.
FAIL: g77.f-torture/execute/labug1.f compilation, -O3 -g
=== g77 Summary ===
# of expected passes 1743
# of unexpected failures 5
# of expected failures 1
# of untested testcases 5
# of unsupported tests 6
/gcc/dje/build/powerpc-ibm-aix4.3.3.0-20031016/gcc/testsuite/../g77 version 3.4 20031017 (experimental)
=== gcc tests ===
Running target unix
FAIL: gcc.c-torture/compile/20011119-1.c (test for excess errors)
FAIL: gcc.c-torture/compile/20011119-1.c (test for excess errors)
FAIL: gcc.c-torture/compile/20011119-1.c (test for excess errors)
FAIL: gcc.c-torture/compile/20011119-1.c (test for excess errors)
FAIL: gcc.c-torture/compile/20011119-2.c (test for excess errors)
FAIL: gcc.c-torture/compile/20011119-2.c (test for excess errors)
FAIL: gcc.c-torture/compile/20011119-2.c (test for excess errors)
FAIL: gcc.c-torture/compile/20011119-2.c (test for excess errors)
FAIL: gcc.c-torture/compile/20011119-2.c (test for excess errors)
FAIL: gcc.c-torture/compile/20011119-2.c (test for excess errors)
FAIL: gcc.c-torture/compile/981001-2.c (test for excess errors)
FAIL: gcc.c-torture/compile/981001-2.c (test for excess errors)
FAIL: gcc.c-torture/compile/981001-2.c (test for excess errors)
FAIL: gcc.c-torture/compile/981001-2.c (test for excess errors)
FAIL: gcc.c-torture/execute/eeprof-1.c execution, -O0
FAIL: gcc.c-torture/execute/eeprof-1.c execution, -O1
FAIL: gcc.c-torture/execute/eeprof-1.c execution, -O2
FAIL: gcc.c-torture/execute/eeprof-1.c execution, -O3 -fomit-frame-pointer
FAIL: gcc.c-torture/execute/eeprof-1.c execution, -O3 -g
FAIL: gcc.c-torture/execute/eeprof-1.c execution, -Os
UNRESOLVED: gcc.c-torture/execute/wchar_t-1.c execution, -O0
UNRESOLVED: gcc.c-torture/execute/wchar_t-1.c execution, -O1
UNRESOLVED: gcc.c-torture/execute/wchar_t-1.c execution, -O2
UNRESOLVED: gcc.c-torture/execute/wchar_t-1.c execution, -O3 -fomit-frame-pointer
UNRESOLVED: gcc.c-torture/execute/wchar_t-1.c execution, -O3 -g
UNRESOLVED: gcc.c-torture/execute/wchar_t-1.c execution, -Os
XPASS: gcc.dg/cpp/cmdlne-dI-M.c scan-file (^|\\n)cmdlne-dI-M.*:[^\\n]*cmdlne-dI-M.c
XPASS: gcc.dg/cpp/cmdlne-dM-M.c scan-file (^|\\n)cmdlne-dM-M[^\\n]*:[^\\n]*cmdlne-dM-M.c
FAIL: gcc.dg/cpp/lexident.c (test for excess errors)
FAIL: gcc.dg/20020103-1.c scan-assembler-not LC
FAIL: gcc.dg/20020118-1.c execution test
FAIL: gcc.dg/altivec-4.c (test for excess errors)
FAIL: gcc.dg/altivec-7.c (test for excess errors)
FAIL: gcc.dg/altivec-8.c (test for excess errors)
FAIL: gcc.dg/asm-names.c scan-assembler-not ____frob14
FAIL: gcc.dg/builtins-18.c (test for excess errors)
FAIL: gcc.dg/builtins-20.c (test for excess errors)
FAIL: gcc.dg/const-elim-1.c scan-assembler-not L\\\$?C[^A-Z]
FAIL: gcc.dg/old-style-asm-1.c scan-assembler L(:|\\\$0*)?2
FAIL: gcc.dg/pch/static-1.c -O0 -g assembly comparison
FAIL: gcc.dg/pch/static-2.c -O0 -g assembly comparison
FAIL: gcc.dg/pch/static-3.c -O0 -g assembly comparison
FAIL: gcc.dg/pch/warn-1.c (test for excess errors)
FAIL: gcc.dg/pch/warn-1.c (test for excess errors)
FAIL: gcc.dg/pch/warn-1.c (test for excess errors)
FAIL: gcc.dg/pch/warn-1.c (test for excess errors)
FAIL: gcc.dg/pch/warn-1.c (test for excess errors)
FAIL: gcc.dg/pch/warn-1.c (test for excess errors)
FAIL: gcc.dg/pch/warn-1.c (test for excess errors)
FAIL: gcc.dg/special/alias-1.c (test for excess errors)
FAIL: gcc.dg/torture/builtin-noret-1.c (test for excess errors)
FAIL: gcc.dg/torture/builtin-noret-1.c (test for excess errors)
FAIL: gcc.dg/torture/builtin-noret-1.c (test for excess errors)
FAIL: gcc.dg/torture/builtin-noret-1.c (test for excess errors)
FAIL: gcc.dg/torture/builtin-noret-1.c (test for excess errors)
FAIL: gcc.dg/torture/builtin-noret-1.c (test for excess errors)
FAIL: gcc.dg/torture/builtin-noret-2.c (test for excess errors)
FAIL: gcc.dg/torture/builtin-noret-2.c (test for excess errors)
FAIL: gcc.dg/torture/builtin-noret-2.c (test for excess errors)
FAIL: gcc.dg/torture/builtin-noret-2.c (test for excess errors)
FAIL: gcc.dg/torture/builtin-noret-2.c (test for excess errors)
FAIL: gcc.dg/torture/builtin-noret-2.c (test for excess errors)
=== gcc Summary ===
# of expected passes 22501
# of unexpected failures 54
# of unexpected successes 2
# of expected failures 77
# of unresolved testcases 6
# of untested testcases 7
# of unsupported tests 279
/gcc/dje/build/powerpc-ibm-aix4.3.3.0-20031016/gcc/xgcc version 3.4 20031017 (experimental)
=== objc tests ===
Running target unix
FAIL: objc.dg/encode-2.m execution test
FAIL: objc.dg/encode-3.m execution test
FAIL: objc.dg/encode-4.m execution test
=== objc Summary ===
# of expected passes 1334
# of unexpected failures 3
# of unsupported tests 7
/gcc/dje/build/powerpc-ibm-aix4.3.3.0-20031016/gcc/xgcc version 3.4 20031017 (experimental)
=== libstdc++ tests ===
Running target unix
FAIL: 20_util/allocator_members.cc execution test
FAIL: 22_locale/ctype/is/char/3.cc execution test
FAIL: 27_io/basic_istream/extractors_arithmetic/char/12.cc execution test
FAIL: 27_io/objects/char/6.cc execution test
FAIL: 27_io/objects/wchar_t/6.cc execution test
=== libstdc++ Summary ===
# of expected passes 2154
# of unexpected failures 5
# of expected failures 11
# of unsupported tests 7
Compiler version: 3.4 20031017 (experimental)
Platform: powerpc-ibm-aix4.3.3.0
configure flags: --prefix=/gcc/dje/install/powerpc-ibm-aix4.3.3.0-20031016 --disable-werror --disable-win32-registry