This is the mail archive of the gcc-testresults@gcc.gnu.org mailing list for the GCC project.


Index Nav: [Date Index] [Subject Index] [Author Index] [Thread Index]
Message Nav: [Date Prev] [Date Next] [Thread Prev] [Thread Next]
Other format: [Raw text]

Results for 3.5-tree-ssa 20031016 (merged 20031005) testsuite on armv5l-unknown-linux-gnu


kernel : 2.4.16-rmk1-xng1
binutils-2.14.90.0.4 + 'default float on arm-linux' patch
glibc-2.2.5 + arm patch

gcc/cfgcleanup.c:merge_blocks : added 'BB_DIRTY' when merging 'non-move'


'make bootstrap' failed with :
stage1/xgcc -Bstage1/ -B/usr/local/gcc-3.5-cvs/armv5l-unknown-linux-gnu/bin/ -c   -g -O2  -DIN_GCC   -W -Wall -Wwrite-strings -Wstrict-prototypes -Wmissing-prototypes -pedantic -Wno-long-long  -fno-common   -DHAVE_CONFIG_H    -I. -I. -I../../gcc/gcc -I../../gcc/gcc/. -I../../gcc/gcc/../include -I../../gcc/gcc/../libbanshee/libcompat -I../../gcc/gcc/../libbanshee -I../../gcc/gcc/../libbanshee/points-to  ../../gcc/gcc/sbitmap.c -o sbitmap.o
stage1/xgcc -Bstage1/ -B/usr/local/gcc-3.5-cvs/armv5l-unknown-linux-gnu/bin/ -c   -g -O2  -DIN_GCC   -W -Wall -Wwrite-strings -Wstrict-prototypes -Wmissing-prototypes -pedantic -Wno-long-long  -fno-common   -DHAVE_CONFIG_H    -I. -I. -I../../gcc/gcc -I../../gcc/gcc/. -I../../gcc/gcc/../include -I../../gcc/gcc/../libbanshee/libcompat -I../../gcc/gcc/../libbanshee -I../../gcc/gcc/../libbanshee/points-to  ../../gcc/gcc/sched-deps.c -o sched-deps.o
stage1/xgcc -Bstage1/ -B/usr/local/gcc-3.5-cvs/armv5l-unknown-linux-gnu/bin/ -c   -g -O2  -DIN_GCC   -W -Wall -Wwrite-strings -Wstrict-prototypes -Wmissing-prototypes -pedantic -Wno-long-long  -fno-common   -DHAVE_CONFIG_H    -I. -I. -I../../gcc/gcc -I../../gcc/gcc/. -I../../gcc/gcc/../include -I../../gcc/gcc/../libbanshee/libcompat -I../../gcc/gcc/../libbanshee -I../../gcc/gcc/../libbanshee/points-to  ../../gcc/gcc/sched-ebb.c -o sched-ebb.o
stage1/xgcc -Bstage1/ -B/usr/local/gcc-3.5-cvs/armv5l-unknown-linux-gnu/bin/ -c   -g -O2  -DIN_GCC   -W -Wall -Wwrite-strings -Wstrict-prototypes -Wmissing-prototypes -pedantic -Wno-long-long  -fno-common   -DHAVE_CONFIG_H    -I. -I. -I../../gcc/gcc -I../../gcc/gcc/. -I../../gcc/gcc/../include -I../../gcc/gcc/../libbanshee/libcompat -I../../gcc/gcc/../libbanshee -I../../gcc/gcc/../libbanshee/points-to  ../../gcc/gcc/sched-rgn.c -o sched-rgn.o
stage1/xgcc -Bstage1/ -B/usr/local/gcc-3.5-cvs/armv5l-unknown-linux-gnu/bin/ -c   -g -O2  -DIN_GCC   -W -Wall -Wwrite-strings -Wstrict-prototypes -Wmissing-prototypes -pedantic -Wno-long-long  -fno-common   -DHAVE_CONFIG_H    -I. -I. -I../../gcc/gcc -I../../gcc/gcc/. -I../../gcc/gcc/../include -I../../gcc/gcc/../libbanshee/libcompat -I../../gcc/gcc/../libbanshee -I../../gcc/gcc/../libbanshee/points-to  ../../gcc/gcc/sched-vis.c -o sched-vis.o
stage1/xgcc -Bstage1/ -B/usr/local/gcc-3.5-cvs/armv5l-unknown-linux-gnu/bin/ -c   -g -O2  -DIN_GCC   -W -Wall -Wwrite-strings -Wstrict-prototypes -Wmissing-prototypes -pedantic -Wno-long-long  -fno-common   -DHAVE_CONFIG_H    -I. -I. -I../../gcc/gcc -I../../gcc/gcc/. -I../../gcc/gcc/../include -I../../gcc/gcc/../libbanshee/libcompat -I../../gcc/gcc/../libbanshee -I../../gcc/gcc/../libbanshee/points-to  ../../gcc/gcc/sdbout.c -o sdbout.o
stage1/xgcc -Bstage1/ -B/usr/local/gcc-3.5-cvs/armv5l-unknown-linux-gnu/bin/ -c   -g -O2  -DIN_GCC   -W -Wall -Wwrite-strings -Wstrict-prototypes -Wmissing-prototypes -pedantic -Wno-long-long  -fno-common   -DHAVE_CONFIG_H    -I. -I. -I../../gcc/gcc -I../../gcc/gcc/. -I../../gcc/gcc/../include -I../../gcc/gcc/../libbanshee/libcompat -I../../gcc/gcc/../libbanshee -I../../gcc/gcc/../libbanshee/points-to  ../../gcc/gcc/sibcall.c -o sibcall.o
stage1/xgcc -Bstage1/ -B/usr/local/gcc-3.5-cvs/armv5l-unknown-linux-gnu/bin/ -c   -g -O2  -DIN_GCC   -W -Wall -Wwrite-strings -Wstrict-prototypes -Wmissing-prototypes -pedantic -Wno-long-long  -fno-common   -DHAVE_CONFIG_H    -I. -I. -I../../gcc/gcc -I../../gcc/gcc/. -I../../gcc/gcc/../include -I../../gcc/gcc/../libbanshee/libcompat -I../../gcc/gcc/../libbanshee -I../../gcc/gcc/../libbanshee/points-to  ../../gcc/gcc/simplify-rtx.c -o simplify-rtx.o
unhandled expression in get_expr_operands():
 <truth_not_expr 0x407e03e0
    type <boolean_type 0x40147740 _Bool unsigned asm_written QI
        size <integer_cst 0x40145138 constant invariant 8>
        unit size <integer_cst 0x40145150 constant invariant 1>
        align 8 symtab 1077922424 alias set 69 precision 1 min <integer_cst 0x40145528 0> max <integer_cst 0x40145570 1>
        pointer_to_this <pointer_type 0x404182b8>>
   
    arg 0 <ssa_name 0x40b54c80 type <boolean_type 0x40147740 _Bool>
       >>

../../gcc/gcc/simplify-rtx.c: In function \`simplify_subreg':

../../gcc/gcc/simplify-rtx.c:2890: internal compiler error: in get_expr_operands, at tree-dfa.c:540
Please submit a full bug report,
with preprocessed source if appropriate.
See <URL:http://gcc.gnu.org/bugs.html> for instructions.
make[2]: *** [simplify-rtx.o] Error 1
make[2]: Leaving directory \`/usr/src/cvs-others/gcc-trees/gcc-tree-ssa-20020619-branch/build-tmp-0/gcc'
make[1]: *** [stage2_build] Error 2
make[1]: Leaving directory \`/usr/src/cvs-others/gcc-trees/gcc-tree-ssa-20020619-branch/build-tmp-0/gcc'
make: *** [bootstrap] Error 2

build mechanism : 'make'
LAST_UPDATED: Fri Oct 17 00:07:41 UTC 2003

Native configuration is armv5l-unknown-linux-gnu

		=== libmudflap tests ===


Running target unix
FAIL: libmudflap.c++/fail24-frag.cxx (test for excess errors)
WARNING: libmudflap.c++/fail24-frag.cxx compilation failed to produce executable
FAIL: libmudflap.c++/pass27-frag.cxx (test for excess errors)
WARNING: libmudflap.c++/pass27-frag.cxx compilation failed to produce executable
FAIL: libmudflap.c++/pass28-frag.cxx (test for excess errors)
WARNING: libmudflap.c++/pass28-frag.cxx compilation failed to produce executable
FAIL: libmudflap.c++/pass31-frag.cxx (test for excess errors)
WARNING: libmudflap.c++/pass31-frag.cxx compilation failed to produce executable
FAIL: libmudflap.c++/fail24-frag.cxx (-static) (test for excess errors)
WARNING: libmudflap.c++/fail24-frag.cxx (-static) compilation failed to produce executable
FAIL: libmudflap.c++/pass27-frag.cxx (-static) (test for excess errors)
WARNING: libmudflap.c++/pass27-frag.cxx (-static) compilation failed to produce executable
FAIL: libmudflap.c++/pass28-frag.cxx (-static) (test for excess errors)
WARNING: libmudflap.c++/pass28-frag.cxx (-static) compilation failed to produce executable
FAIL: libmudflap.c++/pass31-frag.cxx (-static) (test for excess errors)
WARNING: libmudflap.c++/pass31-frag.cxx (-static) compilation failed to produce executable
FAIL: libmudflap.c++/fail24-frag.cxx (-O2) (test for excess errors)
WARNING: libmudflap.c++/fail24-frag.cxx (-O2) compilation failed to produce executable
FAIL: libmudflap.c++/pass27-frag.cxx (-O2) (test for excess errors)
WARNING: libmudflap.c++/pass27-frag.cxx (-O2) compilation failed to produce executable
FAIL: libmudflap.c++/pass28-frag.cxx (-O2) (test for excess errors)
WARNING: libmudflap.c++/pass28-frag.cxx (-O2) compilation failed to produce executable
FAIL: libmudflap.c++/pass31-frag.cxx (-O2) (test for excess errors)
WARNING: libmudflap.c++/pass31-frag.cxx (-O2) compilation failed to produce executable
FAIL: libmudflap.c++/fail24-frag.cxx (-O3) (test for excess errors)
WARNING: libmudflap.c++/fail24-frag.cxx (-O3) compilation failed to produce executable
FAIL: libmudflap.c++/pass27-frag.cxx (-O3) (test for excess errors)
WARNING: libmudflap.c++/pass27-frag.cxx (-O3) compilation failed to produce executable
FAIL: libmudflap.c++/pass28-frag.cxx (-O3) (test for excess errors)
WARNING: libmudflap.c++/pass28-frag.cxx (-O3) compilation failed to produce executable
FAIL: libmudflap.c++/pass31-frag.cxx (-O3) (test for excess errors)
WARNING: libmudflap.c++/pass31-frag.cxx (-O3) compilation failed to produce executable

		=== libmudflap Summary ===

# of expected passes		952
# of unexpected failures	16
		=== gcc tests ===


Running target unix
WARNING: program timed out.
FAIL: gcc.c-torture/compile/20001226-1.c (test for excess errors)
WARNING: program timed out.
FAIL: gcc.c-torture/compile/20001226-1.c (test for excess errors)
WARNING: program timed out.
FAIL: gcc.c-torture/compile/20001226-1.c (test for excess errors)
WARNING: program timed out.
FAIL: gcc.c-torture/compile/20001226-1.c (test for excess errors)
WARNING: program timed out.
FAIL: gcc.c-torture/compile/20001226-1.c (test for excess errors)
FAIL: gcc.c-torture/compile/931102-1.c (test for excess errors)
FAIL: gcc.c-torture/compile/931102-1.c (test for excess errors)
FAIL: gcc.c-torture/compile/931102-1.c (test for excess errors)
FAIL: gcc.c-torture/compile/931102-1.c (test for excess errors)
FAIL: gcc.c-torture/compile/931102-1.c (test for excess errors)
FAIL: gcc.c-torture/compile/931102-1.c (test for excess errors)
FAIL: gcc.c-torture/execute/20000603-1.c execution,  -O3 -fomit-frame-pointer 
FAIL: gcc.c-torture/execute/20000603-1.c execution,  -O3 -g 
XPASS: gcc.c-torture/execute/20020720-1.c compilation,  -O1 
XPASS: gcc.c-torture/execute/20020720-1.c compilation,  -O2 
XPASS: gcc.c-torture/execute/20020720-1.c compilation,  -O3 -fomit-frame-pointer 
XPASS: gcc.c-torture/execute/20020720-1.c compilation,  -O3 -g 
XPASS: gcc.c-torture/execute/20020720-1.c compilation,  -Os 
FAIL: gcc.c-torture/execute/20030125-1.c execution,  -O1 
FAIL: gcc.c-torture/execute/20030125-1.c execution,  -O2 
FAIL: gcc.c-torture/execute/20030125-1.c execution,  -Os 
FAIL: gcc.c-torture/execute/20030330-1.c compilation,  -O0 
UNRESOLVED: gcc.c-torture/execute/20030330-1.c execution,  -O0 
XPASS: gcc.c-torture/execute/990208-1.c execution,  -O3 -fomit-frame-pointer 
XPASS: gcc.c-torture/execute/990208-1.c execution,  -O3 -g 
FAIL: gcc.c-torture/execute/string-opt-7.c execution,  -O1 
FAIL: gcc.c-torture/execute/string-opt-7.c execution,  -O2 
FAIL: gcc.c-torture/execute/string-opt-7.c execution,  -O3 -fomit-frame-pointer 
FAIL: gcc.c-torture/execute/string-opt-7.c execution,  -O3 -g 
FAIL: gcc.c-torture/execute/string-opt-7.c execution,  -Os 
UNRESOLVED: gcc.c-torture/execute/wchar_t-1.c execution,  -O0 
UNRESOLVED: gcc.c-torture/execute/wchar_t-1.c execution,  -O1 
UNRESOLVED: gcc.c-torture/execute/wchar_t-1.c execution,  -O2 
UNRESOLVED: gcc.c-torture/execute/wchar_t-1.c execution,  -O3 -fomit-frame-pointer 
UNRESOLVED: gcc.c-torture/execute/wchar_t-1.c execution,  -O3 -g 
UNRESOLVED: gcc.c-torture/execute/wchar_t-1.c execution,  -Os 
FAIL: gcc.c-torture/execute/ieee/fp-cmp-8.c compilation,  -O2 
UNRESOLVED: gcc.c-torture/execute/ieee/fp-cmp-8.c execution,  -O2 
FAIL: gcc.c-torture/execute/ieee/fp-cmp-8.c compilation,  -O3 -fomit-frame-pointer 
UNRESOLVED: gcc.c-torture/execute/ieee/fp-cmp-8.c execution,  -O3 -fomit-frame-pointer 
FAIL: gcc.c-torture/execute/ieee/fp-cmp-8.c compilation,  -O3 -fomit-frame-pointer -funroll-loops 
UNRESOLVED: gcc.c-torture/execute/ieee/fp-cmp-8.c execution,  -O3 -fomit-frame-pointer -funroll-loops 
FAIL: gcc.c-torture/execute/ieee/fp-cmp-8.c compilation,  -O3 -fomit-frame-pointer -funroll-all-loops -finline-functions 
UNRESOLVED: gcc.c-torture/execute/ieee/fp-cmp-8.c execution,  -O3 -fomit-frame-pointer -funroll-all-loops -finline-functions 
FAIL: gcc.c-torture/execute/ieee/fp-cmp-8.c compilation,  -O3 -g 
UNRESOLVED: gcc.c-torture/execute/ieee/fp-cmp-8.c execution,  -O3 -g 
FAIL: gcc.c-torture/execute/ieee/fp-cmp-8.c compilation,  -Os 
UNRESOLVED: gcc.c-torture/execute/ieee/fp-cmp-8.c execution,  -Os 
FAIL: gcc.dg/compat/vector-1 c_compat_x_tst.o-c_compat_y_tst.o execute 
FAIL: gcc.dg/cpp/lexident.c (test for excess errors)
FAIL: gcc.dg/debug/debug-1.c scan-assembler xyzzy
FAIL: gcc.dg/debug/debug-1.c scan-assembler xyzzy
FAIL: gcc.dg/debug/debug-1.c scan-assembler xyzzy
FAIL: gcc.dg/debug/debug-1.c scan-assembler xyzzy
FAIL: gcc.dg/debug/debug-1.c scan-assembler xyzzy
FAIL: gcc.dg/debug/debug-1.c scan-assembler xyzzy
FAIL: gcc.dg/debug/debug-2.c scan-assembler xyzzy
FAIL: gcc.dg/debug/debug-2.c scan-assembler xyzzy
FAIL: gcc.dg/debug/debug-2.c scan-assembler xyzzy
FAIL: gcc.dg/debug/debug-2.c scan-assembler xyzzy
FAIL: gcc.dg/debug/debug-2.c scan-assembler xyzzy
FAIL: gcc.dg/debug/debug-2.c scan-assembler xyzzy
FAIL: gcc.dg/20020304-1.c (test for excess errors)
FAIL: gcc.dg/20030331-2.c (test for excess errors)
FAIL: gcc.dg/Wunreachable-4.c (test for excess errors)
FAIL: gcc.dg/builtins-10.c (test for excess errors)
FAIL: gcc.dg/builtins-20.c (test for excess errors)
FAIL: gcc.dg/builtins-26.c (test for excess errors)
FAIL: gcc.dg/builtins-7.c (test for excess errors)
FAIL: gcc.dg/cleanup-1.c (test for excess errors)
FAIL: gcc.dg/pack-test-1.c (test for excess errors)
FAIL: gcc.dg/pack-test-2.c  (test for errors, line 7)
FAIL: gcc.dg/pack-test-2.c  (test for errors, line 14)
FAIL: gcc.dg/pack-test-2.c  (test for errors, line 19)
FAIL: gcc.dg/pack-test-2.c (test for excess errors)
XPASS: gcc.dg/uninit-2.c uninitialized variable warning (test for bogus messages, line 28)
XPASS: gcc.dg/uninit-4.c uninitialized variable warning (test for bogus messages, line 26)
XPASS: gcc.dg/uninit-5.c uninitialized variable warning (test for bogus messages, line 13)
XPASS: gcc.dg/uninit-5.c uninitialized variable warning (test for bogus messages, line 27)
XPASS: gcc.dg/uninit-8.c uninitialized variable warning (test for bogus messages, line 14)
FAIL: gcc.dg/uninit-D.c (test for excess errors)
FAIL: gcc.dg/warn-1.c  (test for warnings, line 8)
FAIL: gcc.dg/warn-1.c  (test for warnings, line 15)
FAIL: gcc.dg/format/c99-printf-1.c %hhn unsigned char (test for warnings, line 196)
FAIL: gcc.dg/format/c99-printf-1.c (test for excess errors)
FAIL: gcc.dg/torture/builtin-explog-1.c (test for excess errors)
FAIL: gcc.dg/torture/builtin-explog-1.c (test for excess errors)
FAIL: gcc.dg/torture/builtin-explog-1.c (test for excess errors)
FAIL: gcc.dg/torture/builtin-explog-1.c (test for excess errors)
FAIL: gcc.dg/torture/builtin-explog-1.c (test for excess errors)
FAIL: gcc.dg/torture/builtin-explog-1.c (test for excess errors)
FAIL: gcc.dg/tree-ssa/20030703-2.c scan-tree-dump-times if  1
FAIL: gcc.dg/tree-ssa/20030708-1.c scan-tree-dump-times \\(short unsigned int\\) 0
FAIL: gcc.dg/tree-ssa/20030708-1.c scan-tree-dump-times if  0
FAIL: gcc.dg/tree-ssa/20030714-2.c scan-tree-dump-times if  3
FAIL: gcc.dg/tree-ssa/20030731-1.c scan-tree-dump-times target.*!= 0 0
FAIL: gcc.dg/tree-ssa/20030807-3.c scan-tree-dump-times if  2
FAIL: gcc.dg/tree-ssa/20030807-4.c scan-tree-dump-times if  2
FAIL: gcc.dg/tree-ssa/20030807-7.c scan-tree-dump-times if  1
FAIL: gcc.dg/tree-ssa/20030808-1.c scan-tree-dump-times ->code 0
FAIL: gcc.dg/tree-ssa/20030808-1.c scan-tree-dump-times if  0
FAIL: gcc.dg/tree-ssa/20030814-6.c scan-tree-dump-times common.code 1
FAIL: gcc.dg/tree-ssa/20030824-2.c scan-tree-dump-times return y \\+ x 1
FAIL: gcc.dg/tree-ssa/20030922-2.c scan-tree-dump-times if  2
FAIL: gcc.dg/tree-ssa/ssa-ccp-2.c scan-tree-dump-times link_error 0
FAIL: gcc.dg/tree-ssa/ssa-ccp-3.c scan-tree-dump-times link_error 0
FAIL: gcc.dg/tree-ssa/ssa-ccp-4.c scan-tree-dump-times link_error 0
FAIL: gcc.dg/tree-ssa/ssa-ccp-5.c scan-tree-dump-times link_error 0
FAIL: gcc.dg/tree-ssa/ssa-ccp-6.c scan-tree-dump-times link_error 0
FAIL: gcc.dg/tree-ssa/ssa-ccp-8.c scan-tree-dump-times link_error 0
FAIL: 209: expected branch percentages not found: 25
FAIL: gcc.misc-tests/gcov-4b.c gcov: 0 failures in line counts, 1 in branch percentages, 0 in return percentages

		=== gcc Summary ===

# of expected passes		23665
# of unexpected failures	87
# of unexpected successes	12
# of expected failures		73
# of unresolved testcases	13
# of untested testcases		7
# of unsupported tests		270
/usr/src/cvs-others/gcc-trees/gcc-tree-ssa-20020619-branch/build-tmp-0/gcc/xgcc version 3.5-tree-ssa 20031016 (merged 20031005)


Compiler version: 3.5-tree-ssa 20031016 (merged 20031005) 
Platform: armv5l-unknown-linux-gnu
configure flags: --prefix=/usr/local/gcc-3.5-cvs --enable-languages=c --disable-werror --with-libbanshee


Index Nav: [Date Index] [Subject Index] [Author Index] [Thread Index]
Message Nav: [Date Prev] [Date Next] [Thread Prev] [Thread Next]