This is the mail archive of the
gcc-testresults@gcc.gnu.org
mailing list for the GCC project.
Results for 3.3.1 testsuite on sparc-sun-solaris2.9
- From: Hugh Sasse Staff Elec Eng <hgs at dmu dot ac dot uk>
- To: gcc-testresults at gcc dot gnu dot org
- Date: Thu, 16 Oct 2003 14:14:40 +0100
- Subject: Results for 3.3.1 testsuite on sparc-sun-solaris2.9
LAST_UPDATED:
Native configuration is sparc-sun-solaris2.9
=== g++ tests ===
Running target unix
XPASS: g++.dg/special/conpr-2.C execution test
XPASS: g++.dg/special/initp1.C execution test
=== g++ Summary ===
# of expected passes 8039
# of unexpected successes 2
# of expected failures 96
# of untested testcases 21
# of unsupported tests 26
/export/home/Scratch/hgs/gcc-build/gcc/testsuite/../g++ version 3.3.1
=== g77 tests ===
Running target unix
=== g77 Summary ===
# of expected passes 1686
# of unsupported tests 8
/export/home/Scratch/hgs/gcc-build/gcc/testsuite/../g77 version 3.3.1
=== gcc tests ===
Running target unix
WARNING: program timed out.
FAIL: gcc.c-torture/compile/20001226-1.c, -O3 -g
WARNING: gcc.dg/20021014-1.c compilation failed to produce executable
FAIL: gcc.dg/duff-2.c (test for excess errors)
=== gcc Summary ===
# of expected passes 20885
# of unexpected failures 2
# of expected failures 67
# of unsupported tests 164
/export/home/Scratch/hgs/gcc-build/gcc/xgcc version 3.3.1
=== objc tests ===
Running target unix
=== objc Summary ===
# of expected passes 1153
/export/home/Scratch/hgs/gcc-build/gcc/xgcc version 3.3.1
=== libstdc++-v3 tests ===
Running target unix
=== libstdc++-v3 Summary ===
# of expected passes 429
# of expected failures 18
Compiler version: 3.3.1
Platform: sparc-sun-solaris2.9
configure flags: --host=sparc-sun-solaris2.9 --with-as=/usr/local/bin/as --with-ld=/usr/local/bin/ld --disable-nls