This is the mail archive of the
gcc-testresults@gcc.gnu.org
mailing list for the GCC project.
Results for 3.5-tree-ssa20031013(merged20031005) testsuite on alphaev67-unknown-linux-gnu
- From: Richard Henderson <rth at twiddle dot net>
- To: gcc-testresults at gcc dot gnu dot org
- Date: Mon, 13 Oct 2003 01:25:59 -0700
- Subject: Results for 3.5-tree-ssa20031013(merged20031005) testsuite on alphaev67-unknown-linux-gnu
LAST_UPDATED: Mon Oct 13 00:21:29 UTC 2003
Native configuration is alphaev67-unknown-linux-gnu
=== libffi tests ===
Running target unix
=== libffi Summary ===
# of expected passes 125
# of unsupported tests 2
=== libjava tests ===
Running target unix
FAIL: G19990210_3 compilation from bytecode
FAIL: G19990210_3 -O3 compilation from bytecode
FAIL: G19990217_01 compilation from bytecode
FAIL: G19990217_01 -O3 compilation from bytecode
FAIL: PR232B compilation from bytecode
FAIL: PR232B -O3 compilation from bytecode
FAIL: T20020604 compilation from bytecode
FAIL: T20020604 -O3 compilation from bytecode
FAIL: assignment_2 compilation from bytecode
FAIL: assignment_2 -O3 compilation from bytecode
FAIL: Array_1 -O3 execution - bytecode->native test
FAIL: Array_2 execution - bytecode->native test
FAIL: Array_3 execution - source compiled test
FAIL: Array_3 execution - gij test
FAIL: Array_3 execution - bytecode->native test
FAIL: Array_3 -O3 execution - source compiled test
FAIL: Array_3 execution - gij test
FAIL: Array_3 -O3 execution - bytecode->native test
FAIL: G19990310_01 compilation from bytecode
FAIL: G19990310_01 -O3 compilation from bytecode
FAIL: InterfaceDispatch -O3 output - bytecode->native test
FAIL: Invoke_1 execution - source compiled test
FAIL: Invoke_1 execution - bytecode->native test
FAIL: Invoke_1 -O3 execution - source compiled test
FAIL: Invoke_1 -O3 execution - bytecode->native test
FAIL: N19990310_02 -O3 output - bytecode->native test
FAIL: PR141 output - bytecode->native test
FAIL: PR141 -O3 output - bytecode->native test
FAIL: PR160 -O3 execution - bytecode->native test
FAIL: Shazam compilation from bytecode
FAIL: Shazam -O3 compilation from bytecode
FAIL: SyncGlobal compilation from bytecode
FAIL: SyncGlobal -O3 compilation from bytecode
WARNING: program timed out.
FAIL: SyncTest execution - source compiled test
FAIL: SyncTest execution - gij test
FAIL: SyncTest compilation from bytecode
WARNING: program timed out.
FAIL: SyncTest -O3 execution - source compiled test
FAIL: SyncTest execution - gij test
FAIL: SyncTest -O3 compilation from bytecode
FAIL: Thread_Alive compilation from bytecode
FAIL: Thread_Alive -O3 compilation from bytecode
WARNING: program timed out.
FAIL: Thread_Interrupt execution - gij test
FAIL: Thread_Interrupt compilation from bytecode
FAIL: Thread_Interrupt -O3 execution - source compiled test
WARNING: program timed out.
FAIL: Thread_Interrupt execution - gij test
FAIL: Thread_Interrupt -O3 compilation from bytecode
WARNING: program timed out.
FAIL: Thread_Monitor execution - source compiled test
WARNING: program timed out.
FAIL: Thread_Monitor execution - gij test
FAIL: Thread_Monitor compilation from bytecode
WARNING: program timed out.
FAIL: Thread_Monitor -O3 execution - source compiled test
WARNING: program timed out.
FAIL: Thread_Monitor execution - gij test
FAIL: Thread_Monitor -O3 compilation from bytecode
FAIL: Thread_Wait compilation from bytecode
FAIL: Thread_Wait -O3 compilation from bytecode
FAIL: Thread_Wait_2 compilation from bytecode
FAIL: Thread_Wait_2 -O3 compilation from bytecode
FAIL: Thread_Wait_Interrupt compilation from bytecode
FAIL: Thread_Wait_Interrupt -O3 compilation from bytecode
FAIL: err11 -O3 execution - bytecode->native test
FAIL: err3 output - source compiled test
FAIL: err3 -O3 output - source compiled test
FAIL: initexc execution - gij test
FAIL: initexc execution - gij test
FAIL: pr83 compilation from bytecode
FAIL: pr83 -O3 compilation from bytecode
=== libjava Summary ===
# of expected passes 2979
# of unexpected failures 65
# of expected failures 10
# of untested testcases 79
=== libmudflap tests ===
Running target unix
FAIL: libmudflap.c/fail18-frag.c (test for excess errors)
WARNING: libmudflap.c/fail18-frag.c compilation failed to produce executable
FAIL: libmudflap.c/fail18-frag.c (-O2) (test for excess errors)
WARNING: libmudflap.c/fail18-frag.c (-O2) compilation failed to produce executable
FAIL: libmudflap.c/fail18-frag.c (-O3) (test for excess errors)
WARNING: libmudflap.c/fail18-frag.c (-O3) compilation failed to produce executable
FAIL: libmudflap.cth/pass40-frag.c (test for excess errors)
WARNING: libmudflap.cth/pass40-frag.c compilation failed to produce executable
FAIL: libmudflap.cth/pass40-frag.c (-O2) (test for excess errors)
WARNING: libmudflap.cth/pass40-frag.c (-O2) compilation failed to produce executable
FAIL: libmudflap.cth/pass40-frag.c (-O3) (test for excess errors)
WARNING: libmudflap.cth/pass40-frag.c (-O3) compilation failed to produce executable
=== libmudflap Summary ===
# of expected passes 970
# of unexpected failures 6
=== libstdc++ tests ===
Running target unix
FAIL: 22_locale/locale/cons/12438.cc execution test
FAIL: 23_containers/deque/cons/2.cc execution test
FAIL: 23_containers/vector/cons/4.cc execution test
FAIL: 26_numerics/fabs_inline.cc (test for excess errors)
WARNING: 26_numerics/fabs_inline.cc compilation failed to produce executable
FAIL: demangle/abi_examples/13.cc execution test
FAIL: demangle/abi_examples/14.cc execution test
FAIL: demangle/abi_examples/19.cc execution test
FAIL: demangle/abi_examples/20.cc execution test
FAIL: demangle/abi_examples/21.cc execution test
FAIL: demangle/abi_examples/22.cc execution test
FAIL: demangle/abi_text/02.cc execution test
FAIL: demangle/regression/8897.cc execution test
FAIL: demangle/regression/cw-01.cc execution test
FAIL: demangle/regression/cw-03.cc execution test
FAIL: demangle/regression/cw-04.cc execution test
FAIL: demangle/regression/cw-05.cc execution test
FAIL: demangle/regression/cw-07.cc execution test
FAIL: demangle/regression/cw-08.cc execution test
FAIL: demangle/regression/cw-10.cc execution test
FAIL: ext/stdio_sync_filebuf_wchar_t.cc execution test
=== libstdc++ Summary ===
# of expected passes 2124
# of unexpected failures 20
# of expected failures 12
=== g++ tests ===
Running target unix
WARNING: program timed out.
FAIL: g++.dg/eh/cleanup1.C (test for excess errors)
XPASS: g++.dg/ext/lvalue1.C not an lvalue (test for errors, line 7)
FAIL: g++.dg/ext/pretty1.C scan-assembler top level
FAIL: g++.dg/ext/pretty2.C (test for excess errors)
WARNING: g++.dg/ext/pretty2.C compilation failed to produce executable
WARNING: g++.dg/ext/stmtexpr1.C compilation failed to produce executable
FAIL: g++.dg/opt/nrv3.C execution test
XPASS: g++.dg/parse/stack1.C (test for excess errors)
XPASS: g++.dg/warn/Wunused-2.C (test for warnings, line 5)
FAIL: 23:is 2:should be 1
FAIL: g++.dg/gcov/gcov-2.C gcov: 1 failures in line counts, 0 in branch percentages, 0 in return percentages
FAIL: 14:is 3:should be 1
FAIL: g++.dg/gcov/gcov-3.C gcov: 1 failures in line counts, 0 in branch percentages, 0 in return percentages
FAIL: g++.old-deja/g++.brendan/crash30.C (test for excess errors)
WARNING: g++.old-deja/g++.mike/p10769a.C compilation failed to produce executable
WARNING: g++.old-deja/g++.other/enum5.C compilation failed to produce executable
FAIL: g++.old-deja/g++.other/vaarg3.C (test for errors, line 23)
FAIL: g++.old-deja/g++.other/vaarg3.C (test for errors, line 26)
WARNING: g++.old-deja/g++.pt/friend44.C compilation failed to produce executable
=== g++ Summary ===
# of expected passes 8987
# of unexpected failures 11
# of unexpected successes 3
# of expected failures 61
# of unsupported tests 59
/home/rth/work/gcc/build/ssa/gcc/testsuite/../g++ version 3.5-tree-ssa 20031013 (merged 20031005)
=== gcc tests ===
Running target unix
WARNING: program timed out.
FAIL: gcc.c-torture/compile/20001226-1.c (test for excess errors)
FAIL: gcc.c-torture/execute/20000603-1.c execution, -O3 -fomit-frame-pointer
FAIL: gcc.c-torture/execute/20000603-1.c execution, -O3 -g
FAIL: gcc.c-torture/execute/20030330-1.c compilation, -O0
UNRESOLVED: gcc.c-torture/execute/20030330-1.c execution, -O0
XPASS: gcc.c-torture/execute/930529-1.c execution, -O3 -fomit-frame-pointer
XPASS: gcc.c-torture/execute/930529-1.c execution, -O3 -fomit-frame-pointer -funroll-loops
XPASS: gcc.c-torture/execute/930529-1.c execution, -O3 -fomit-frame-pointer -funroll-all-loops -finline-functions
XPASS: gcc.c-torture/execute/930529-1.c execution, -O3 -g
FAIL: gcc.c-torture/execute/simd-2.c execution, -O3 -fomit-frame-pointer
FAIL: gcc.c-torture/execute/simd-2.c execution, -O3 -g
FAIL: gcc.c-torture/execute/string-opt-7.c execution, -O1
FAIL: gcc.c-torture/execute/string-opt-7.c execution, -O2
FAIL: gcc.c-torture/execute/string-opt-7.c execution, -O3 -fomit-frame-pointer
FAIL: gcc.c-torture/execute/string-opt-7.c execution, -O3 -g
FAIL: gcc.c-torture/execute/string-opt-7.c execution, -Os
UNRESOLVED: gcc.c-torture/execute/wchar_t-1.c execution, -O0
UNRESOLVED: gcc.c-torture/execute/wchar_t-1.c execution, -O1
UNRESOLVED: gcc.c-torture/execute/wchar_t-1.c execution, -O2
UNRESOLVED: gcc.c-torture/execute/wchar_t-1.c execution, -O3 -fomit-frame-pointer
UNRESOLVED: gcc.c-torture/execute/wchar_t-1.c execution, -O3 -g
UNRESOLVED: gcc.c-torture/execute/wchar_t-1.c execution, -Os
FAIL: gcc.dg/cpp/cmdlne-M.c (test for excess errors)
FAIL: gcc.dg/cpp/cmdlne-dD-M.c (test for excess errors)
ERROR: gcc.dg/cpp/cmdlne-dD-M.c: error executing dg-final: couldn't open "cmdlne-dD-M.i": no such file or directory
UNRESOLVED: gcc.dg/cpp/cmdlne-dD-M.c: error executing dg-final: couldn't open "cmdlne-dD-M.i": no such file or directory
FAIL: gcc.dg/cpp/cmdlne-dI-M.c (test for excess errors)
ERROR: gcc.dg/cpp/cmdlne-dI-M.c: error executing dg-final: couldn't open "cmdlne-dI-M.i": no such file or directory
UNRESOLVED: gcc.dg/cpp/cmdlne-dI-M.c: error executing dg-final: couldn't open "cmdlne-dI-M.i": no such file or directory
FAIL: gcc.dg/cpp/cmdlne-dM-M.c (test for excess errors)
ERROR: gcc.dg/cpp/cmdlne-dM-M.c: error executing dg-final: couldn't open "cmdlne-dM-M.i": no such file or directory
UNRESOLVED: gcc.dg/cpp/cmdlne-dM-M.c: error executing dg-final: couldn't open "cmdlne-dM-M.i": no such file or directory
FAIL: gcc.dg/cpp/cmdlne-dN-M.c (test for excess errors)
ERROR: gcc.dg/cpp/cmdlne-dN-M.c: error executing dg-final: couldn't open "cmdlne-dN-M.i": no such file or directory
UNRESOLVED: gcc.dg/cpp/cmdlne-dN-M.c: error executing dg-final: couldn't open "cmdlne-dN-M.i": no such file or directory
FAIL: gcc.dg/20010516-1.c (test for excess errors)
FAIL: gcc.dg/20020304-1.c (test for excess errors)
FAIL: gcc.dg/20030331-2.c (test for excess errors)
FAIL: gcc.dg/20030711-1.c execution test
FAIL: gcc.dg/Wpadded.c (test for excess errors)
FAIL: gcc.dg/Wunreachable-4.c (test for excess errors)
FAIL: gcc.dg/asm-7.c (test for warnings, line 15)
FAIL: gcc.dg/asm-7.c (test for warnings, line 16)
FAIL: gcc.dg/asm-7.c (test for warnings, line 25)
FAIL: gcc.dg/asm-7.c (test for excess errors)
FAIL: gcc.dg/attr-warn-unused-result.c (test for warnings, line 60)
FAIL: gcc.dg/attr-warn-unused-result.c (test for warnings, line 61)
FAIL: gcc.dg/attr-warn-unused-result.c (test for warnings, line 62)
FAIL: gcc.dg/attr-warn-unused-result.c (test for warnings, line 100)
FAIL: gcc.dg/attr-warn-unused-result.c (test for warnings, line 101)
FAIL: gcc.dg/attr-warn-unused-result.c (test for warnings, line 102)
FAIL: gcc.dg/attr-warn-unused-result.c (test for warnings, line 110)
FAIL: gcc.dg/attr-warn-unused-result.c (test for warnings, line 111)
FAIL: gcc.dg/attr-warn-unused-result.c (test for warnings, line 112)
FAIL: gcc.dg/attr-warn-unused-result.c (test for warnings, line 120)
FAIL: gcc.dg/attr-warn-unused-result.c (test for warnings, line 121)
FAIL: gcc.dg/attr-warn-unused-result.c (test for warnings, line 122)
FAIL: gcc.dg/attr-warn-unused-result.c (test for warnings, line 127)
FAIL: gcc.dg/attr-warn-unused-result.c (test for warnings, line 128)
FAIL: gcc.dg/attr-warn-unused-result.c (test for warnings, line 129)
FAIL: gcc.dg/attr-warn-unused-result.c (test for warnings, line 185)
FAIL: gcc.dg/attr-warn-unused-result.c (test for warnings, line 186)
FAIL: gcc.dg/attr-warn-unused-result.c (test for warnings, line 187)
FAIL: gcc.dg/builtins-10.c (test for excess errors)
FAIL: gcc.dg/builtins-26.c (test for excess errors)
FAIL: gcc.dg/builtins-7.c (test for excess errors)
FAIL: gcc.dg/cleanup-1.c (test for excess errors)
FAIL: gcc.dg/cleanup-9.c execution test
FAIL: gcc.dg/intermod-1.c scan-assembler-not foo[1-9]\\.
FAIL: gcc.dg/noreturn-1.c detect falling off end of noreturn (test for warnings, line 10)
FAIL: gcc.dg/noreturn-1.c (test for excess errors)
FAIL: gcc.dg/return-type-1.c warning for falling off end of non-void function (test for warnings, line 8)
FAIL: gcc.dg/return-type-1.c (test for excess errors)
XPASS: gcc.dg/uninit-2.c uninitialized variable warning (test for bogus messages, line 28)
XPASS: gcc.dg/uninit-4.c uninitialized variable warning (test for bogus messages, line 26)
XPASS: gcc.dg/uninit-5.c uninitialized variable warning (test for bogus messages, line 13)
XPASS: gcc.dg/uninit-5.c uninitialized variable warning (test for bogus messages, line 27)
XPASS: gcc.dg/uninit-8.c uninitialized variable warning (test for bogus messages, line 14)
FAIL: gcc.dg/uninit-A.c uninitialized variable warning (test for bogus messages, line 52)
FAIL: gcc.dg/uninit-A.c uninitialized variable warning (test for bogus messages, line 53)
FAIL: gcc.dg/uninit-D.c (test for excess errors)
FAIL: gcc.dg/warn-1.c (test for warnings, line 8)
FAIL: gcc.dg/warn-1.c (test for warnings, line 15)
FAIL: gcc.dg/torture/builtin-attr-1.c (test for excess errors)
FAIL: gcc.dg/torture/builtin-explog-1.c (test for excess errors)
FAIL: gcc.dg/torture/builtin-explog-1.c (test for excess errors)
FAIL: gcc.dg/torture/builtin-explog-1.c (test for excess errors)
FAIL: gcc.dg/torture/builtin-explog-1.c (test for excess errors)
FAIL: gcc.dg/torture/builtin-explog-1.c (test for excess errors)
FAIL: gcc.dg/torture/builtin-explog-1.c (test for excess errors)
FAIL: gcc.dg/tree-ssa/20030703-2.c scan-tree-dump-times if 1
FAIL: gcc.dg/tree-ssa/20030708-1.c scan-tree-dump-times \\(short unsigned int\\) 0
FAIL: gcc.dg/tree-ssa/20030708-1.c scan-tree-dump-times if 0
FAIL: gcc.dg/tree-ssa/20030714-2.c scan-tree-dump-times if 3
FAIL: gcc.dg/tree-ssa/20030730-1.c (test for excess errors)
FAIL: gcc.dg/tree-ssa/20030730-2.c (test for excess errors)
FAIL: gcc.dg/tree-ssa/20030731-1.c scan-tree-dump-times target.*!= 0 0
FAIL: gcc.dg/tree-ssa/20030807-3.c scan-tree-dump-times if 2
FAIL: gcc.dg/tree-ssa/20030807-4.c scan-tree-dump-times if 2
FAIL: gcc.dg/tree-ssa/20030807-7.c scan-tree-dump-times if 1
FAIL: gcc.dg/tree-ssa/20030808-1.c scan-tree-dump-times ->code 0
FAIL: gcc.dg/tree-ssa/20030808-1.c scan-tree-dump-times if 0
FAIL: gcc.dg/tree-ssa/20030814-5.c scan-tree-dump-times pointer_alias_set 1
FAIL: gcc.dg/tree-ssa/20030814-6.c scan-tree-dump-times common.code 1
FAIL: gcc.dg/tree-ssa/20030815-1.c scan-tree-dump-times \\(struct rtx_def \\* \\*\\) 0
FAIL: gcc.dg/tree-ssa/20030824-2.c scan-tree-dump-times return y \\+ x 1
FAIL: gcc.dg/tree-ssa/20030917-2.c (test for excess errors)
FAIL: gcc.dg/tree-ssa/20030922-2.c scan-tree-dump-times if 2
FAIL: gcc.dg/tree-ssa/ssa-ccp-2.c scan-tree-dump-times link_error 0
FAIL: gcc.dg/tree-ssa/ssa-ccp-3.c scan-tree-dump-times link_error 0
FAIL: gcc.dg/tree-ssa/ssa-ccp-4.c scan-tree-dump-times link_error 0
FAIL: gcc.dg/tree-ssa/ssa-ccp-5.c scan-tree-dump-times link_error 0
FAIL: gcc.dg/tree-ssa/ssa-ccp-6.c scan-tree-dump-times link_error 0
FAIL: gcc.dg/tree-ssa/ssa-ccp-8.c scan-tree-dump-times link_error 0
=== gcc Summary ===
# of expected passes 24380
# of unexpected failures 90
# of unexpected successes 9
# of expected failures 76
# of unresolved testcases 11
# of untested testcases 7
# of unsupported tests 258
/home/rth/work/gcc/build/ssa/gcc/xgcc version 3.5-tree-ssa 20031013 (merged 20031005)
=== gfortran tests ===
Running target unix
FAIL: gfortran.fortran-torture/execute/forall_3.f90 execution, -O0
FAIL: gfortran.fortran-torture/execute/forall_3.f90 execution, -O1
FAIL: gfortran.fortran-torture/execute/forall_3.f90 execution, -O2
FAIL: gfortran.fortran-torture/execute/forall_3.f90 execution, -O2 -fomit-frame-pointer -finline-functions
FAIL: gfortran.fortran-torture/execute/forall_3.f90 execution, -O2 -fomit-frame-pointer -finline-functions -funroll-loops
FAIL: gfortran.fortran-torture/execute/forall_3.f90 execution, -O2 -fomit-frame-pointer -finline-functions -funroll-all-loops
FAIL: gfortran.fortran-torture/execute/forall_3.f90 execution, -O2 -fno-repack-arrays
FAIL: gfortran.fortran-torture/execute/forall_3.f90 execution, -O2 -fg77-calls
FAIL: gfortran.fortran-torture/execute/forall_3.f90 execution, -O3 -g
FAIL: gfortran.fortran-torture/execute/forall_3.f90 execution, -Os
FAIL: gfortran.fortran-torture/execute/intrinsic_abs.f90 execution, -O0
FAIL: gfortran.fortran-torture/execute/intrinsic_abs.f90 execution, -O1
FAIL: gfortran.fortran-torture/execute/intrinsic_abs.f90 execution, -O2
FAIL: gfortran.fortran-torture/execute/intrinsic_abs.f90 execution, -O2 -fomit-frame-pointer -finline-functions
FAIL: gfortran.fortran-torture/execute/intrinsic_abs.f90 execution, -O2 -fomit-frame-pointer -finline-functions -funroll-loops
FAIL: gfortran.fortran-torture/execute/intrinsic_abs.f90 execution, -O2 -fomit-frame-pointer -finline-functions -funroll-all-loops
FAIL: gfortran.fortran-torture/execute/intrinsic_abs.f90 execution, -O2 -fno-repack-arrays
FAIL: gfortran.fortran-torture/execute/intrinsic_abs.f90 execution, -O2 -fg77-calls
FAIL: gfortran.fortran-torture/execute/intrinsic_abs.f90 execution, -O3 -g
FAIL: gfortran.fortran-torture/execute/intrinsic_abs.f90 execution, -Os
FAIL: gfortran.fortran-torture/execute/intrinsic_fraction_exponent.f90 execution, -O0
FAIL: gfortran.fortran-torture/execute/intrinsic_fraction_exponent.f90 execution, -O1
FAIL: gfortran.fortran-torture/execute/intrinsic_fraction_exponent.f90 execution, -O2
FAIL: gfortran.fortran-torture/execute/intrinsic_fraction_exponent.f90 execution, -O2 -fomit-frame-pointer -finline-functions
FAIL: gfortran.fortran-torture/execute/intrinsic_fraction_exponent.f90 execution, -O2 -fomit-frame-pointer -finline-functions -funroll-loops
FAIL: gfortran.fortran-torture/execute/intrinsic_fraction_exponent.f90 execution, -O2 -fomit-frame-pointer -finline-functions -funroll-all-loops
FAIL: gfortran.fortran-torture/execute/intrinsic_fraction_exponent.f90 execution, -O2 -fno-repack-arrays
FAIL: gfortran.fortran-torture/execute/intrinsic_fraction_exponent.f90 execution, -O2 -fg77-calls
FAIL: gfortran.fortran-torture/execute/intrinsic_fraction_exponent.f90 execution, -O3 -g
FAIL: gfortran.fortran-torture/execute/intrinsic_fraction_exponent.f90 execution, -Os
FAIL: gfortran.fortran-torture/execute/intrinsic_nearest.f90 execution, -O0
FAIL: gfortran.fortran-torture/execute/intrinsic_nearest.f90 execution, -O1
FAIL: gfortran.fortran-torture/execute/intrinsic_nearest.f90 execution, -O2
FAIL: gfortran.fortran-torture/execute/intrinsic_nearest.f90 execution, -O2 -fomit-frame-pointer -finline-functions
FAIL: gfortran.fortran-torture/execute/intrinsic_nearest.f90 execution, -O2 -fomit-frame-pointer -finline-functions -funroll-loops
FAIL: gfortran.fortran-torture/execute/intrinsic_nearest.f90 execution, -O2 -fomit-frame-pointer -finline-functions -funroll-all-loops
FAIL: gfortran.fortran-torture/execute/intrinsic_nearest.f90 execution, -O2 -fno-repack-arrays
FAIL: gfortran.fortran-torture/execute/intrinsic_nearest.f90 execution, -O2 -fg77-calls
FAIL: gfortran.fortran-torture/execute/intrinsic_nearest.f90 execution, -O3 -g
FAIL: gfortran.fortran-torture/execute/intrinsic_nearest.f90 execution, -Os
FAIL: gfortran.fortran-torture/execute/intrinsic_spacing.f90 execution, -O0
FAIL: gfortran.fortran-torture/execute/intrinsic_spacing.f90 execution, -O1
FAIL: gfortran.fortran-torture/execute/intrinsic_spacing.f90 execution, -O2
FAIL: gfortran.fortran-torture/execute/intrinsic_spacing.f90 execution, -O2 -fomit-frame-pointer -finline-functions
FAIL: gfortran.fortran-torture/execute/intrinsic_spacing.f90 execution, -O2 -fomit-frame-pointer -finline-functions -funroll-loops
FAIL: gfortran.fortran-torture/execute/intrinsic_spacing.f90 execution, -O2 -fomit-frame-pointer -finline-functions -funroll-all-loops
FAIL: gfortran.fortran-torture/execute/intrinsic_spacing.f90 execution, -O2 -fno-repack-arrays
FAIL: gfortran.fortran-torture/execute/intrinsic_spacing.f90 execution, -O2 -fg77-calls
FAIL: gfortran.fortran-torture/execute/intrinsic_spacing.f90 execution, -O3 -g
FAIL: gfortran.fortran-torture/execute/intrinsic_spacing.f90 execution, -Os
FAIL: gfortran.fortran-torture/execute/power.f90 execution, -O0
FAIL: gfortran.fortran-torture/execute/power.f90 execution, -O1
FAIL: gfortran.fortran-torture/execute/power.f90 execution, -O2
FAIL: gfortran.fortran-torture/execute/power.f90 execution, -O2 -fomit-frame-pointer -finline-functions
FAIL: gfortran.fortran-torture/execute/power.f90 execution, -O2 -fomit-frame-pointer -finline-functions -funroll-loops
FAIL: gfortran.fortran-torture/execute/power.f90 execution, -O2 -fomit-frame-pointer -finline-functions -funroll-all-loops
FAIL: gfortran.fortran-torture/execute/power.f90 execution, -O2 -fno-repack-arrays
FAIL: gfortran.fortran-torture/execute/power.f90 execution, -O2 -fg77-calls
FAIL: gfortran.fortran-torture/execute/power.f90 execution, -O3 -g
FAIL: gfortran.fortran-torture/execute/power.f90 execution, -Os
FAIL: gfortran.fortran-torture/execute/specifics.f90 execution, -O0
FAIL: gfortran.fortran-torture/execute/specifics.f90 execution, -O1
FAIL: gfortran.fortran-torture/execute/specifics.f90 execution, -O2
FAIL: gfortran.fortran-torture/execute/specifics.f90 execution, -O2 -fomit-frame-pointer -finline-functions
FAIL: gfortran.fortran-torture/execute/specifics.f90 execution, -O2 -fomit-frame-pointer -finline-functions -funroll-loops
FAIL: gfortran.fortran-torture/execute/specifics.f90 execution, -O2 -fomit-frame-pointer -finline-functions -funroll-all-loops
FAIL: gfortran.fortran-torture/execute/specifics.f90 execution, -O2 -fno-repack-arrays
FAIL: gfortran.fortran-torture/execute/specifics.f90 execution, -O2 -fg77-calls
FAIL: gfortran.fortran-torture/execute/specifics.f90 execution, -O3 -g
FAIL: gfortran.fortran-torture/execute/specifics.f90 execution, -Os
FAIL: gfortran.fortran-torture/execute/where_3.f90 compilation, -O1
FAIL: gfortran.fortran-torture/execute/where_3.f90 compilation, -O2
FAIL: gfortran.fortran-torture/execute/where_3.f90 compilation, -O2 -fomit-frame-pointer -finline-functions
FAIL: gfortran.fortran-torture/execute/where_3.f90 compilation, -O2 -fomit-frame-pointer -finline-functions -funroll-loops
FAIL: gfortran.fortran-torture/execute/where_3.f90 compilation, -O2 -fomit-frame-pointer -finline-functions -funroll-all-loops
FAIL: gfortran.fortran-torture/execute/where_3.f90 compilation, -O2 -fno-repack-arrays
FAIL: gfortran.fortran-torture/execute/where_3.f90 compilation, -O2 -fg77-calls
FAIL: gfortran.fortran-torture/execute/where_3.f90 compilation, -O3 -g
FAIL: gfortran.fortran-torture/execute/where_3.f90 compilation, -Os
=== gfortran Summary ===
# of expected passes 2102
# of unexpected failures 79
# of untested testcases 9
/home/rth/work/gcc/build/ssa/gcc/testsuite/../gfortran version 3.5-tree-ssa 20031013 (merged 20031005)
Compiler version: 3.5-tree-ssa20031013(merged20031005)
Platform: alphaev67-unknown-linux-gnu
configure flags: --prefix=/home/rth/work/run --enable-threads --enable-clocale=gnu --enable-languages=c,c++,f95,java --with-libbanshee