This is the mail archive of the
gcc-testresults@gcc.gnu.org
mailing list for the GCC project.
Results for 3.4 20031011 (experimental) testsuite on powerpc-unknown-linux-gnu
- From: Toon Moene <toon at moene dot indiv dot nluug dot nl>
- To: gcc-testresults at gcc dot gnu dot org
- Date: Sun, 12 Oct 2003 08:32:56 +0200
- Subject: Results for 3.4 20031011 (experimental) testsuite on powerpc-unknown-linux-gnu
LAST_UPDATED:
Native configuration is powerpc-unknown-linux-gnu
=== g++ tests ===
Running target unix
XPASS: g++.dg/ext/lvalue1.C not an lvalue (test for errors, line 7)
FAIL: g++.dg/ext/pretty1.C scan-assembler top level
FAIL: g++.dg/ext/pretty2.C (test for excess errors)
WARNING: g++.dg/ext/pretty2.C compilation failed to produce executable
XPASS: g++.dg/other/packed1.C execution test
FAIL: g++.dg/parse/crash10.C (test for errors, line 14)
XPASS: g++.dg/warn/Wunused-2.C (test for warnings, line 5)
WARNING: g++.old-deja/g++.mike/p10769a.C compilation failed to produce executable
WARNING: g++.old-deja/g++.other/enum5.C compilation failed to produce executable
WARNING: g++.old-deja/g++.pt/friend44.C compilation failed to produce executable
=== g++ Summary ===
# of expected passes 8996
# of unexpected failures 3
# of unexpected successes 3
# of expected failures 60
# of unsupported tests 61
/home/toon/compilers/snapshots/obj/gcc/testsuite/../g++ version 3.4 20031011 (experimental)
=== g77 tests ===
Running target unix
FAIL: g77.f-torture/execute/980520-1.f compilation, -O0
=== g77 Summary ===
# of expected passes 1752
# of unexpected failures 1
# of untested testcases 1
# of unsupported tests 6
/home/toon/compilers/snapshots/obj/gcc/testsuite/../g77 version 3.4 20031011 (experimental)
=== gcc tests ===
Running target unix
WARNING: program timed out.
FAIL: gcc.c-torture/compile/20001226-1.c (test for excess errors)
FAIL: gcc.c-torture/execute/20030125-1.c execution, -O1
FAIL: gcc.c-torture/execute/20030125-1.c execution, -O2
FAIL: gcc.c-torture/execute/20030125-1.c execution, -O3 -fomit-frame-pointer
FAIL: gcc.c-torture/execute/20030125-1.c execution, -O3 -g
FAIL: gcc.c-torture/execute/20030125-1.c execution, -Os
FAIL: gcc.c-torture/execute/va-arg-25.c execution, -O0
FAIL: gcc.c-torture/execute/va-arg-25.c execution, -O1
FAIL: gcc.c-torture/execute/va-arg-25.c execution, -O2
FAIL: gcc.c-torture/execute/va-arg-25.c execution, -O3 -fomit-frame-pointer
FAIL: gcc.c-torture/execute/va-arg-25.c execution, -O3 -g
FAIL: gcc.c-torture/execute/va-arg-25.c execution, -Os
UNRESOLVED: gcc.c-torture/execute/wchar_t-1.c execution, -O0
UNRESOLVED: gcc.c-torture/execute/wchar_t-1.c execution, -O1
UNRESOLVED: gcc.c-torture/execute/wchar_t-1.c execution, -O2
UNRESOLVED: gcc.c-torture/execute/wchar_t-1.c execution, -O3 -fomit-frame-pointer
UNRESOLVED: gcc.c-torture/execute/wchar_t-1.c execution, -O3 -g
UNRESOLVED: gcc.c-torture/execute/wchar_t-1.c execution, -Os
FAIL: gcc.dg/compat/scalar-by-value-3 c_compat_x_tst.o-c_compat_y_tst.o execute
FAIL: gcc.dg/compat/scalar-return-3 c_compat_x_tst.o-c_compat_y_tst.o execute
FAIL: gcc.dg/20020103-1.c scan-assembler-not LC
FAIL: gcc.dg/20020118-1.c execution test
FAIL: gcc.dg/altivec-5.c (test for excess errors)
FAIL: gcc.dg/builtins-18.c (test for excess errors)
FAIL: gcc.dg/builtins-20.c (test for excess errors)
FAIL: gcc.dg/ppc-sdata-1.c scan-assembler sdat@sdarel\\(13\\)
FAIL: gcc.dg/ppc-sdata-1.c scan-assembler sdat2@sda21\\(2\\)
=== gcc Summary ===
# of expected passes 24187
# of unexpected failures 21
# of expected failures 80
# of unresolved testcases 6
# of untested testcases 7
# of unsupported tests 246
/home/toon/compilers/snapshots/obj/gcc/xgcc version 3.4 20031011 (experimental)
=== objc tests ===
Running target unix
FAIL: objc.dg/encode-2.m execution test
FAIL: objc.dg/encode-3.m execution test
FAIL: objc.dg/encode-4.m execution test
=== objc Summary ===
# of expected passes 1331
# of unexpected failures 3
# of unsupported tests 9
/home/toon/compilers/snapshots/obj/gcc/xgcc version 3.4 20031011 (experimental)
=== libffi tests ===
Running target unix
=== libffi Summary ===
# of expected passes 125
# of unsupported tests 2
=== libjava tests ===
Running target unix
FAIL: Array_3 -O3 execution - source compiled test
=== libjava Summary ===
# of expected passes 3113
# of unexpected failures 1
# of expected failures 10
# of untested testcases 9
=== libstdc++ tests ===
Running target unix
XPASS: 26_numerics/c99_classification_macros_c.cc (test for excess errors)
=== libstdc++ Summary ===
# of expected passes 2151
# of unexpected successes 1
# of expected failures 11
Compiler version: 3.4 20031011 (experimental)
Platform: powerpc-unknown-linux-gnu
configure flags: --prefix=/usr/snp --disable-nls --disable-multilib