This is the mail archive of the
gcc-testresults@gcc.gnu.org
mailing list for the GCC project.
Results for 3.3.1 testsuite on i686-pc-linux-gnu
- From: linards at ticmanis@coli.uni-sb.de
- To: gcc-testresults at gcc dot gnu dot org
- Date: Sun, 31 Aug 2003 20:26:00 +0200
- Subject: Results for 3.3.1 testsuite on i686-pc-linux-gnu
LAST_UPDATED:
Native configuration is i686-pc-linux-gnu
=== g++ tests ===
Running target unix
FAIL: g++.dg/tls/init-2.C (test for excess errors)
=== g++ Summary ===
# of expected passes 8109
# of unexpected failures 1
# of expected failures 95
# of untested testcases 9
# of unsupported tests 14
/home/linards/gccobj/gcc/testsuite/../g++ version 3.3.1
=== g77 tests ===
Running target unix
=== g77 Summary ===
# of expected passes 1702
/home/linards/gccobj/gcc/testsuite/../g77 version 3.3.1
=== gcc tests ===
Running target unix
FAIL: gcc.dg/duff-2.c (test for excess errors)
FAIL: gcc.dg/uninit-C.c (test for excess errors)
=== gcc Summary ===
# of expected passes 21136
# of unexpected failures 2
# of expected failures 69
# of unsupported tests 85
/home/linards/gccobj/gcc/xgcc version 3.3.1
=== objc tests ===
Running target unix
=== objc Summary ===
# of expected passes 1153
/home/linards/gccobj/gcc/xgcc version 3.3.1
=== libjava tests ===
Running target unix
WARNING: program timed out.
FAIL: SyncTest execution - gij test
WARNING: program timed out.
FAIL: SyncTest execution - gij test
=== libjava Summary ===
# of expected passes 2987
# of unexpected failures 2
# of expected failures 16
# of untested testcases 14
=== libstdc++-v3 tests ===
Running target unix
XPASS: 22_locale/collate_byname.cc execution test
XPASS: 22_locale/collate_members_char.cc execution test
XPASS: 22_locale/collate_members_wchar_t.cc execution test
FAIL: 22_locale/ctor_copy_dtor.cc execution test
XPASS: 22_locale/ctype_is_char.cc execution test
XPASS: 22_locale/members.cc execution test
XPASS: 22_locale/messages_byname.cc execution test
XPASS: 22_locale/messages_members_char.cc execution test
XPASS: 22_locale/money_get_members_char.cc execution test
XPASS: 22_locale/money_get_members_wchar_t.cc execution test
XPASS: 22_locale/money_put_members_char.cc execution test
XPASS: 22_locale/money_put_members_wchar_t.cc execution test
XPASS: 22_locale/moneypunct_byname.cc execution test
XPASS: 22_locale/moneypunct_members_char.cc execution test
XPASS: 22_locale/moneypunct_members_wchar_t.cc execution test
XPASS: 22_locale/num_get_members_char.cc execution test
XPASS: 22_locale/num_get_members_wchar_t.cc execution test
XPASS: 22_locale/num_put_members_char.cc execution test
XPASS: 22_locale/num_put_members_wchar_t.cc execution test
XPASS: 22_locale/numpunct_byname.cc execution test
XPASS: 22_locale/numpunct_members_char.cc execution test
XPASS: 22_locale/numpunct_members_wchar_t.cc execution test
FAIL: 22_locale/static_members.cc execution test
XPASS: 22_locale/time_get_members_char.cc execution test
XPASS: 22_locale/time_get_members_wchar_t.cc execution test
XPASS: 22_locale/time_put_members_char.cc execution test
XPASS: 22_locale/time_put_members_wchar_t.cc execution test
FAIL: 27_io/ios_manip_fmtflags.cc execution test
=== libstdc++-v3 Summary ===
# of expected passes 450
# of unexpected failures 3
# of unexpected successes 25
# of expected failures 3
=== tests ===
Running target unix
=== Summary ===
Compiler version: 3.3.1
Platform: i686-pc-linux-gnu
configure flags: --host=i686-pc-linux-gnu