This is the mail archive of the
gcc-testresults@gcc.gnu.org
mailing list for the GCC project.
Results for 3.4 20030827 (experimental) testsuite on i686-pc-linux-gnu
- From: Greg Schafer <gws at tigers-lfs dot local>
- To: gcc-testresults at gcc dot gnu dot org
- Date: Wed, 27 Aug 2003 20:25:44 +1000
- Subject: Results for 3.4 20030827 (experimental) testsuite on i686-pc-linux-gnu
LAST_UPDATED: Wed Aug 27 06:50:56 UTC 2003
Native configuration is i686-pc-linux-gnu
=== g++ tests ===
Running target unix
FAIL: g++.dg/ext/pretty1.C scan-assembler top level
FAIL: g++.dg/ext/pretty2.C (test for excess errors)
WARNING: g++.dg/ext/pretty2.C compilation failed to produce executable
FAIL: g++.dg/init/array10.C (test for excess errors)
WARNING: g++.old-deja/g++.mike/p10769a.C compilation failed to produce executable
WARNING: g++.old-deja/g++.other/enum5.C compilation failed to produce executable
XPASS: g++.old-deja/g++.other/init5.C execution test
WARNING: g++.old-deja/g++.pt/friend44.C compilation failed to produce executable
XPASS: g++.old-deja/g++.pt/overload8.C (test for bogus messages, line 10)
=== g++ Summary ===
# of expected passes 8946
# of unexpected failures 3
# of unexpected successes 2
# of expected failures 63
# of unsupported tests 29
/mnt/hdb7/gcc/HEAD/gcc-build-test/gcc/testsuite/../g++ version 3.4 20030827 (experimental)
=== gcc tests ===
Running target unix
FAIL: gcc.c-torture/execute/simd-1.c execution, -O0
FAIL: gcc.c-torture/execute/simd-1.c execution, -O1
FAIL: gcc.c-torture/execute/simd-1.c execution, -O2
FAIL: gcc.c-torture/execute/simd-1.c execution, -O3 -fomit-frame-pointer
FAIL: gcc.c-torture/execute/simd-1.c execution, -O3 -g
FAIL: gcc.c-torture/execute/simd-1.c execution, -Os
FAIL: gcc.c-torture/execute/simd-2.c execution, -O2
FAIL: gcc.c-torture/execute/simd-2.c execution, -Os
FAIL: gcc.c-torture/execute/simd-4.c execution, -O1
FAIL: gcc.c-torture/execute/simd-4.c execution, -O2
FAIL: gcc.c-torture/execute/simd-4.c execution, -O3 -fomit-frame-pointer
FAIL: gcc.c-torture/execute/simd-4.c execution, -O3 -g
FAIL: gcc.c-torture/execute/simd-4.c execution, -Os
UNRESOLVED: gcc.c-torture/execute/wchar_t-1.c execution, -O0
UNRESOLVED: gcc.c-torture/execute/wchar_t-1.c execution, -O1
UNRESOLVED: gcc.c-torture/execute/wchar_t-1.c execution, -O2
UNRESOLVED: gcc.c-torture/execute/wchar_t-1.c execution, -O3 -fomit-frame-pointer
UNRESOLVED: gcc.c-torture/execute/wchar_t-1.c execution, -O3 -g
UNRESOLVED: gcc.c-torture/execute/wchar_t-1.c execution, -Os
FAIL: gcc.dg/compat/vector-1 c_compat_x_tst.o compile
FAIL: gcc.dg/compat/vector-1 c_compat_y_tst.o compile
UNRESOLVED: gcc.dg/compat/vector-1 c_compat_x_tst.o-c_compat_y_tst.o link
UNRESOLVED: gcc.dg/compat/vector-1 c_compat_x_tst.o-c_compat_y_tst.o execute
FAIL: gcc.dg/compat/vector-2 c_compat_x_tst.o compile
FAIL: gcc.dg/compat/vector-2 c_compat_y_tst.o compile
UNRESOLVED: gcc.dg/compat/vector-2 c_compat_x_tst.o-c_compat_y_tst.o link
UNRESOLVED: gcc.dg/compat/vector-2 c_compat_x_tst.o-c_compat_y_tst.o execute
FAIL: gcc.dg/cpp/Wunused.c (test for warnings, line 20)
FAIL: gcc.dg/cpp/Wunused.c (test for excess errors)
FAIL: gcc.dg/cpp/trad/Wunused.c (test for warnings, line 19)
FAIL: gcc.dg/cpp/trad/Wunused.c (test for excess errors)
FAIL: gcc.dg/cpp/trad/funlike-3.c unterminated macro (test for errors, line 12)
FAIL: gcc.dg/cpp/trad/funlike-3.c (test for excess errors)
FAIL: gcc.dg/cpp/trad/Wunused.c (test for warnings, line 19)
FAIL: gcc.dg/cpp/trad/Wunused.c (test for excess errors)
FAIL: gcc.dg/cpp/trad/funlike-3.c unterminated macro (test for errors, line 12)
FAIL: gcc.dg/cpp/trad/funlike-3.c (test for excess errors)
=== gcc Summary ===
# of expected passes 24134
# of unexpected failures 27
# of expected failures 81
# of unresolved testcases 10
# of untested testcases 7
# of unsupported tests 140
/mnt/hdb7/gcc/HEAD/gcc-build-test/gcc/xgcc version 3.4 20030827 (experimental)
=== libstdc++-v3 check-abi Summary ===
# of added symbols: 131
# of missing symbols: 192
# of incompatible symbols: 196
=== libstdc++ tests ===
Running target unix
FAIL: 22_locale/time_put/put/char/2.cc execution test
FAIL: 22_locale/time_put/put/char/wrapped_env.cc execution test
FAIL: 22_locale/time_put/put/char/wrapped_locale.cc execution test
FAIL: 22_locale/time_put/put/wchar_t/2.cc execution test
FAIL: 22_locale/time_put/put/wchar_t/wrapped_env.cc execution test
FAIL: 22_locale/time_put/put/wchar_t/wrapped_locale.cc execution test
FAIL: 27_io/objects/char/12048.cc execution test
=== libstdc++ Summary ===
# of expected passes 2082
# of unexpected failures 7
# of expected failures 10
Compiler version: 3.4 20030827 (experimental)
Platform: i686-pc-linux-gnu
configure flags: --prefix=/opt/testing/gcc-3.4-test --enable-shared --enable-languages=c,c++ --enable-threads=posix --enable-__cxa_atexit --enable-clocale=gnu --disable-checking --with-arch=athlon-4