This is the mail archive of the
gcc-testresults@gcc.gnu.org
mailing list for the GCC project.
Results for 3.3.1 testsuite on i686-pc-linux-gnu
- From: Taras Bulubas <tbulubas at freenet dot de>
- To: gcc-testresults at gcc dot gnu dot org
- Cc: Taras Bulubas <tbulubas at freenet dot de>
- Date: 23 Aug 2003 13:01:16 +0200
- Subject: Results for 3.3.1 testsuite on i686-pc-linux-gnu
FYI
RedHat 7.3, kernel 2.4.18-3, glibc-2.2.5-43
./config.guess
i686-pc-linux-gnu
/opt/gnu/bin/gcc -v
Reading specs from /opt/gnu/lib/gcc-lib/i686-pc-linux-gnu/3.3.1/specs
Configured with: ./configure --prefix=/opt/gnu
Thread model: posix
gcc version 3.3.1
cat /etc/issue
Red Hat Linux release 7.3 (Valhalla)
Kernel \\r on an \\m
uname -a
Linux jumbo 2.4.18-3 #1 Thu Apr 18 07:32:41 EDT 2002 i686 unknown
rpm -q glibc
glibc-2.2.5-43
Compiled on AMD Athlon(tm) XP 2800+
by Taras Bulubas
LAST_UPDATED:
Native configuration is i686-pc-linux-gnu
=== g77 tests ===
Running target unix
=== g77 Summary ===
# of expected passes 1702
/spare/builds/gcc-3.3.1/gcc/testsuite/../g77 version 3.3.1
=== gcc tests ===
Running target unix
FAIL: gcc.dg/duff-2.c (test for excess errors)
FAIL: gcc.dg/uninit-C.c (test for excess errors)
=== gcc Summary ===
# of expected passes 21100
# of unexpected failures 2
# of expected failures 68
# of unsupported tests 85
/spare/builds/gcc-3.3.1/gcc/xgcc version 3.3.1
=== g++ tests ===
Running target unix
=== g++ Summary ===
# of expected passes 8088
# of expected failures 95
# of untested testcases 9
# of unsupported tests 14
/spare/builds/gcc-3.3.1/gcc/testsuite/../g++ version 3.3.1
=== objc tests ===
Running target unix
=== objc Summary ===
# of expected passes 1153
/spare/builds/gcc-3.3.1/gcc/xgcc version 3.3.1
=== libstdc++-v3 tests ===
Running target unix
XPASS: 22_locale/collate_byname.cc execution test
XPASS: 22_locale/collate_members_char.cc execution test
XPASS: 22_locale/collate_members_wchar_t.cc execution test
XPASS: 22_locale/ctype_is_char.cc execution test
XPASS: 22_locale/ctype_is_wchar_t.cc execution test
XPASS: 22_locale/members.cc execution test
XPASS: 22_locale/messages_byname.cc execution test
XPASS: 22_locale/messages_members_char.cc execution test
XPASS: 22_locale/money_get_members_char.cc execution test
XPASS: 22_locale/money_get_members_wchar_t.cc execution test
XPASS: 22_locale/money_put_members_char.cc execution test
XPASS: 22_locale/money_put_members_wchar_t.cc execution test
XPASS: 22_locale/moneypunct_byname.cc execution test
XPASS: 22_locale/moneypunct_members_char.cc execution test
XPASS: 22_locale/moneypunct_members_wchar_t.cc execution test
XPASS: 22_locale/num_get_members_char.cc execution test
XPASS: 22_locale/num_get_members_wchar_t.cc execution test
XPASS: 22_locale/num_put_members_char.cc execution test
XPASS: 22_locale/num_put_members_wchar_t.cc execution test
XPASS: 22_locale/numpunct_byname.cc execution test
XPASS: 22_locale/numpunct_members_char.cc execution test
XPASS: 22_locale/numpunct_members_wchar_t.cc execution test
XPASS: 22_locale/time_get_members_char.cc execution test
XPASS: 22_locale/time_get_members_wchar_t.cc execution test
XPASS: 22_locale/time_put_members_char.cc execution test
XPASS: 22_locale/time_put_members_wchar_t.cc execution test
=== libstdc++-v3 Summary ===
# of expected passes 453
# of unexpected successes 26
# of expected failures 2
Compiler version: 3.3.1
Platform: i686-pc-linux-gnu
configure flags: --host=i686-pc-linux-gnu --prefix=/opt/gnu