This is the mail archive of the
gcc-testresults@gcc.gnu.org
mailing list for the GCC project.
Results for 3.3.1 testsuite on i686-pc-linux-gnu
- From: Karel Gardas <kgardas at objectsecurity dot com>
- To: gcc-testresults at gcc dot gnu dot org
- Date: Thu, 21 Aug 2003 22:54:53 +0200
- Subject: Results for 3.3.1 testsuite on i686-pc-linux-gnu
LAST_UPDATED:
Native configuration is i686-pc-linux-gnu
=== g++ tests ===
Running target unix
FAIL: g++.dg/expr/anew1.C execution test
FAIL: g++.dg/expr/anew2.C execution test
FAIL: g++.dg/expr/anew3.C execution test
FAIL: g++.dg/init/ref8.C (test for errors, line 9)
FAIL: g++.dg/init/ref8.C (test for excess errors)
XPASS: g++.other/init5.C Execution test
=== g++ Summary ===
# of expected passes 8085
# of unexpected failures 5
# of unexpected successes 1
# of expected failures 94
# of untested testcases 9
# of unsupported tests 14
/mnt/karel/3.3/obj/gcc/testsuite/../g++ version 3.3.1
=== libstdc++-v3 tests ===
Running target unix
XPASS: 22_locale/ctype_is_wchar_t.cc execution test
=== libstdc++-v3 Summary ===
# of expected passes 453
# of unexpected successes 1
# of expected failures 27
Compiler version: 3.3.1
Platform: i686-pc-linux-gnu
configure flags: --host=i686-pc-linux-gnu --prefix=/home/karel/usr/local/gcc3.3.1 --enable-shared --enable-threads --enable-languages=c++ --disable-checking --enable-__cxa_atexit