This is the mail archive of the gcc-testresults@gcc.gnu.org mailing list for the GCC project.


Index Nav: [Date Index] [Subject Index] [Author Index] [Thread Index]
Message Nav: [Date Prev] [Date Next] [Thread Prev] [Thread Next]
Other format: [Raw text]

Results for 3.3.2 20030814 (experimental) testsuite on powerpc-apple-darwin6.3


LAST_UPDATED: 
Native configuration is powerpc-apple-darwin6.3

		=== g++ tests ===


Running target unix
FAIL: g++.dg/eh/cleanup1.C (test for excess errors)
FAIL: g++.dg/opt/inline4.C (test for excess errors)
XPASS: g++.dg/other/packed1.C execution test
FAIL: g++.dg/parse/stack1.C (test for excess errors)
FAIL: g++.dg/template/inline1.C scan-assembler-not _ZN1X3FooIiEEvT_:
FAIL: g++.dg/warn/weak1.C (test for excess errors)
FAIL: g++.dg/special/conpr-3.C execution test
XPASS: g++.eh/badalloc1.C  Execution test
FAIL: g++.ext/attrib5.C (test for excess errors)
FAIL: g++.other/comdat3.C (test for excess errors)
FAIL: g++.other/mangle3.C (test for excess errors)
FAIL: g++.pt/static3.C (test for excess errors)
FAIL: g++.pt/static6.C (test for excess errors)

		=== g++ Summary ===

# of expected passes		7902
# of unexpected failures	11
# of unexpected successes	2
# of expected failures		99
# of untested testcases		23
# of unsupported tests		28
/Users/regress/tbox/native/build/gcc/testsuite/../g++ version 3.3.2 20030814 (experimental)

		=== g77 tests ===


Running target unix
FAIL: g77.dg/7388.f (test for excess errors)
WARNING: g77.dg/7388.f compilation failed to produce executable
FAIL: g77.dg/7388.f (test for excess errors)
WARNING: g77.dg/7388.f compilation failed to produce executable
FAIL: g77.dg/7388.f (test for excess errors)
WARNING: g77.dg/7388.f compilation failed to produce executable
FAIL: g77.dg/7388.f (test for excess errors)
WARNING: g77.dg/7388.f compilation failed to produce executable
FAIL: g77.dg/7388.f (test for excess errors)
WARNING: g77.dg/7388.f compilation failed to produce executable
FAIL: g77.dg/7388.f (test for excess errors)
WARNING: g77.dg/7388.f compilation failed to produce executable
FAIL: g77.f-torture/execute/1832.f compilation,  -O0 
FAIL: g77.f-torture/execute/1832.f compilation,  -O1 
FAIL: g77.f-torture/execute/1832.f compilation,  -O2 
FAIL: g77.f-torture/execute/1832.f compilation,  -O3 -fomit-frame-pointer 
FAIL: g77.f-torture/execute/1832.f compilation,  -O3 -g 
FAIL: g77.f-torture/execute/1832.f compilation,  -Os 

		=== g77 Summary ===

# of expected passes		1662
# of unexpected failures	12
# of untested testcases		6
# of unsupported tests		8
/Users/regress/tbox/native/build/gcc/testsuite/../g77 version 3.3.2 20030814 (experimental)

		=== gcc tests ===


Running target unix
FAIL: gcc.c-torture/compile/20001226-1.c,  -O2  
FAIL: gcc.c-torture/compile/20001226-1.c,  -O3 -fomit-frame-pointer  
WARNING: program timed out.
FAIL: gcc.c-torture/compile/20001226-1.c,  -O3 -g  
WARNING: program timed out.
FAIL: gcc.c-torture/compile/20001226-1.c,  -Os  
FAIL: gcc.c-torture/execute/pure-1.c compilation,  -O1 
UNRESOLVED: gcc.c-torture/execute/pure-1.c execution,  -O1 
FAIL: gcc.c-torture/execute/pure-1.c compilation,  -O2 
UNRESOLVED: gcc.c-torture/execute/pure-1.c execution,  -O2 
FAIL: gcc.c-torture/execute/pure-1.c compilation,  -Os 
UNRESOLVED: gcc.c-torture/execute/pure-1.c execution,  -Os 
FAIL: gcc.dg/20020425-1.c (test for excess errors)
FAIL: gcc.dg/c90-intconst-1.c (test for excess errors)
FAIL: gcc.dg/c99-intconst-1.c (test for excess errors)
FAIL: gcc.dg/duff-2.c (test for excess errors)
FAIL: gcc.dg/struct-by-value-1.c (test for excess errors)
WARNING: gcc.dg/struct-by-value-1.c compilation failed to produce executable
FAIL: gcc.dg/uninit-C.c (test for excess errors)
FAIL: gcc.dg/wchar_t-1.c (test for excess errors)
FAIL: gcc.dg/wint_t-1.c (test for excess errors)
FAIL: gcc.dg/format/c99-scanf-3.c vfscanf (test for warnings, line 21)
FAIL: gcc.dg/format/c99-scanf-3.c vfscanf (test for warnings, line 21)
FAIL: gcc.dg/format/ext-6.c vfscanf (test for warnings, line 42)
FAIL: gcc.dg/format/ext-6.c vfscanf (test for warnings, line 42)
UNRESOLVED: weak-1.c
UNRESOLVED: weak-2.c
UNRESOLVED: wkali-1.c
UNRESOLVED: wkali-2.c
UNRESOLVED: gcc.dg/weak

		=== gcc Summary ===

# of expected passes		21076
# of unexpected failures	19
# of expected failures		67
# of unresolved testcases	8
# of unsupported tests		164
/Users/regress/tbox/native/build/gcc/xgcc version 3.3.2 20030814 (experimental)

		=== objc tests ===


Running target unix
FAIL: objc/execute/IMP.m compilation,  -O0 
UNRESOLVED: objc/execute/IMP.m execution,  -O0 
FAIL: objc/execute/IMP.m compilation,  -O1 
UNRESOLVED: objc/execute/IMP.m execution,  -O1 
FAIL: objc/execute/IMP.m compilation,  -O2 
UNRESOLVED: objc/execute/IMP.m execution,  -O2 
FAIL: objc/execute/IMP.m compilation,  -O3 -fomit-frame-pointer 
UNRESOLVED: objc/execute/IMP.m execution,  -O3 -fomit-frame-pointer 
FAIL: objc/execute/IMP.m compilation,  -O3 -g 
UNRESOLVED: objc/execute/IMP.m execution,  -O3 -g 
FAIL: objc/execute/IMP.m compilation,  -Os 
UNRESOLVED: objc/execute/IMP.m execution,  -Os 
FAIL: objc/execute/_cmd.m compilation,  -O0 
UNRESOLVED: objc/execute/_cmd.m execution,  -O0 
FAIL: objc/execute/_cmd.m compilation,  -O1 
UNRESOLVED: objc/execute/_cmd.m execution,  -O1 
FAIL: objc/execute/_cmd.m compilation,  -O2 
UNRESOLVED: objc/execute/_cmd.m execution,  -O2 
FAIL: objc/execute/_cmd.m compilation,  -O3 -fomit-frame-pointer 
UNRESOLVED: objc/execute/_cmd.m execution,  -O3 -fomit-frame-pointer 
FAIL: objc/execute/_cmd.m compilation,  -O3 -g 
UNRESOLVED: objc/execute/_cmd.m execution,  -O3 -g 
FAIL: objc/execute/_cmd.m compilation,  -Os 
UNRESOLVED: objc/execute/_cmd.m execution,  -Os 
FAIL: objc/execute/bf-1.m compilation,  -O0 
UNRESOLVED: objc/execute/bf-1.m execution,  -O0 
FAIL: objc/execute/bf-1.m compilation,  -O1 
UNRESOLVED: objc/execute/bf-1.m execution,  -O1 
FAIL: objc/execute/bf-1.m compilation,  -O2 
UNRESOLVED: objc/execute/bf-1.m execution,  -O2 
FAIL: objc/execute/bf-1.m compilation,  -O3 -fomit-frame-pointer 
UNRESOLVED: objc/execute/bf-1.m execution,  -O3 -fomit-frame-pointer 
FAIL: objc/execute/bf-1.m compilation,  -O3 -g 
UNRESOLVED: objc/execute/bf-1.m execution,  -O3 -g 
FAIL: objc/execute/bf-1.m compilation,  -Os 
UNRESOLVED: objc/execute/bf-1.m execution,  -Os 
FAIL: objc/execute/bf-10.m compilation,  -O0 
UNRESOLVED: objc/execute/bf-10.m execution,  -O0 
FAIL: objc/execute/bf-10.m compilation,  -O1 
UNRESOLVED: objc/execute/bf-10.m execution,  -O1 
FAIL: objc/execute/bf-10.m compilation,  -O2 
UNRESOLVED: objc/execute/bf-10.m execution,  -O2 
FAIL: objc/execute/bf-10.m compilation,  -O3 -fomit-frame-pointer 
UNRESOLVED: objc/execute/bf-10.m execution,  -O3 -fomit-frame-pointer 
FAIL: objc/execute/bf-10.m compilation,  -O3 -g 
UNRESOLVED: objc/execute/bf-10.m execution,  -O3 -g 
FAIL: objc/execute/bf-10.m compilation,  -Os 
UNRESOLVED: objc/execute/bf-10.m execution,  -Os 
FAIL: objc/execute/bf-11.m compilation,  -O0 
UNRESOLVED: objc/execute/bf-11.m execution,  -O0 
FAIL: objc/execute/bf-11.m compilation,  -O1 
UNRESOLVED: objc/execute/bf-11.m execution,  -O1 
FAIL: objc/execute/bf-11.m compilation,  -O2 
UNRESOLVED: objc/execute/bf-11.m execution,  -O2 
FAIL: objc/execute/bf-11.m compilation,  -O3 -fomit-frame-pointer 
UNRESOLVED: objc/execute/bf-11.m execution,  -O3 -fomit-frame-pointer 
FAIL: objc/execute/bf-11.m compilation,  -O3 -g 
UNRESOLVED: objc/execute/bf-11.m execution,  -O3 -g 
FAIL: objc/execute/bf-11.m compilation,  -Os 
UNRESOLVED: objc/execute/bf-11.m execution,  -Os 
FAIL: objc/execute/bf-12.m compilation,  -O0 
UNRESOLVED: objc/execute/bf-12.m execution,  -O0 
FAIL: objc/execute/bf-12.m compilation,  -O1 
UNRESOLVED: objc/execute/bf-12.m execution,  -O1 
FAIL: objc/execute/bf-12.m compilation,  -O2 
UNRESOLVED: objc/execute/bf-12.m execution,  -O2 
FAIL: objc/execute/bf-12.m compilation,  -O3 -fomit-frame-pointer 
UNRESOLVED: objc/execute/bf-12.m execution,  -O3 -fomit-frame-pointer 
FAIL: objc/execute/bf-12.m compilation,  -O3 -g 
UNRESOLVED: objc/execute/bf-12.m execution,  -O3 -g 
FAIL: objc/execute/bf-12.m compilation,  -Os 
UNRESOLVED: objc/execute/bf-12.m execution,  -Os 
FAIL: objc/execute/bf-13.m compilation,  -O0 
UNRESOLVED: objc/execute/bf-13.m execution,  -O0 
FAIL: objc/execute/bf-13.m compilation,  -O1 
UNRESOLVED: objc/execute/bf-13.m execution,  -O1 
FAIL: objc/execute/bf-13.m compilation,  -O2 
UNRESOLVED: objc/execute/bf-13.m execution,  -O2 
FAIL: objc/execute/bf-13.m compilation,  -O3 -fomit-frame-pointer 
UNRESOLVED: objc/execute/bf-13.m execution,  -O3 -fomit-frame-pointer 
FAIL: objc/execute/bf-13.m compilation,  -O3 -g 
UNRESOLVED: objc/execute/bf-13.m execution,  -O3 -g 
FAIL: objc/execute/bf-13.m compilation,  -Os 
UNRESOLVED: objc/execute/bf-13.m execution,  -Os 
FAIL: objc/execute/bf-14.m compilation,  -O0 
UNRESOLVED: objc/execute/bf-14.m execution,  -O0 
FAIL: objc/execute/bf-14.m compilation,  -O1 
UNRESOLVED: objc/execute/bf-14.m execution,  -O1 
FAIL: objc/execute/bf-14.m compilation,  -O2 
UNRESOLVED: objc/execute/bf-14.m execution,  -O2 
FAIL: objc/execute/bf-14.m compilation,  -O3 -fomit-frame-pointer 
UNRESOLVED: objc/execute/bf-14.m execution,  -O3 -fomit-frame-pointer 
FAIL: objc/execute/bf-14.m compilation,  -O3 -g 
UNRESOLVED: objc/execute/bf-14.m execution,  -O3 -g 
FAIL: objc/execute/bf-14.m compilation,  -Os 
UNRESOLVED: objc/execute/bf-14.m execution,  -Os 
FAIL: objc/execute/bf-15.m compilation,  -O0 
UNRESOLVED: objc/execute/bf-15.m execution,  -O0 
FAIL: objc/execute/bf-15.m compilation,  -O1 
UNRESOLVED: objc/execute/bf-15.m execution,  -O1 
FAIL: objc/execute/bf-15.m compilation,  -O2 
UNRESOLVED: objc/execute/bf-15.m execution,  -O2 
FAIL: objc/execute/bf-15.m compilation,  -O3 -fomit-frame-pointer 
UNRESOLVED: objc/execute/bf-15.m execution,  -O3 -fomit-frame-pointer 
FAIL: objc/execute/bf-15.m compilation,  -O3 -g 
UNRESOLVED: objc/execute/bf-15.m execution,  -O3 -g 
FAIL: objc/execute/bf-15.m compilation,  -Os 
UNRESOLVED: objc/execute/bf-15.m execution,  -Os 
FAIL: objc/execute/bf-16.m compilation,  -O0 
UNRESOLVED: objc/execute/bf-16.m execution,  -O0 
FAIL: objc/execute/bf-16.m compilation,  -O1 
UNRESOLVED: objc/execute/bf-16.m execution,  -O1 
FAIL: objc/execute/bf-16.m compilation,  -O2 
UNRESOLVED: objc/execute/bf-16.m execution,  -O2 
FAIL: objc/execute/bf-16.m compilation,  -O3 -fomit-frame-pointer 
UNRESOLVED: objc/execute/bf-16.m execution,  -O3 -fomit-frame-pointer 
FAIL: objc/execute/bf-16.m compilation,  -O3 -g 
UNRESOLVED: objc/execute/bf-16.m execution,  -O3 -g 
FAIL: objc/execute/bf-16.m compilation,  -Os 
UNRESOLVED: objc/execute/bf-16.m execution,  -Os 
FAIL: objc/execute/bf-17.m compilation,  -O0 
UNRESOLVED: objc/execute/bf-17.m execution,  -O0 
FAIL: objc/execute/bf-17.m compilation,  -O1 
UNRESOLVED: objc/execute/bf-17.m execution,  -O1 
FAIL: objc/execute/bf-17.m compilation,  -O2 
UNRESOLVED: objc/execute/bf-17.m execution,  -O2 
FAIL: objc/execute/bf-17.m compilation,  -O3 -fomit-frame-pointer 
UNRESOLVED: objc/execute/bf-17.m execution,  -O3 -fomit-frame-pointer 
FAIL: objc/execute/bf-17.m compilation,  -O3 -g 
UNRESOLVED: objc/execute/bf-17.m execution,  -O3 -g 
FAIL: objc/execute/bf-17.m compilation,  -Os 
UNRESOLVED: objc/execute/bf-17.m execution,  -Os 
FAIL: objc/execute/bf-18.m compilation,  -O0 
UNRESOLVED: objc/execute/bf-18.m execution,  -O0 
FAIL: objc/execute/bf-18.m compilation,  -O1 
UNRESOLVED: objc/execute/bf-18.m execution,  -O1 
FAIL: objc/execute/bf-18.m compilation,  -O2 
UNRESOLVED: objc/execute/bf-18.m execution,  -O2 
FAIL: objc/execute/bf-18.m compilation,  -O3 -fomit-frame-pointer 
UNRESOLVED: objc/execute/bf-18.m execution,  -O3 -fomit-frame-pointer 
FAIL: objc/execute/bf-18.m compilation,  -O3 -g 
UNRESOLVED: objc/execute/bf-18.m execution,  -O3 -g 
FAIL: objc/execute/bf-18.m compilation,  -Os 
UNRESOLVED: objc/execute/bf-18.m execution,  -Os 
FAIL: objc/execute/bf-19.m compilation,  -O0 
UNRESOLVED: objc/execute/bf-19.m execution,  -O0 
FAIL: objc/execute/bf-19.m compilation,  -O1 
UNRESOLVED: objc/execute/bf-19.m execution,  -O1 
FAIL: objc/execute/bf-19.m compilation,  -O2 
UNRESOLVED: objc/execute/bf-19.m execution,  -O2 
FAIL: objc/execute/bf-19.m compilation,  -O3 -fomit-frame-pointer 
UNRESOLVED: objc/execute/bf-19.m execution,  -O3 -fomit-frame-pointer 
FAIL: objc/execute/bf-19.m compilation,  -O3 -g 
UNRESOLVED: objc/execute/bf-19.m execution,  -O3 -g 
FAIL: objc/execute/bf-19.m compilation,  -Os 
UNRESOLVED: objc/execute/bf-19.m execution,  -Os 
FAIL: objc/execute/bf-2.m compilation,  -O0 
UNRESOLVED: objc/execute/bf-2.m execution,  -O0 
FAIL: objc/execute/bf-2.m compilation,  -O1 
UNRESOLVED: objc/execute/bf-2.m execution,  -O1 
FAIL: objc/execute/bf-2.m compilation,  -O2 
UNRESOLVED: objc/execute/bf-2.m execution,  -O2 
FAIL: objc/execute/bf-2.m compilation,  -O3 -fomit-frame-pointer 
UNRESOLVED: objc/execute/bf-2.m execution,  -O3 -fomit-frame-pointer 
FAIL: objc/execute/bf-2.m compilation,  -O3 -g 
UNRESOLVED: objc/execute/bf-2.m execution,  -O3 -g 
FAIL: objc/execute/bf-2.m compilation,  -Os 
UNRESOLVED: objc/execute/bf-2.m execution,  -Os 
FAIL: objc/execute/bf-20.m compilation,  -O0 
UNRESOLVED: objc/execute/bf-20.m execution,  -O0 
FAIL: objc/execute/bf-20.m compilation,  -O1 
UNRESOLVED: objc/execute/bf-20.m execution,  -O1 
FAIL: objc/execute/bf-20.m compilation,  -O2 
UNRESOLVED: objc/execute/bf-20.m execution,  -O2 
FAIL: objc/execute/bf-20.m compilation,  -O3 -fomit-frame-pointer 
UNRESOLVED: objc/execute/bf-20.m execution,  -O3 -fomit-frame-pointer 
FAIL: objc/execute/bf-20.m compilation,  -O3 -g 
UNRESOLVED: objc/execute/bf-20.m execution,  -O3 -g 
FAIL: objc/execute/bf-20.m compilation,  -Os 
UNRESOLVED: objc/execute/bf-20.m execution,  -Os 
FAIL: objc/execute/bf-21.m compilation,  -O0 
UNRESOLVED: objc/execute/bf-21.m execution,  -O0 
FAIL: objc/execute/bf-21.m compilation,  -O1 
UNRESOLVED: objc/execute/bf-21.m execution,  -O1 
FAIL: objc/execute/bf-21.m compilation,  -O2 
UNRESOLVED: objc/execute/bf-21.m execution,  -O2 
FAIL: objc/execute/bf-21.m compilation,  -O3 -fomit-frame-pointer 
UNRESOLVED: objc/execute/bf-21.m execution,  -O3 -fomit-frame-pointer 
FAIL: objc/execute/bf-21.m compilation,  -O3 -g 
UNRESOLVED: objc/execute/bf-21.m execution,  -O3 -g 
FAIL: objc/execute/bf-21.m compilation,  -Os 
UNRESOLVED: objc/execute/bf-21.m execution,  -Os 
FAIL: objc/execute/bf-3.m compilation,  -O0 
UNRESOLVED: objc/execute/bf-3.m execution,  -O0 
FAIL: objc/execute/bf-3.m compilation,  -O1 
UNRESOLVED: objc/execute/bf-3.m execution,  -O1 
FAIL: objc/execute/bf-3.m compilation,  -O2 
UNRESOLVED: objc/execute/bf-3.m execution,  -O2 
FAIL: objc/execute/bf-3.m compilation,  -O3 -fomit-frame-pointer 
UNRESOLVED: objc/execute/bf-3.m execution,  -O3 -fomit-frame-pointer 
FAIL: objc/execute/bf-3.m compilation,  -O3 -g 
UNRESOLVED: objc/execute/bf-3.m execution,  -O3 -g 
FAIL: objc/execute/bf-3.m compilation,  -Os 
UNRESOLVED: objc/execute/bf-3.m execution,  -Os 
FAIL: objc/execute/bf-4.m compilation,  -O0 
UNRESOLVED: objc/execute/bf-4.m execution,  -O0 
FAIL: objc/execute/bf-4.m compilation,  -O1 
UNRESOLVED: objc/execute/bf-4.m execution,  -O1 
FAIL: objc/execute/bf-4.m compilation,  -O2 
UNRESOLVED: objc/execute/bf-4.m execution,  -O2 
FAIL: objc/execute/bf-4.m compilation,  -O3 -fomit-frame-pointer 
UNRESOLVED: objc/execute/bf-4.m execution,  -O3 -fomit-frame-pointer 
FAIL: objc/execute/bf-4.m compilation,  -O3 -g 
UNRESOLVED: objc/execute/bf-4.m execution,  -O3 -g 
FAIL: objc/execute/bf-4.m compilation,  -Os 
UNRESOLVED: objc/execute/bf-4.m execution,  -Os 
FAIL: objc/execute/bf-5.m compilation,  -O0 
UNRESOLVED: objc/execute/bf-5.m execution,  -O0 
FAIL: objc/execute/bf-5.m compilation,  -O1 
UNRESOLVED: objc/execute/bf-5.m execution,  -O1 
FAIL: objc/execute/bf-5.m compilation,  -O2 
UNRESOLVED: objc/execute/bf-5.m execution,  -O2 
FAIL: objc/execute/bf-5.m compilation,  -O3 -fomit-frame-pointer 
UNRESOLVED: objc/execute/bf-5.m execution,  -O3 -fomit-frame-pointer 
FAIL: objc/execute/bf-5.m compilation,  -O3 -g 
UNRESOLVED: objc/execute/bf-5.m execution,  -O3 -g 
FAIL: objc/execute/bf-5.m compilation,  -Os 
UNRESOLVED: objc/execute/bf-5.m execution,  -Os 
FAIL: objc/execute/bf-6.m compilation,  -O0 
UNRESOLVED: objc/execute/bf-6.m execution,  -O0 
FAIL: objc/execute/bf-6.m compilation,  -O1 
UNRESOLVED: objc/execute/bf-6.m execution,  -O1 
FAIL: objc/execute/bf-6.m compilation,  -O2 
UNRESOLVED: objc/execute/bf-6.m execution,  -O2 
FAIL: objc/execute/bf-6.m compilation,  -O3 -fomit-frame-pointer 
UNRESOLVED: objc/execute/bf-6.m execution,  -O3 -fomit-frame-pointer 
FAIL: objc/execute/bf-6.m compilation,  -O3 -g 
UNRESOLVED: objc/execute/bf-6.m execution,  -O3 -g 
FAIL: objc/execute/bf-6.m compilation,  -Os 
UNRESOLVED: objc/execute/bf-6.m execution,  -Os 
FAIL: objc/execute/bf-7.m compilation,  -O0 
UNRESOLVED: objc/execute/bf-7.m execution,  -O0 
FAIL: objc/execute/bf-7.m compilation,  -O1 
UNRESOLVED: objc/execute/bf-7.m execution,  -O1 
FAIL: objc/execute/bf-7.m compilation,  -O2 
UNRESOLVED: objc/execute/bf-7.m execution,  -O2 
FAIL: objc/execute/bf-7.m compilation,  -O3 -fomit-frame-pointer 
UNRESOLVED: objc/execute/bf-7.m execution,  -O3 -fomit-frame-pointer 
FAIL: objc/execute/bf-7.m compilation,  -O3 -g 
UNRESOLVED: objc/execute/bf-7.m execution,  -O3 -g 
FAIL: objc/execute/bf-7.m compilation,  -Os 
UNRESOLVED: objc/execute/bf-7.m execution,  -Os 
FAIL: objc/execute/bf-8.m compilation,  -O0 
UNRESOLVED: objc/execute/bf-8.m execution,  -O0 
FAIL: objc/execute/bf-8.m compilation,  -O1 
UNRESOLVED: objc/execute/bf-8.m execution,  -O1 
FAIL: objc/execute/bf-8.m compilation,  -O2 
UNRESOLVED: objc/execute/bf-8.m execution,  -O2 
FAIL: objc/execute/bf-8.m compilation,  -O3 -fomit-frame-pointer 
UNRESOLVED: objc/execute/bf-8.m execution,  -O3 -fomit-frame-pointer 
FAIL: objc/execute/bf-8.m compilation,  -O3 -g 
UNRESOLVED: objc/execute/bf-8.m execution,  -O3 -g 
FAIL: objc/execute/bf-8.m compilation,  -Os 
UNRESOLVED: objc/execute/bf-8.m execution,  -Os 
FAIL: objc/execute/bf-9.m compilation,  -O0 
UNRESOLVED: objc/execute/bf-9.m execution,  -O0 
FAIL: objc/execute/bf-9.m compilation,  -O1 
UNRESOLVED: objc/execute/bf-9.m execution,  -O1 
FAIL: objc/execute/bf-9.m compilation,  -O2 
UNRESOLVED: objc/execute/bf-9.m execution,  -O2 
FAIL: objc/execute/bf-9.m compilation,  -O3 -fomit-frame-pointer 
UNRESOLVED: objc/execute/bf-9.m execution,  -O3 -fomit-frame-pointer 
FAIL: objc/execute/bf-9.m compilation,  -O3 -g 
UNRESOLVED: objc/execute/bf-9.m execution,  -O3 -g 
FAIL: objc/execute/bf-9.m compilation,  -Os 
UNRESOLVED: objc/execute/bf-9.m execution,  -Os 
FAIL: objc/execute/bycopy-3.m compilation,  -O0 
UNRESOLVED: objc/execute/bycopy-3.m execution,  -O0 
FAIL: objc/execute/bycopy-3.m compilation,  -O1 
UNRESOLVED: objc/execute/bycopy-3.m execution,  -O1 
FAIL: objc/execute/bycopy-3.m compilation,  -O2 
UNRESOLVED: objc/execute/bycopy-3.m execution,  -O2 
FAIL: objc/execute/bycopy-3.m compilation,  -O3 -fomit-frame-pointer 
UNRESOLVED: objc/execute/bycopy-3.m execution,  -O3 -fomit-frame-pointer 
FAIL: objc/execute/bycopy-3.m compilation,  -O3 -g 
UNRESOLVED: objc/execute/bycopy-3.m execution,  -O3 -g 
FAIL: objc/execute/bycopy-3.m compilation,  -Os 
UNRESOLVED: objc/execute/bycopy-3.m execution,  -Os 
FAIL: objc/execute/class-1.m compilation,  -O0 
UNRESOLVED: objc/execute/class-1.m execution,  -O0 
FAIL: objc/execute/class-1.m compilation,  -O1 
UNRESOLVED: objc/execute/class-1.m execution,  -O1 
FAIL: objc/execute/class-1.m compilation,  -O2 
UNRESOLVED: objc/execute/class-1.m execution,  -O2 
FAIL: objc/execute/class-1.m compilation,  -O3 -fomit-frame-pointer 
UNRESOLVED: objc/execute/class-1.m execution,  -O3 -fomit-frame-pointer 
FAIL: objc/execute/class-1.m compilation,  -O3 -g 
UNRESOLVED: objc/execute/class-1.m execution,  -O3 -g 
FAIL: objc/execute/class-1.m compilation,  -Os 
UNRESOLVED: objc/execute/class-1.m execution,  -Os 
FAIL: objc/execute/class-10.m compilation,  -O0 
UNRESOLVED: objc/execute/class-10.m execution,  -O0 
FAIL: objc/execute/class-10.m compilation,  -O1 
UNRESOLVED: objc/execute/class-10.m execution,  -O1 
FAIL: objc/execute/class-10.m compilation,  -O2 
UNRESOLVED: objc/execute/class-10.m execution,  -O2 
FAIL: objc/execute/class-10.m compilation,  -O3 -fomit-frame-pointer 
UNRESOLVED: objc/execute/class-10.m execution,  -O3 -fomit-frame-pointer 
FAIL: objc/execute/class-10.m compilation,  -O3 -g 
UNRESOLVED: objc/execute/class-10.m execution,  -O3 -g 
FAIL: objc/execute/class-10.m compilation,  -Os 
UNRESOLVED: objc/execute/class-10.m execution,  -Os 
FAIL: objc/execute/class-11.m compilation,  -O0 
UNRESOLVED: objc/execute/class-11.m execution,  -O0 
FAIL: objc/execute/class-11.m compilation,  -O1 
UNRESOLVED: objc/execute/class-11.m execution,  -O1 
FAIL: objc/execute/class-11.m compilation,  -O2 
UNRESOLVED: objc/execute/class-11.m execution,  -O2 
FAIL: objc/execute/class-11.m compilation,  -O3 -fomit-frame-pointer 
UNRESOLVED: objc/execute/class-11.m execution,  -O3 -fomit-frame-pointer 
FAIL: objc/execute/class-11.m compilation,  -O3 -g 
UNRESOLVED: objc/execute/class-11.m execution,  -O3 -g 
FAIL: objc/execute/class-11.m compilation,  -Os 
UNRESOLVED: objc/execute/class-11.m execution,  -Os 
FAIL: objc/execute/class-12.m compilation,  -O0 
UNRESOLVED: objc/execute/class-12.m execution,  -O0 
FAIL: objc/execute/class-12.m compilation,  -O1 
UNRESOLVED: objc/execute/class-12.m execution,  -O1 
FAIL: objc/execute/class-12.m compilation,  -O2 
UNRESOLVED: objc/execute/class-12.m execution,  -O2 
FAIL: objc/execute/class-12.m compilation,  -O3 -fomit-frame-pointer 
UNRESOLVED: objc/execute/class-12.m execution,  -O3 -fomit-frame-pointer 
FAIL: objc/execute/class-12.m compilation,  -O3 -g 
UNRESOLVED: objc/execute/class-12.m execution,  -O3 -g 
FAIL: objc/execute/class-12.m compilation,  -Os 
UNRESOLVED: objc/execute/class-12.m execution,  -Os 
FAIL: objc/execute/class-13.m compilation,  -O0 
UNRESOLVED: objc/execute/class-13.m execution,  -O0 
FAIL: objc/execute/class-13.m compilation,  -O1 
UNRESOLVED: objc/execute/class-13.m execution,  -O1 
FAIL: objc/execute/class-13.m compilation,  -O2 
UNRESOLVED: objc/execute/class-13.m execution,  -O2 
FAIL: objc/execute/class-13.m compilation,  -O3 -fomit-frame-pointer 
UNRESOLVED: objc/execute/class-13.m execution,  -O3 -fomit-frame-pointer 
FAIL: objc/execute/class-13.m compilation,  -O3 -g 
UNRESOLVED: objc/execute/class-13.m execution,  -O3 -g 
FAIL: objc/execute/class-13.m compilation,  -Os 
UNRESOLVED: objc/execute/class-13.m execution,  -Os 
FAIL: objc/execute/class-14.m compilation,  -O0 
UNRESOLVED: objc/execute/class-14.m execution,  -O0 
FAIL: objc/execute/class-14.m compilation,  -O1 
UNRESOLVED: objc/execute/class-14.m execution,  -O1 
FAIL: objc/execute/class-14.m compilation,  -O2 
UNRESOLVED: objc/execute/class-14.m execution,  -O2 
FAIL: objc/execute/class-14.m compilation,  -O3 -fomit-frame-pointer 
UNRESOLVED: objc/execute/class-14.m execution,  -O3 -fomit-frame-pointer 
FAIL: objc/execute/class-14.m compilation,  -O3 -g 
UNRESOLVED: objc/execute/class-14.m execution,  -O3 -g 
FAIL: objc/execute/class-14.m compilation,  -Os 
UNRESOLVED: objc/execute/class-14.m execution,  -Os 
FAIL: objc/execute/class-2.m compilation,  -O0 
UNRESOLVED: objc/execute/class-2.m execution,  -O0 
FAIL: objc/execute/class-2.m compilation,  -O1 
UNRESOLVED: objc/execute/class-2.m execution,  -O1 
FAIL: objc/execute/class-2.m compilation,  -O2 
UNRESOLVED: objc/execute/class-2.m execution,  -O2 
FAIL: objc/execute/class-2.m compilation,  -O3 -fomit-frame-pointer 
UNRESOLVED: objc/execute/class-2.m execution,  -O3 -fomit-frame-pointer 
FAIL: objc/execute/class-2.m compilation,  -O3 -g 
UNRESOLVED: objc/execute/class-2.m execution,  -O3 -g 
FAIL: objc/execute/class-2.m compilation,  -Os 
UNRESOLVED: objc/execute/class-2.m execution,  -Os 
FAIL: objc/execute/class-3.m compilation,  -O0 
UNRESOLVED: objc/execute/class-3.m execution,  -O0 
FAIL: objc/execute/class-3.m compilation,  -O1 
UNRESOLVED: objc/execute/class-3.m execution,  -O1 
FAIL: objc/execute/class-3.m compilation,  -O2 
UNRESOLVED: objc/execute/class-3.m execution,  -O2 
FAIL: objc/execute/class-3.m compilation,  -O3 -fomit-frame-pointer 
UNRESOLVED: objc/execute/class-3.m execution,  -O3 -fomit-frame-pointer 
FAIL: objc/execute/class-3.m compilation,  -O3 -g 
UNRESOLVED: objc/execute/class-3.m execution,  -O3 -g 
FAIL: objc/execute/class-3.m compilation,  -Os 
UNRESOLVED: objc/execute/class-3.m execution,  -Os 
FAIL: objc/execute/class-4.m compilation,  -O0 
UNRESOLVED: objc/execute/class-4.m execution,  -O0 
FAIL: objc/execute/class-4.m compilation,  -O1 
UNRESOLVED: objc/execute/class-4.m execution,  -O1 
FAIL: objc/execute/class-4.m compilation,  -O2 
UNRESOLVED: objc/execute/class-4.m execution,  -O2 
FAIL: objc/execute/class-4.m compilation,  -O3 -fomit-frame-pointer 
UNRESOLVED: objc/execute/class-4.m execution,  -O3 -fomit-frame-pointer 
FAIL: objc/execute/class-4.m compilation,  -O3 -g 
UNRESOLVED: objc/execute/class-4.m execution,  -O3 -g 
FAIL: objc/execute/class-4.m compilation,  -Os 
UNRESOLVED: objc/execute/class-4.m execution,  -Os 
FAIL: objc/execute/class-5.m compilation,  -O0 
UNRESOLVED: objc/execute/class-5.m execution,  -O0 
FAIL: objc/execute/class-5.m compilation,  -O1 
UNRESOLVED: objc/execute/class-5.m execution,  -O1 
FAIL: objc/execute/class-5.m compilation,  -O2 
UNRESOLVED: objc/execute/class-5.m execution,  -O2 
FAIL: objc/execute/class-5.m compilation,  -O3 -fomit-frame-pointer 
UNRESOLVED: objc/execute/class-5.m execution,  -O3 -fomit-frame-pointer 
FAIL: objc/execute/class-5.m compilation,  -O3 -g 
UNRESOLVED: objc/execute/class-5.m execution,  -O3 -g 
FAIL: objc/execute/class-5.m compilation,  -Os 
UNRESOLVED: objc/execute/class-5.m execution,  -Os 
FAIL: objc/execute/class-6.m compilation,  -O0 
UNRESOLVED: objc/execute/class-6.m execution,  -O0 
FAIL: objc/execute/class-6.m compilation,  -O1 
UNRESOLVED: objc/execute/class-6.m execution,  -O1 
FAIL: objc/execute/class-6.m compilation,  -O2 
UNRESOLVED: objc/execute/class-6.m execution,  -O2 
FAIL: objc/execute/class-6.m compilation,  -O3 -fomit-frame-pointer 
UNRESOLVED: objc/execute/class-6.m execution,  -O3 -fomit-frame-pointer 
FAIL: objc/execute/class-6.m compilation,  -O3 -g 
UNRESOLVED: objc/execute/class-6.m execution,  -O3 -g 
FAIL: objc/execute/class-6.m compilation,  -Os 
UNRESOLVED: objc/execute/class-6.m execution,  -Os 
FAIL: objc/execute/class-7.m compilation,  -O0 
UNRESOLVED: objc/execute/class-7.m execution,  -O0 
FAIL: objc/execute/class-7.m compilation,  -O1 
UNRESOLVED: objc/execute/class-7.m execution,  -O1 
FAIL: objc/execute/class-7.m compilation,  -O2 
UNRESOLVED: objc/execute/class-7.m execution,  -O2 
FAIL: objc/execute/class-7.m compilation,  -O3 -fomit-frame-pointer 
UNRESOLVED: objc/execute/class-7.m execution,  -O3 -fomit-frame-pointer 
FAIL: objc/execute/class-7.m compilation,  -O3 -g 
UNRESOLVED: objc/execute/class-7.m execution,  -O3 -g 
FAIL: objc/execute/class-7.m compilation,  -Os 
UNRESOLVED: objc/execute/class-7.m execution,  -Os 
FAIL: objc/execute/class-8.m compilation,  -O0 
UNRESOLVED: objc/execute/class-8.m execution,  -O0 
FAIL: objc/execute/class-8.m compilation,  -O1 
UNRESOLVED: objc/execute/class-8.m execution,  -O1 
FAIL: objc/execute/class-8.m compilation,  -O2 
UNRESOLVED: objc/execute/class-8.m execution,  -O2 
FAIL: objc/execute/class-8.m compilation,  -O3 -fomit-frame-pointer 
UNRESOLVED: objc/execute/class-8.m execution,  -O3 -fomit-frame-pointer 
FAIL: objc/execute/class-8.m compilation,  -O3 -g 
UNRESOLVED: objc/execute/class-8.m execution,  -O3 -g 
FAIL: objc/execute/class-8.m compilation,  -Os 
UNRESOLVED: objc/execute/class-8.m execution,  -Os 
FAIL: objc/execute/class-9.m compilation,  -O0 
UNRESOLVED: objc/execute/class-9.m execution,  -O0 
FAIL: objc/execute/class-9.m compilation,  -O1 
UNRESOLVED: objc/execute/class-9.m execution,  -O1 
FAIL: objc/execute/class-9.m compilation,  -O2 
UNRESOLVED: objc/execute/class-9.m execution,  -O2 
FAIL: objc/execute/class-9.m compilation,  -O3 -fomit-frame-pointer 
UNRESOLVED: objc/execute/class-9.m execution,  -O3 -fomit-frame-pointer 
FAIL: objc/execute/class-9.m compilation,  -O3 -g 
UNRESOLVED: objc/execute/class-9.m execution,  -O3 -g 
FAIL: objc/execute/class-9.m compilation,  -Os 
UNRESOLVED: objc/execute/class-9.m execution,  -Os 
FAIL: objc/execute/class_self-1.m execution,  -O0 
FAIL: objc/execute/class_self-1.m execution,  -O1 
FAIL: objc/execute/class_self-1.m execution,  -O2 
FAIL: objc/execute/class_self-1.m execution,  -O3 -fomit-frame-pointer 
FAIL: objc/execute/class_self-1.m execution,  -O3 -g 
FAIL: objc/execute/class_self-1.m execution,  -Os 
FAIL: objc/execute/class_self-2.m execution,  -O0 
FAIL: objc/execute/class_self-2.m execution,  -O1 
FAIL: objc/execute/class_self-2.m execution,  -O2 
FAIL: objc/execute/class_self-2.m execution,  -O3 -fomit-frame-pointer 
FAIL: objc/execute/class_self-2.m execution,  -O3 -g 
FAIL: objc/execute/class_self-2.m execution,  -Os 
FAIL: objc/execute/many_args_method.m execution,  -O0 
FAIL: objc/execute/many_args_method.m execution,  -O1 
FAIL: objc/execute/many_args_method.m execution,  -O2 
FAIL: objc/execute/many_args_method.m execution,  -O3 -fomit-frame-pointer 
FAIL: objc/execute/many_args_method.m execution,  -O3 -g 
FAIL: objc/execute/many_args_method.m execution,  -Os 
FAIL: objc/execute/nested-3.m execution,  -O0 
FAIL: objc/execute/nested-3.m execution,  -O1 
FAIL: objc/execute/nested-3.m execution,  -O2 
FAIL: objc/execute/nested-3.m execution,  -O3 -fomit-frame-pointer 
FAIL: objc/execute/nested-3.m execution,  -O3 -g 
FAIL: objc/execute/nested-3.m execution,  -Os 
FAIL: objc/execute/np-2.m execution,  -O0 
FAIL: objc/execute/np-2.m execution,  -O1 
FAIL: objc/execute/np-2.m execution,  -O2 
FAIL: objc/execute/np-2.m execution,  -O3 -fomit-frame-pointer 
FAIL: objc/execute/np-2.m execution,  -O3 -g 
FAIL: objc/execute/np-2.m execution,  -Os 
FAIL: objc/execute/redefining_self.m execution,  -O0 
FAIL: objc/execute/redefining_self.m execution,  -O1 
FAIL: objc/execute/redefining_self.m execution,  -O2 
FAIL: objc/execute/redefining_self.m execution,  -O3 -fomit-frame-pointer 
FAIL: objc/execute/redefining_self.m execution,  -O3 -g 
FAIL: objc/execute/redefining_self.m execution,  -Os 
FAIL: objc/execute/root_methods.m compilation,  -O0 
UNRESOLVED: objc/execute/root_methods.m execution,  -O0 
FAIL: objc/execute/root_methods.m compilation,  -O1 
UNRESOLVED: objc/execute/root_methods.m execution,  -O1 
FAIL: objc/execute/root_methods.m compilation,  -O2 
UNRESOLVED: objc/execute/root_methods.m execution,  -O2 
FAIL: objc/execute/root_methods.m compilation,  -O3 -fomit-frame-pointer 
UNRESOLVED: objc/execute/root_methods.m execution,  -O3 -fomit-frame-pointer 
FAIL: objc/execute/root_methods.m compilation,  -O3 -g 
UNRESOLVED: objc/execute/root_methods.m execution,  -O3 -g 
FAIL: objc/execute/root_methods.m compilation,  -Os 
UNRESOLVED: objc/execute/root_methods.m execution,  -Os 
FAIL: objc/execute/static-1.m execution,  -O0 
FAIL: objc/execute/static-1.m execution,  -O1 
FAIL: objc/execute/static-1.m execution,  -O2 
FAIL: objc/execute/static-1.m execution,  -O3 -fomit-frame-pointer 
FAIL: objc/execute/static-1.m execution,  -O3 -g 
FAIL: objc/execute/static-1.m execution,  -Os 
FAIL: objc/execute/static-2.m execution,  -O0 
FAIL: objc/execute/static-2.m execution,  -O1 
FAIL: objc/execute/static-2.m execution,  -O2 
FAIL: objc/execute/static-2.m execution,  -O3 -fomit-frame-pointer 
FAIL: objc/execute/static-2.m execution,  -O3 -g 
FAIL: objc/execute/static-2.m execution,  -Os 
FAIL: objc/execute/string1.m compilation,  -O0 
UNRESOLVED: objc/execute/string1.m execution,  -O0 
FAIL: objc/execute/string1.m compilation,  -O1 
UNRESOLVED: objc/execute/string1.m execution,  -O1 
FAIL: objc/execute/string1.m compilation,  -O2 
UNRESOLVED: objc/execute/string1.m execution,  -O2 
FAIL: objc/execute/string1.m compilation,  -O3 -fomit-frame-pointer 
UNRESOLVED: objc/execute/string1.m execution,  -O3 -fomit-frame-pointer 
FAIL: objc/execute/string1.m compilation,  -O3 -g 
UNRESOLVED: objc/execute/string1.m execution,  -O3 -g 
FAIL: objc/execute/string1.m compilation,  -Os 
UNRESOLVED: objc/execute/string1.m execution,  -Os 
FAIL: objc/execute/string2.m compilation,  -O0 
UNRESOLVED: objc/execute/string2.m execution,  -O0 
FAIL: objc/execute/string2.m compilation,  -O1 
UNRESOLVED: objc/execute/string2.m execution,  -O1 
FAIL: objc/execute/string2.m compilation,  -O2 
UNRESOLVED: objc/execute/string2.m execution,  -O2 
FAIL: objc/execute/string2.m compilation,  -O3 -fomit-frame-pointer 
UNRESOLVED: objc/execute/string2.m execution,  -O3 -fomit-frame-pointer 
FAIL: objc/execute/string2.m compilation,  -O3 -g 
UNRESOLVED: objc/execute/string2.m execution,  -O3 -g 
FAIL: objc/execute/string2.m compilation,  -Os 
UNRESOLVED: objc/execute/string2.m execution,  -Os 
FAIL: objc/execute/string3.m compilation,  -O0 
UNRESOLVED: objc/execute/string3.m execution,  -O0 
FAIL: objc/execute/string3.m compilation,  -O1 
UNRESOLVED: objc/execute/string3.m execution,  -O1 
FAIL: objc/execute/string3.m compilation,  -O2 
UNRESOLVED: objc/execute/string3.m execution,  -O2 
FAIL: objc/execute/string3.m compilation,  -O3 -fomit-frame-pointer 
UNRESOLVED: objc/execute/string3.m execution,  -O3 -fomit-frame-pointer 
FAIL: objc/execute/string3.m compilation,  -O3 -g 
UNRESOLVED: objc/execute/string3.m execution,  -O3 -g 
FAIL: objc/execute/string3.m compilation,  -Os 
UNRESOLVED: objc/execute/string3.m execution,  -Os 
FAIL: objc/execute/string4.m compilation,  -O0 
UNRESOLVED: objc/execute/string4.m execution,  -O0 
FAIL: objc/execute/string4.m compilation,  -O1 
UNRESOLVED: objc/execute/string4.m execution,  -O1 
FAIL: objc/execute/string4.m compilation,  -O2 
UNRESOLVED: objc/execute/string4.m execution,  -O2 
FAIL: objc/execute/string4.m compilation,  -O3 -fomit-frame-pointer 
UNRESOLVED: objc/execute/string4.m execution,  -O3 -fomit-frame-pointer 
FAIL: objc/execute/string4.m compilation,  -O3 -g 
UNRESOLVED: objc/execute/string4.m execution,  -O3 -g 
FAIL: objc/execute/string4.m compilation,  -Os 
UNRESOLVED: objc/execute/string4.m execution,  -Os 
FAIL: objc/execute/va_method.m execution,  -O0 
FAIL: objc/execute/va_method.m execution,  -O1 
FAIL: objc/execute/va_method.m execution,  -O2 
FAIL: objc/execute/va_method.m execution,  -O3 -fomit-frame-pointer 
FAIL: objc/execute/va_method.m execution,  -O3 -fomit-frame-pointer -funroll-loops 
FAIL: objc/execute/va_method.m execution,  -O3 -fomit-frame-pointer -funroll-all-loops -finline-functions 
FAIL: objc/execute/va_method.m execution,  -O3 -g 
FAIL: objc/execute/va_method.m execution,  -Os 
FAIL: objc.dg/special/unclaimed-category-1.m (test for excess errors)
WARNING: objc.dg/special/unclaimed-category-1.m compilation failed to produce executable

		=== objc Summary ===

# of expected passes		579
# of unexpected failures	315
# of unresolved testcases	258
/Users/regress/tbox/native/build/gcc/xgcc version 3.3.2 20030814 (experimental)

		=== libstdc++-v3 tests ===


Running target unix
FAIL: 26_numerics/c99_classification_macros_c.cc (test for excess errors)
FAIL: 27_io/filebuf_members.cc execution test
FAIL: ext/concept_checks.cc (test for excess errors)
WARNING: ext/concept_checks.cc compilation failed to produce executable

		=== libstdc++-v3 Summary ===

# of expected passes		426
# of unexpected failures	3
# of expected failures		17

Compiler version: 3.3.2 20030814 (experimental) 
Platform: powerpc-apple-darwin6.3
configure flags: --host=powerpc-apple-darwin6.3 --prefix=/Users/regress/tbox/objs --target=powerpc-apple-darwin6.3


Index Nav: [Date Index] [Subject Index] [Author Index] [Thread Index]
Message Nav: [Date Prev] [Date Next] [Thread Prev] [Thread Next]