This is the mail archive of the gcc-testresults@gcc.gnu.org mailing list for the GCC project.


Index Nav: [Date Index] [Subject Index] [Author Index] [Thread Index]
Message Nav: [Date Prev] [Date Next] [Thread Prev] [Thread Next]
Other format: [Raw text]

Results for 3.3.1 testsuite on i686-pc-linux-gnu


LAST_UPDATED: 
Native configuration is i686-pc-linux-gnu

		=== g++ tests ===


Running target unix
FAIL: g++.dg/expr/anew1.C execution test
FAIL: g++.dg/expr/anew2.C execution test
FAIL: g++.dg/expr/anew3.C execution test
FAIL: g++.dg/tls/init-2.C (test for excess errors)
FAIL: g++.eh/spec6.C ANSI C++ forbids (test for errors, line 137)
FAIL: g++.eh/spec6.C (test for excess errors)

		=== g++ Summary ===

# of expected passes		8104
# of unexpected failures	6
# of expected failures		95
# of untested testcases		9
# of unsupported tests		14
/free/build_shop/build-gcc-3.3.1-i686-pc-linux-gnu/gcc/testsuite/../g++ version 3.3.1

		=== g77 tests ===


Running target unix

		=== g77 Summary ===

# of expected passes		1702
/free/build_shop/build-gcc-3.3.1-i686-pc-linux-gnu/gcc/testsuite/../g77 version 3.3.1

		=== gcc tests ===


Running target unix
FAIL: gcc.dg/duff-2.c (test for excess errors)
FAIL: gcc.dg/uninit-C.c (test for excess errors)

		=== gcc Summary ===

# of expected passes		21136
# of unexpected failures	2
# of expected failures		69
# of unsupported tests		85
/free/build_shop/build-gcc-3.3.1-i686-pc-linux-gnu/gcc/xgcc version 3.3.1

		=== objc tests ===


Running target unix

		=== objc Summary ===

# of expected passes		1153
/free/build_shop/build-gcc-3.3.1-i686-pc-linux-gnu/gcc/xgcc version 3.3.1

		=== libstdc++-v3 tests ===


Running target unix
XPASS: 22_locale/ctype_is_wchar_t.cc execution test

		=== libstdc++-v3 Summary ===

# of expected passes		453
# of unexpected successes	1
# of expected failures		27

Compiler version: 3.3.1 
Platform: i686-pc-linux-gnu
configure flags: --host=i686-pc-linux-gnu --prefix=/export/shop/stow/gcc-3.3.1/i686-pc-linux-gnu --infodir=/export/shop/stow/gcc-3.3.1/info --mandir=/export/shop/stow/gcc-3.3.1/man --datadir=/export/shop/stow/gcc-3.3.1/share --enable-threads=posix --enable-long-long --enable-namespaces --enable-multilib --with-as=/export/shop/stow/binutils-2.14/i686-pc-linux-gnu/bin/as --with-ld=/export/shop/stow/binutils-2.14/i686-pc-linux-gnu/bin/ld --enable-nls --with-included-gettext


Index Nav: [Date Index] [Subject Index] [Author Index] [Thread Index]
Message Nav: [Date Prev] [Date Next] [Thread Prev] [Thread Next]