This is the mail archive of the gcc-testresults@gcc.gnu.org mailing list for the GCC project.


Index Nav: [Date Index] [Subject Index] [Author Index] [Thread Index]
Message Nav: [Date Prev] [Date Next] [Thread Prev] [Thread Next]
Other format: [Raw text]

Results for 3.4 20030808 (experimental) testsuite on hppa64-hp-hpux11.11


LAST_UPDATED: Fri Aug  8 20:43:40 UTC 2003

Native configuration is hppa64-hp-hpux11.11

		=== g++ tests ===


Running target unix
WARNING: program timed out.
FAIL: g++.dg/eh/cleanup1.C (test for excess errors)
FAIL: g++.dg/ext/pretty1.C scan-assembler top level
FAIL: g++.dg/ext/pretty2.C (test for excess errors)
WARNING: g++.dg/ext/pretty2.C compilation failed to produce executable
FAIL: g++.dg/init/array10.C (test for excess errors)
XPASS: g++.dg/init/init-ref4.C execution test
FAIL: g++.dg/opt/inline4.C scan-assembler-not _Z1g
FAIL: g++.dg/opt/template1.C scan-assembler-not foo1
WARNING: g++.old-deja/g++.mike/p10769a.C compilation failed to produce executable
WARNING: g++.old-deja/g++.other/enum5.C compilation failed to produce executable
FAIL: g++.old-deja/g++.pt/const2.C (test for excess errors)
WARNING: g++.old-deja/g++.pt/friend44.C compilation failed to produce executable
XPASS: g++.old-deja/g++.pt/static3.C execution test

		=== g++ Summary ===

# of expected passes		8501
# of unexpected failures	7
# of unexpected successes	2
# of expected failures		67
# of unsupported tests		58
/xxx/gnu/gcc-3.3/objdir/gcc/testsuite/../g++ version 3.4 20030808 (experimental)

		=== g77 tests ===


Running target unix
FAIL: g77.f-torture/execute/980520-1.f compilation,  -O0 

		=== g77 Summary ===

# of expected passes		1746
# of unexpected failures	1
# of untested testcases		1
# of unsupported tests		6
/xxx/gnu/gcc-3.3/objdir/gcc/testsuite/../g77 version 3.4 20030808 (experimental)

		=== gcc tests ===


Running target unix
FAIL: gcc.c-torture/compile/20011119-2.c (test for excess errors)
FAIL: gcc.c-torture/compile/20011119-2.c (test for excess errors)
FAIL: gcc.c-torture/execute/950621-1.c execution,  -O3 -fomit-frame-pointer 
FAIL: gcc.c-torture/execute/950621-1.c execution,  -O3 -g 
UNRESOLVED: gcc.c-torture/execute/wchar_t-1.c execution,  -O0 
UNRESOLVED: gcc.c-torture/execute/wchar_t-1.c execution,  -O1 
UNRESOLVED: gcc.c-torture/execute/wchar_t-1.c execution,  -O2 
UNRESOLVED: gcc.c-torture/execute/wchar_t-1.c execution,  -O3 -fomit-frame-pointer 
UNRESOLVED: gcc.c-torture/execute/wchar_t-1.c execution,  -O3 -g 
UNRESOLVED: gcc.c-torture/execute/wchar_t-1.c execution,  -Os 
FAIL: gcc.dg/compat/vector-1 c_compat_x_tst.o compile
FAIL: gcc.dg/compat/vector-1 c_compat_y_tst.o compile
UNRESOLVED: gcc.dg/compat/vector-1 c_compat_x_tst.o-c_compat_y_tst.o link 
UNRESOLVED: gcc.dg/compat/vector-1 c_compat_x_tst.o-c_compat_y_tst.o execute 
FAIL: gcc.dg/compat/vector-2 c_compat_x_tst.o compile
FAIL: gcc.dg/compat/vector-2 c_compat_y_tst.o compile
UNRESOLVED: gcc.dg/compat/vector-2 c_compat_x_tst.o-c_compat_y_tst.o link 
UNRESOLVED: gcc.dg/compat/vector-2 c_compat_x_tst.o-c_compat_y_tst.o execute 
FAIL: gcc.dg/debug/debug-1.c scan-assembler xyzzy
FAIL: gcc.dg/debug/debug-1.c scan-assembler xyzzy
FAIL: gcc.dg/debug/debug-2.c scan-assembler xyzzy
FAIL: gcc.dg/debug/debug-2.c scan-assembler xyzzy
FAIL: gcc.dg/builtins-1.c scan-assembler-not __builtin_
FAIL: gcc.dg/builtins-18.c (test for excess errors)
FAIL: gcc.dg/builtins-20.c (test for excess errors)
FAIL: gcc.dg/funcorder.c scan-assembler-not link_error,%r
FAIL: gcc.dg/sibcall-1.c execution test
FAIL: gcc.dg/sibcall-2.c execution test
FAIL: gcc.dg/sibcall-3.c execution test
FAIL: gcc.dg/sibcall-4.c execution test

		=== gcc Summary ===

# of expected passes		22665
# of unexpected failures	20
# of expected failures		85
# of unresolved testcases	10
# of unsupported tests		264
/xxx/gnu/gcc-3.3/objdir/gcc/xgcc version 3.4 20030808 (experimental)

		=== objc tests ===


Running target unix

		=== objc Summary ===

# of expected passes		1156
/xxx/gnu/gcc-3.3/objdir/gcc/xgcc version 3.4 20030808 (experimental)

		=== libstdc++ tests ===


Running target unix
FAIL: 26_numerics/c99_classification_macros_c++.cc (test for excess errors)
FAIL: 26_numerics/c99_classification_macros_c.cc (test for excess errors)

		=== libstdc++ Summary ===

# of expected passes		1588
# of unexpected failures	2
# of unsupported tests		7

Compiler version: 3.4 20030808 (experimental) 
Platform: hppa64-hp-hpux11.11
configure flags: --with-gnu-as --with-as=/opt/gnu64/bin/as --with-ld=/usr/ccs/bin/ld --enable-shared --disable-nls --with-local-prefix=/opt/gnu64 --prefix=/opt/gnu64 --host=hppa64-hp-hpux11.11


Index Nav: [Date Index] [Subject Index] [Author Index] [Thread Index]
Message Nav: [Date Prev] [Date Next] [Thread Prev] [Thread Next]