This is the mail archive of the
gcc-testresults@gcc.gnu.org
mailing list for the GCC project.
Results for 3.3.1 testsuite on hppa2.0w-hp-hpux11.00
- From: Joe Buck <jbuck at haphazrd dot synopsys dot com>
- To: gcc-testresults at gcc dot gnu dot org
- Date: Fri, 8 Aug 2003 17:54:20 -0700 (PDT)
- Subject: Results for 3.3.1 testsuite on hppa2.0w-hp-hpux11.00
LAST_UPDATED:
Native configuration is hppa2.0w-hp-hpux11.00
=== g++ tests ===
Running target unix
FAIL: g++.dg/compat/break/bitfield7 x_tst.o compile
UNRESOLVED: g++.dg/compat/break/bitfield7 x_tst.o-y_tst.o link
UNRESOLVED: g++.dg/compat/break/bitfield7 x_tst.o-y_tst.o execute
FAIL: g++.dg/opt/inline4.C scan-assembler-not _Z1g
FAIL: g++.ext/attrib5.C (test for excess errors)
XPASS: g++.pt/static3.C (test for excess errors)
XPASS: g++.pt/static3.C Execution test
XPASS: g++.pt/static6.C (test for excess errors)
=== g++ Summary ===
# of expected passes 7908
# of unexpected failures 3
# of unexpected successes 3
# of expected failures 97
# of unresolved testcases 2
# of untested testcases 23
# of unsupported tests 28
/var/tmp/gccbuild/gcc/testsuite/../g++ version 3.3.1
=== g77 tests ===
Running target unix
=== g77 Summary ===
# of expected passes 1686
# of unsupported tests 8
/var/tmp/gccbuild/gcc/testsuite/../g77 version 3.3.1
=== gcc tests ===
Running target unix
FAIL: gcc.dg/duff-2.c (test for excess errors)
FAIL: gcc.dg/uninit-C.c (test for excess errors)
UNRESOLVED: weak-1.c
UNRESOLVED: weak-2.c
UNRESOLVED: wkali-1.c
UNRESOLVED: wkali-2.c
UNRESOLVED: gcc.dg/weak
=== gcc Summary ===
# of expected passes 20594
# of unexpected failures 2
# of expected failures 67
# of unresolved testcases 5
# of unsupported tests 182
/var/tmp/gccbuild/gcc/xgcc version 3.3.1
=== objc tests ===
Running target unix
=== objc Summary ===
# of expected passes 1153
/var/tmp/gccbuild/gcc/xgcc version 3.3.1
=== libstdc++-v3 tests ===
Running target unix
FAIL: 26_numerics/c99_classification_macros_c.cc (test for excess errors)
=== libstdc++-v3 Summary ===
# of expected passes 417
# of unexpected failures 1
# of expected failures 17
# of unsupported tests 6
Compiler version: 3.3.1
Platform: hppa2.0w-hp-hpux11.00
configure flags: --host=hppa2.0w-hp-hpux11.00 --prefix=/u/jbuck/cvs.hp/3.3.1 --with-gnu-as --with-gnu-ld --with-as=/u/jbuck/gnu.hp/bin/as --with-ld=/u/jbuck/gnu.hp/bin/ld